000
CXUS54 KMAF 011210
CF6ATS
PRELIMINARY LOCAL CLIMATOLOGICAL DATA (WS FORM: F-6)
STATION: ARTESIA
MONTH: NOVEMBER
YEAR: 2021
LATITUDE: 32 54 N
LONGITUDE: 104 30 W
TEMPERATURE IN F: :PCPN: SNOW: WIND :SUNSHINE: SKY :PK WND
================================================================================
1 2 3 4 5 6A 6B 7 8 9 10 11 12 13 14 15 16 17 18
12Z AVG MX 2MIN
DY MAX MIN AVG DEP HDD CDD WTR SNW DPTH SPD SPD DIR MIN PSBL S-S WX SPD DR
================================================================================
1 70 39 55 M 10 0 0.00 M M 4.3 12 150 M M 0 18 130
2 55 43 49 M 16 0 0.01 M M 5.2 12 320 M M 7 18 M M
3 54 46 50 M 15 0 0.00 M M 4.3 8 10 M M 10 M M
4 63 36 50 M 15 0 0.00 M M 8.6 18 140 M M 2 12 20 170
5 75 34 55 M 10 0 0.00 M M 9.8 16 170 M M 1 12 M M
6 79 37 58 M 7 0 0.00 M M 6.6 15 160 M M 0 M M
7 82 39 61 M 4 0 0.00 M M 7.8 15 150 M M 0 13 150
8 82 45 64 M 1 0 0.00 M M 6.4 20 240 M M 1 22 240
9 77 45 61 M 4 0 0.00 M M 5.6 13 10 M M 0 8 12 310
10 77 46 62 M 3 0 0.00 M M 12.3 28 320 M M 0 8 39 320
11 68 39 54 M 11 0 0.00 M M 6.1 13 30 M M 0 8 14 360
12 59 34 47 M 18 0 0.00 M M 7.4 21 30 M M 0 29 30
13 77 30 54 M 11 0 0.00 M M 7.5 16 260 M M 0 16 140
14 73 39 56 M 9 0 0.00 M M 6.8 15 30 M M 0 17 30
15 84 37 61 M 4 0 0.00 M M 6.9 15 250 M M 0 20 250
16 84 45 65 M 0 0 0.00 M M 8.6 22 230 M M 0 28 210
17 66 39 53 M 12 0 0.00 M M 10.4 18 40 M M 0 24 40
18 52 28 40 M 25 0 0.00 M M 7.6 10 240 M M 0 16 150
19 72 30 51 M 14 0 0.00 M M 10.2 21 190 M M 0 28 150
20 81 37 59 M 6 0 0.00 M M 6.9 22 240 M M 0 26 99
21 57 37 47 M 18 0 0.00 M M 12.3 21 360 M M 0 29 360
22 66 28 47 M 18 0 0.00 M M 7.2 15 140 M M 0 17 140
23 73 34 54 M 11 0 0.00 M M 8.8 21 210 M M 0 23 210
24 70 52 61 M 4 0 0.00 M M 8.2 16 40 M M 4 21 230
25 52 36 44 M 21 0 0.00 M M 10.5 17 350 M M 4 26 350
26 63 30 47 M 18 0 0.00 M M 7.3 15 140 M M 0 17 160
27 61 41 51 M 14 0 0.00 M M 6.6 14 20 M M 2 18 350
28 63 34 49 M 16 0 0.00 M M 8.7 16 150 M M 0 18 150
29 73 30 52 M 13 0 0.00 M M 6.5 15 170 M M 0 20 150
30 73 34 54 M 11 0 0.00 M M 5.9 14 10 M M 0 20 10
================================================================================
SM 2081 1124 339 0 0.01 M 231.1 M 31
================================================================================
AV 69.4 37.5 7.7 FASTST M M 1 MAX(MPH)
MISC ----> 28 320 39 320
================================================================================
NOTES:
# LAST OF SEVERAL OCCURRENCES
COLUMN 17 PEAK WIND IN M.P.H.
PRELIMINARY LOCAL CLIMATOLOGICAL DATA (WS FORM: F-6) , PAGE 2
STATION: ARTESIA
MONTH: NOVEMBER
YEAR: 2021
LATITUDE: 32 54 N
LONGITUDE: 104 30 W
[TEMPERATURE DATA] [PRECIPITATION DATA] SYMBOLS USED IN COLUMN 16
AVERAGE MONTHLY: 53.4 TOTAL FOR MONTH: 0.01 1 = FOG OR MIST
DPTR FM NORMAL: 0.0 DPTR FM NORMAL: M 2 = FOG REDUCING VISIBILITY
HIGHEST: 84 ON 16,15 GRTST 24HR 0.01 ON 2- 2 TO 1/4 MILE OR LESS
LOWEST: 28 ON 22,18 3 = THUNDER
SNOW, ICE PELLETS, HAIL 4 = ICE PELLETS
TOTAL MONTH: M 5 = HAIL
GRTST 24HR M ON M 6 = FREEZING RAIN OR DRIZZLE
GRTST DEPTH: M ON M 7 = DUSTSTORM OR SANDSTORM:
VSBY 1/2 MILE OR LESS
8 = SMOKE OR HAZE
[NO. OF DAYS WITH] [WEATHER - DAYS WITH] 9 = BLOWING SNOW
X = TORNADO
MAX 32 OR BELOW: 0 0.01 INCH OR MORE: 1
MAX 90 OR ABOVE: 0 0.10 INCH OR MORE: 0
MIN 32 OR BELOW: 6 0.50 INCH OR MORE: 0
MIN 0 OR BELOW: 0 1.00 INCH OR MORE: 0
[HDD (BASE 65) ]
TOTAL THIS MO. 339 CLEAR (SCALE 0-3) 26
DPTR FM NORMAL M PTCLDY (SCALE 4-7) 3
TOTAL FM JUL 1 416 CLOUDY (SCALE 8-10) 1
DPTR FM NORMAL M
[CDD (BASE 65) ]
TOTAL THIS MO. 0
DPTR FM NORMAL M [PRESSURE DATA]
TOTAL FM JAN 1 2019 HIGHEST SLP M ON M
DPTR FM NORMAL M LOWEST SLP M ON M
[REMARKS]
#FINAL-11-21#