000
CXUS53 KGID 011306 RRA
CF6AUH
PRELIMINARY LOCAL CLIMATOLOGICAL DATA (WS FORM: F-6)
STATION: AURORA NE
MONTH: AUGUST
YEAR: 2022
LATITUDE: 40 54 N
LONGITUDE: 97 59 W
TEMPERATURE IN F: :PCPN: SNOW: WIND :SUNSHINE: SKY :PK WND
================================================================================
1 2 3 4 5 6A 6B 7 8 9 10 11 12 13 14 15 16 17 18
12Z AVG MX 2MIN
DY MAX MIN AVG DEP HDD CDD WTR SNW DPTH SPD SPD DIR MIN PSBL S-S WX SPD DR
================================================================================
1 93 68 81 M 0 16 0.00 M M 5.8 14 160 M M 0 16 180
2 93 71 82 M 0 17 0.00 M M 8.6 16 170 M M 0 21 180
3 89 69 79 M 0 14 0.00 M M 7.3 15 350 M M 1 3 22 190
4 86 63 75 M 0 10 0.00 M M 7.0 10 160 M M 0 M M
5 92 68 80 M 0 15 0.00 M M 9.9 15 150 M M 0 21 160
6 93 74 84 M 0 19 T M M 7.9 14 150 M M 1 1 18 50
7 80 65 73 M 0 8 0.06 M M 8.6 15 350 M M 8 13 21 350
8 78 60 69 M 0 4 0.00 M M 5.8 14 10 M M 4 24 10
9 86 56 71 M 0 6 0.00 M M 4.5 9 170 M M 0 M M
10 90 61 76 M 0 11 0.00 M M 6.1 10 150 M M 1 M M
11 90 67 79 M 0 14 0.00 M M 8.5 12 180 M M 1 16 180
12 93 61 77 M 0 12 0.00 M M 9.4 15 210 M M 0 21 170
13 87 64 76 M 0 11 0.00 M M 6.9 12 50 M M 2 17 50
14 86 65 76 M 0 11 0.00 M M 8.5 13 90 M M 1 1 17 100
15 73 63 68 M 0 3 0.01 M M 11.6 17 80 M M 9 24 80
16 68 60 64 M 1 0 0.06 M M 7.7 14 70 M M 9 1 18 60
17 81 57 69 M 0 4 0.00 M M 2.6 6 130 M M 4 1 M M
18 86 58 72 M 0 7 0.00 M M 6.4 12 230 M M 1 16 210
19 84 61 73 M 0 8 0.00 M M 4.0 10 350 M M 4 16 350
20 80 58 69 M 0 4 0.00 M M 5.4 10 320 M M 3 16 340
21 82 54 68 M 0 3 0.00 M M 2.5 6 110 M M 0 M M
22 85 56 71 M 0 6 0.00 M M 3.5 8 130 M M 0 1 9 160
23 89 60 75 M 0 10 0.00 M M 6.6 14 170 M M 0 16 190
24 90 62 76 M 0 11 0.00 M M 5.5 14 190 M M 0 17 190
25 84 65 75 M 0 10 T M M 6.0 9 80 M M 3 M M
26 90 64 77 M 0 12 0.00 M M 9.9 15 120 M M 0 18 150
27 78 67 73 M 0 8 0.13 M M 9.7 14 180 M M 4 23 160
28 93 67 80 M 0 15 0.00 M M 9.8 15 190 M M 2 23 190
29 85 62 74 M 0 9 0.00 M M 4.9 12 70 M M 0 3 M M
30 85 56 71 M 0 6 0.00 M M 3.2 8 320 M M 0 M M
31 94 57 76 M 0 11 0.00 M M 6.0 13 220 M M 0 23 350
================================================================================
SM 2663 1939 1 295 0.26 M 210.1 M 58
================================================================================
AV 85.9 62.5 6.8 FASTST M M 2 MAX(MPH)
MISC ----> 17 80 # M M
================================================================================
NOTES:
# LAST OF SEVERAL OCCURRENCES
COLUMN 17 PEAK WIND IN M.P.H.
PRELIMINARY LOCAL CLIMATOLOGICAL DATA (WS FORM: F-6) , PAGE 2
STATION: AURORA NE
MONTH: AUGUST
YEAR: 2022
LATITUDE: 40 54 N
LONGITUDE: 97 59 W
[TEMPERATURE DATA] [PRECIPITATION DATA] SYMBOLS USED IN COLUMN 16
AVERAGE MONTHLY: 74.2 TOTAL FOR MONTH: 0.26 1 = FOG OR MIST
DPTR FM NORMAL: M DPTR FM NORMAL: M 2 = FOG REDUCING VISIBILITY
HIGHEST: 94 ON 31 GRTST 24HR 0.13 ON 27-27 TO 1/4 MILE OR LESS
LOWEST: 54 ON 21 3 = THUNDER
SNOW, ICE PELLETS, HAIL 4 = ICE PELLETS
TOTAL MONTH: M 5 = HAIL
GRTST 24HR M ON M 6 = FREEZING RAIN OR DRIZZLE
GRTST DEPTH: M ON M 7 = DUSTSTORM OR SANDSTORM:
VSBY 1/2 MILE OR LESS
8 = SMOKE OR HAZE
[NO. OF DAYS WITH] [WEATHER - DAYS WITH] 9 = BLOWING SNOW
X = TORNADO
MAX 32 OR BELOW: 0 0.01 INCH OR MORE: 4
MAX 90 OR ABOVE: 11 0.10 INCH OR MORE: 1
MIN 32 OR BELOW: 0 0.50 INCH OR MORE: 0
MIN 0 OR BELOW: 0 1.00 INCH OR MORE: 0
[HDD (BASE 65) ]
TOTAL THIS MO. 1 CLEAR (SCALE 0-3) 24
DPTR FM NORMAL M PTCLDY (SCALE 4-7) 5
TOTAL FM JUL 1 1 CLOUDY (SCALE 8-10) 2
DPTR FM NORMAL M
[CDD (BASE 65) ]
TOTAL THIS MO. 295
DPTR FM NORMAL M [PRESSURE DATA]
TOTAL FM JAN 1 1057 HIGHEST SLP M ON M
DPTR FM NORMAL M LOWEST SLP M ON M
[REMARKS]
#FINAL-08-22#