445
CXUS53 KARX 011000
CF6AUM
PRELIMINARY LOCAL CLIMATOLOGICAL DATA (WS FORM: F-6)
STATION: AUSTIN MUNI MN
MONTH: FEBRUARY
YEAR: 2021
LATITUDE: 43 40 N
LONGITUDE: 92 56 W
TEMPERATURE IN F: :PCPN: SNOW: WIND :SUNSHINE: SKY :PK WND
================================================================================
1 2 3 4 5 6A 6B 7 8 9 10 11 12 13 14 15 16 17 18
12Z AVG MX 2MIN
DY MAX MIN AVG DEP HDD CDD WTR SNW DPTH SPD SPD DIR MIN PSBL S-S WX SPD DR
================================================================================
1 27 19 23 M 42 0 M M M 9.0 12 310 M M 10 1 16 320
2 21 18 20 M 45 0 M M M 3.4 10 120 M M 10 12 M M
3 34 18 26 M 39 0 M M M 9.4 20 180 M M 3 18 27 180
4 34 9 22 M 43 0 M M M 16.2 25 300 M M 8 18 33 300
5 9 3 6 M 59 0 0.00 0.0 M 16.2 21 290 M M 7 8 30 290
6 3 -11 -4 M 69 0 0.00 0.0 M 13.0 21 300 M M 1 8 27 300
7 -2 -17 -9 M 74 0 M M M 5.7 14 340 M M 3 16 320
8 1 -9 -4 M 69 0 M M M 3.5 8 330 M M 4 8 M M
9 9 -15 -3 M 68 0 0.00 0.0 M 4.3 13 260 M M 2 M M
10 9 -6 2 M 63 0 0.00 0.0 M 4.0 12 330 M M 4 17 330
11 -2 -8 -5 M 70 0 M M M 7.8 14 340 M M 5 21 340
12 -8 -11 -9 M 74 0 M M M 10.5 16 340 M M 1 22 340
13 -2 -11 -6 M 71 0 M M M 7.7 13 340 M M 5 8 17 340
14 -8 -18 -13 M 78 0 0.00 0.0 M 9.2 16 320 M M 0 18 320
15 -6 -20 -13 M 78 0 0.00 0.0 M 5.0 10 360 M M 0 18 360
16 9 -18 -4 M 69 0 0.00 0.0 M 1.3 6 340 M M 1 M M
17 9 -8 1 M 64 0 M M M 2.7 8 190 M M 9 M M
18 16 1 9 M 56 0 M M M 2.2 9 280 M M 9 M M
19 16 -4 6 M 59 0 T T M 3.4 8 340 M M 4 M M
20 21 -9 6 M 59 0 0.00 0.0 M 4.3 8 160 M M 1 1 M M
21 25 21 23 M 42 0 M M M 6.8 14 100 M M 7 1 M M
22 41 21 31 M 34 0 M M M 10.4 17 280 M M 5 12 24 280
23 41 30 36 M 29 0 0.00 0.0 M 7.8 16 280 M M 2 20 280
24 36 25 31 M 34 0 M M M 11.4 20 340 M M 3 1 28 310
25 32 14 23 M 42 0 0.00 0.0 M 4.9 10 220 M M 5 12 M M
26 37 21 29 M 36 0 0.00 0.0 M 10.1 18 190 M M 2 2 28 190
27 41 19 30 M 35 0 0.00 0.0 M 4.7 10 90 M M 3 1 M M
28 37 28 33 M 32 0 M M M 12.0 24 310 M M 9 12 35 310
================================================================================
SM 480 82 1533 0 T T 206.9 M 123
================================================================================
AV 17.1 2.9 7.4 FASTST M M 4 MAX(MPH)
MISC ----> 25 300 35 310
================================================================================
NOTES:
# LAST OF SEVERAL OCCURRENCES
COLUMN 17 PEAK WIND IN M.P.H.
PRELIMINARY LOCAL CLIMATOLOGICAL DATA (WS FORM: F-6) , PAGE 2
STATION: AUSTIN MUNI MN
MONTH: FEBRUARY
YEAR: 2021
LATITUDE: 43 40 N
LONGITUDE: 92 56 W
[TEMPERATURE DATA] [PRECIPITATION DATA] SYMBOLS USED IN COLUMN 16
AVERAGE MONTHLY: 10.0 TOTAL FOR MONTH: T 1 = FOG OR MIST
DPTR FM NORMAL: 0.0 DPTR FM NORMAL: -0.00 2 = FOG REDUCING VISIBILITY
HIGHEST: 41 ON 27,23 GRTST 24HR T ON 19-19 TO 1/4 MILE OR LESS
LOWEST: -20 ON 15 3 = THUNDER
SNOW, ICE PELLETS, HAIL 4 = ICE PELLETS
TOTAL MONTH: T 5 = HAIL
GRTST 24HR T ON 19-19 6 = FREEZING RAIN OR DRIZZLE
GRTST DEPTH: M ON M 7 = DUSTSTORM OR SANDSTORM:
VSBY 1/2 MILE OR LESS
8 = SMOKE OR HAZE
[NO. OF DAYS WITH] [WEATHER - DAYS WITH] 9 = BLOWING SNOW
X = TORNADO
MAX 32 OR BELOW: 20 0.01 INCH OR MORE: 0
MAX 90 OR ABOVE: 0 0.10 INCH OR MORE: 0
MIN 32 OR BELOW: 28 0.50 INCH OR MORE: 0
MIN 0 OR BELOW: 14 1.00 INCH OR MORE: 0
[HDD (BASE 65) ]
TOTAL THIS MO. 1533 CLEAR (SCALE 0-3) 13
DPTR FM NORMAL M PTCLDY (SCALE 4-7) 10
TOTAL FM JUL 1 5685 CLOUDY (SCALE 8-10) 5
DPTR FM NORMAL M
[CDD (BASE 65) ]
TOTAL THIS MO. 0
DPTR FM NORMAL M [PRESSURE DATA]
TOTAL FM JAN 1 0 HIGHEST SLP M ON M
DPTR FM NORMAL M LOWEST SLP M ON M
[REMARKS]
#FINAL-02-21#