000
CXUS53 KGRB 120024
CF6AUW
PRELIMINARY LOCAL CLIMATOLOGICAL DATA (WS FORM: F-6)
STATION: WAUSAU WI
MONTH: APRIL
YEAR: 2023
LATITUDE: 44 55 N
LONGITUDE: 89 37 W
TEMPERATURE IN F: :PCPN: SNOW: WIND :SUNSHINE: SKY :PK WND
================================================================================
1 2 3 4 5 6A 6B 7 8 9 10 11 12 13 14 15 16 17 18
12Z AVG MX 2MIN
DY MAX MIN AVG DEP HDD CDD WTR SNW DPTH SPD SPD DIR MIN PSBL S-S WX SPD DR
================================================================================
1 39 25 32 -5 33 0 0.58 3.0 4 9.2 23 330 M M 5 18 38 350
2 47 22 35 -2 30 0 T T 3 11.1 24 250 M M 3 36 150
3 50 34 42 4 23 0 0.00 0.0 1 6.8 17 270 M M 0 25 260
4 37 30 34 -4 31 0 0.55 0.0 0 13.9 26 70 M M 8 138 40 80
5 42 28 35 -3 30 0 0.03 0.0 0 15.1 29 230 M M 9 12 45 240
6 41 25 33 -6 32 0 0.00 0.0 0 15.9 30 240 M M 3 45 260
7 46 20 33 -6 32 0 0.14 T 0 6.7 17 150 M M 3 1 22 130
8 51 33 42 2 23 0 0.15 1.0 0 8.7 14 70 M M 4 1 18 60
9 68 31 50 10 15 0 0.00 0.0 0 7.7 20 180 M M 1 1 27 190
10 74 44 59 18 6 0 0.00 0.0 0 7.5 18 260 M M 1 8 29 260
11 77 42 60 19 5 0 0.00 0.0 0 6.5 18 210 M M 0 27 210
12 86 55 71 29 0 6 0.00 0.0 0 10.3 23 220 M M 0 35 210
13 83 58 71 29 0 6 0.00 0.0 0 7.3 20 180 M M 0 29 190
14 81 45 63 21 2 0 0.00 0.0 0 6.6 21 150 M M 0 30 150
15 83 49 66 23 0 1 0.49 0.0 0 8.3 26 160 M M 3 38 41 180
16 54 29 42 -1 23 0 0.93 3.1 3 11.1 18 310 M M 10 128 29 350
17 32 27 30 -14 35 0 0.15 2.8 5 15.1 25 300 M M 9 1 35 290
18 52 30 41 -3 24 0 0.00 0.0 0 10.1 18 300 M M 2 33 300
19 36 33 35 -10 30 0 0.31 1.0 0 11.8 32 70 M M 7 126 45 70
20 50 36 43 -2 22 0 0.40 0.0 0 11.9 25 250 M M 10 138 39 240
21 46 34 40 -6 25 0 0.03 0.1 T 11.1 23 190 M M 8 1 33 170
22 44 32 38 -8 27 0 0.06 T 0 8.5 21 310 M M 10 18 30 320
23 44 31 38 -8 27 0 0.00 0.0 0 8.1 16 280 M M 10 22 310
24 45 28 37 -10 28 0 T 0.0 0 3.6 14 310 M M 4 8 21 300
25 47 29 38 -9 27 0 0.00 0.0 0 5.7 13 320 M M 4 19 30
26 52 28 40 -8 25 0 0.00 0.0 0 5.3 12 150 M M 1 17 120
27 60 41 51 3 14 0 0.03 0.0 0 9.2 20 170 M M 8 29 160
28 69 47 58 9 7 0 0.00 0.0 0 7.3 16 130 M M 5 21 120
29 52 35 44 -5 21 0 0.28 T 0 10.5 20 310 M M 10 18 30 320
30 40 35 38 -12 27 0 0.25 T 0 14.0 22 330 M M 10 18 34 330
================================================================================
SM 1628 1036 624 13 4.38 11.0 284.9 M 148
================================================================================
AV 54.3 34.5 9.5 FASTST M M 5 MAX(MPH)
MISC ----> 32 70 # 45 240
================================================================================
NOTES:
# LAST OF SEVERAL OCCURRENCES
COLUMN 17 PEAK WIND IN M.P.H.
PRELIMINARY LOCAL CLIMATOLOGICAL DATA (WS FORM: F-6) , PAGE 2
STATION: WAUSAU WI
MONTH: APRIL
YEAR: 2023
LATITUDE: 44 55 N
LONGITUDE: 89 37 W
[TEMPERATURE DATA] [PRECIPITATION DATA] SYMBOLS USED IN COLUMN 16
AVERAGE MONTHLY: 44.4 TOTAL FOR MONTH: 4.38 1 = FOG OR MIST
DPTR FM NORMAL: 1.3 DPTR FM NORMAL: 1.26 2 = FOG REDUCING VISIBILITY
HIGHEST: 86 ON 12 GRTST 24HR 1.47 ON 31- 1 TO 1/4 MILE OR LESS
LOWEST: 20 ON 7 3 = THUNDER
SNOW, ICE PELLETS, HAIL 4 = ICE PELLETS
TOTAL MONTH: 11.0 INCHES 5 = HAIL
GRTST 24HR 3.1 ON 16-16 6 = FREEZING RAIN OR DRIZZLE
GRTST DEPTH: 5 ON 17 7 = DUSTSTORM OR SANDSTORM:
VSBY 1/2 MILE OR LESS
8 = SMOKE OR HAZE
[NO. OF DAYS WITH] [WEATHER - DAYS WITH] 9 = BLOWING SNOW
X = TORNADO
MAX 32 OR BELOW: 1 0.01 INCH OR MORE: 15
MAX 90 OR ABOVE: 0 0.10 INCH OR MORE: 11
MIN 32 OR BELOW: 15 0.50 INCH OR MORE: 3
MIN 0 OR BELOW: 0 1.00 INCH OR MORE: 0
[HDD (BASE 65) ]
TOTAL THIS MO. 624 CLEAR (SCALE 0-3) 12
DPTR FM NORMAL -36 PTCLDY (SCALE 4-7) 10
TOTAL FM JUL 1 7108 CLOUDY (SCALE 8-10) 8
DPTR FM NORMAL -683
[CDD (BASE 65) ]
TOTAL THIS MO. 13
DPTR FM NORMAL 12 [PRESSURE DATA]
TOTAL FM JAN 1 13 HIGHEST SLP 30.60 ON 7
DPTR FM NORMAL 12 LOWEST SLP 29.31 ON 1
[REMARKS]
#FINAL-04-23#