000
CXUS51 KBGM 230810
CF6AVP
PRELIMINARY LOCAL CLIMATOLOGICAL DATA (WS FORM: F-6)
STATION: AVOCA PA
MONTH: APRIL
YEAR: 2024
LATITUDE: 41 19 N
LONGITUDE: 75 44 W
TEMPERATURE IN F: :PCPN: SNOW: WIND :SUNSHINE: SKY :PK WND
================================================================================
1 2 3 4 5 6A 6B 7 8 9 10 11 12 13 14 15 16 17 18
12Z AVG MX 2MIN
DY MAX MIN AVG DEP HDD CDD WTR SNW DPTH SPD SPD DIR MIN PSBL S-S WX SPD DR
================================================================================
1 51 42 47 3 18 0 0.09 0.0 M 4.1 10 10 M M 9 128 14 50
2 47 43 45 1 20 0 0.83 0.0 M 5.6 18 110 M M 10 1 32 140
3 44 38 41 -4 24 0 0.88 0.0 M 10.1 26 120 M M 10 18 50 140
4 46 36 41 -4 24 0 0.25 T M 3.5 15 60 M M 10 18 22 60
5 46 34 40 -6 25 0 0.01 T M 9.4 20 340 M M 9 18 30 320
6 48 37 43 -3 22 0 0.03 0.0 M 11.6 21 330 M M 10 28 10
7 60 38 49 3 16 0 0.00 0.0 M 6.9 21 340 M M 4 32 340
8 64 32 48 1 17 0 T 0.0 M 4.2 10 250 M M 4 8 16 250
9 77 39 58 11 7 0 0.00 0.0 M 3.5 13 260 M M 0 8 19 260
10 67 57 62 14 3 0 T 0.0 M 4.4 10 70 M M 6 18 17 60
11 67 54 61 13 4 0 0.25 0.0 M 9.1 17 160 M M 8 18 35 140
12 66 48 57 8 8 0 0.49 0.0 M 15.5 28 230 M M 9 1 43 250
13 50 42 46 -3 19 0 0.03 0.0 M 14.4 25 270 M M 8 1 37 270
14 78 43 61 11 4 0 0.20 0.0 M 8.2 24 240 M M 4 3 39 220
15 73 51 62 12 3 0 T 0.0 M 6.1 17 350 M M 4 18 25 350
16 70 41 56 6 9 0 0.00 0.0 M 5.9 18 350 M M 0 25 350
17 68 49 59 8 6 0 0.01 0.0 M 5.5 14 120 M M 5 22 110
18 55 47 51 0 14 0 0.02 0.0 M 5.4 12 120 M M 10 18 19 120
19 57 46 52 0 13 0 0.01 0.0 M 4.8 14 190 M M 10 18 24 180
20 63 39 51 -1 14 0 0.00 0.0 M 9.8 29 330 M M 6 18 39 330
21 48 31 40 -13 25 0 0.00 0.0 M 6.1 16 310 M M 7 22 310
22 60 31 46 -7 19 0 0.00 0.0 M 7.0 21 340 M M 0 8 29 340
================================================================================
SM 1305 918 314 0 3.10 T 161.1 M 143
================================================================================
AV 59.3 41.7 7.3 FASTST M M 7 MAX(MPH)
MISC ----> 29 330 50 140
================================================================================
NOTES:
# LAST OF SEVERAL OCCURRENCES
COLUMN 17 PEAK WIND IN M.P.H.
PRELIMINARY LOCAL CLIMATOLOGICAL DATA (WS FORM: F-6) , PAGE 2
STATION: AVOCA PA
MONTH: APRIL
YEAR: 2024
LATITUDE: 41 19 N
LONGITUDE: 75 44 W
[TEMPERATURE DATA] [PRECIPITATION DATA] SYMBOLS USED IN COLUMN 16
AVERAGE MONTHLY: 50.5 TOTAL FOR MONTH: 3.10 1 = FOG OR MIST
DPTR FM NORMAL: 2.1 DPTR FM NORMAL: 0.73 2 = FOG REDUCING VISIBILITY
HIGHEST: 78 ON 14 GRTST 24HR 1.17 ON 2- 3 TO 1/4 MILE OR LESS
LOWEST: 31 ON 22,21 3 = THUNDER
SNOW, ICE PELLETS, HAIL 4 = ICE PELLETS
TOTAL MONTH: T 5 = HAIL
GRTST 24HR T ON 4- 4 6 = FREEZING RAIN OR DRIZZLE
GRTST DEPTH: M ON M 7 = DUSTSTORM OR SANDSTORM:
VSBY 1/2 MILE OR LESS
8 = SMOKE OR HAZE
[NO. OF DAYS WITH] [WEATHER - DAYS WITH] 9 = BLOWING SNOW
X = TORNADO
MAX 32 OR BELOW: 0 0.01 INCH OR MORE: 13
MAX 90 OR ABOVE: 0 0.10 INCH OR MORE: 6
MIN 32 OR BELOW: 3 0.50 INCH OR MORE: 2
MIN 0 OR BELOW: 0 1.00 INCH OR MORE: 0
[HDD (BASE 65) ]
TOTAL THIS MO. 314 CLEAR (SCALE 0-3) 3
DPTR FM NORMAL -54 PTCLDY (SCALE 4-7) 8
TOTAL FM JUL 1 4715 CLOUDY (SCALE 8-10) 11
DPTR FM NORMAL -733
[CDD (BASE 65) ]
TOTAL THIS MO. 0
DPTR FM NORMAL 0 [PRESSURE DATA]
TOTAL FM JAN 1 0 HIGHEST SLP M ON M
DPTR FM NORMAL 0 LOWEST SLP 29.20 ON 12
[REMARKS]