000
CXUS53 KGRR 010910
CF6AZO
PRELIMINARY LOCAL CLIMATOLOGICAL DATA (WS FORM: F-6)
STATION: KALAMAZOO
MONTH: JUNE
YEAR: 2022
LATITUDE: 42 13 N
LONGITUDE: 85 33 W
TEMPERATURE IN F: :PCPN: SNOW: WIND :SUNSHINE: SKY :PK WND
================================================================================
1 2 3 4 5 6A 6B 7 8 9 10 11 12 13 14 15 16 17 18
12Z AVG MX 2MIN
DY MAX MIN AVG DEP HDD CDD WTR SNW DPTH SPD SPD DIR MIN PSBL S-S WX SPD DR
================================================================================
1 79 54 67 2 0 2 0.03 M M 7.2 15 300 M M 4 38 21 290
2 77 52 65 0 0 0 0.01 M M 5.8 18 310 M M 3 26 320
3 80 51 66 1 0 1 T M M 7.9 24 290 M M 0 33 290
4 74 43 59 -7 6 0 T M M 2.3 13 320 M M 4 16 310
5 79 58 69 3 0 4 T M M 3.0 10 30 M M 8 15 40
6 76 62 69 3 0 4 0.16 M M 3.7 10 260 M M 5 1 16 180
7 75 54 65 -2 0 0 0.15 M M 8.3 18 310 M M 5 13 26 310
8 71 47 59 -8 6 0 0.58 M M 4.7 13 310 M M 5 1 17 110
9 75 52 64 -3 1 0 0.01 M M 6.2 16 320 M M 5 12 25 280
10 79 51 65 -3 0 0 T M M 5.2 13 290 M M 2 19 210
11 76 54 65 -3 0 0 0.00 M M 6.6 15 200 M M 3 128 23 210
12 84 62 73 5 0 8 0.00 M M 4.7 9 350 M M 5 18 14 320
13 87 62 75 7 0 10 1.64 M M 4.3 28 20 M M 3 13 36 350
14 96 70 83 14 0 18 0.15 M M 4.9 13 190 M M 3 13 19 170
15 94 76 85 16 0 20 0.00 M M 9.8 20 190 M M 0 8 27 170
16 92 71 82 13 0 17 0.25 M M 9.3 24 260 M M 2 138 35 260
17 80 62 71 2 0 6 0.00 M M 11.8 23 310 M M 0 32 290
18 76 50 63 -7 2 0 0.00 M M 6.4 15 350 M M 0 23 360
19 81 50 66 -4 0 1 0.00 M M 3.8 13 180 M M 0 17 170
20 90 63 77 7 0 12 0.00 M M 7.6 14 220 M M 0 19 230
21 97 64 81 11 0 16 0.00 M M 9.2 20 240 M M 0 28 240
22 87 66 77 6 0 12 0.00 M M 9.4 20 320 M M 0 27 310
23 85 58 72 1 0 7 0.00 M M 5.4 14 330 M M 0 19 10
24 90 56 73 2 0 8 0.00 M M 2.6 10 190 M M 0 15 180
25 86 64 75 4 0 10 0.11 M M 5.1 14 200 M M 3 19 180
26 81 63 72 1 0 7 0.00 M M 10.4 22 320 M M 5 29 280
27 75 54 65 -7 0 0 0.00 M M 8.4 22 310 M M 1 34 330
28 84 50 67 -5 0 2 0.00 M M 6.4 14 220 M M 0 22 240
29 88 64 76 4 0 11 T M M 5.1 14 300 M M 3 19 210
30 92 64 78 6 0 13 0.00 M M 10.1 21 200 M M 0 35 190
================================================================================
SM 2486 1747 15 189 3.09 M 195.6 M 69
================================================================================
AV 82.9 58.2 6.5 FASTST M M 2 MAX(MPH)
MISC ----> 28 20 36 350
================================================================================
NOTES:
# LAST OF SEVERAL OCCURRENCES
COLUMN 17 PEAK WIND IN M.P.H.
PRELIMINARY LOCAL CLIMATOLOGICAL DATA (WS FORM: F-6) , PAGE 2
STATION: KALAMAZOO
MONTH: JUNE
YEAR: 2022
LATITUDE: 42 13 N
LONGITUDE: 85 33 W
[TEMPERATURE DATA] [PRECIPITATION DATA] SYMBOLS USED IN COLUMN 16
AVERAGE MONTHLY: 70.6 TOTAL FOR MONTH: 3.09 1 = FOG OR MIST
DPTR FM NORMAL: 1.8 DPTR FM NORMAL: -0.11 2 = FOG REDUCING VISIBILITY
HIGHEST: 97 ON 21 GRTST 24HR 1.79 ON 13-14 TO 1/4 MILE OR LESS
LOWEST: 43 ON 4 3 = THUNDER
SNOW, ICE PELLETS, HAIL 4 = ICE PELLETS
TOTAL MONTH: M 5 = HAIL
GRTST 24HR M ON M 6 = FREEZING RAIN OR DRIZZLE
GRTST DEPTH: M ON M 7 = DUSTSTORM OR SANDSTORM:
VSBY 1/2 MILE OR LESS
8 = SMOKE OR HAZE
[NO. OF DAYS WITH] [WEATHER - DAYS WITH] 9 = BLOWING SNOW
X = TORNADO
MAX 32 OR BELOW: 0 0.01 INCH OR MORE: 10
MAX 90 OR ABOVE: 7 0.10 INCH OR MORE: 7
MIN 32 OR BELOW: 0 0.50 INCH OR MORE: 2
MIN 0 OR BELOW: 0 1.00 INCH OR MORE: 1
[HDD (BASE 65) ]
TOTAL THIS MO. 15 CLEAR (SCALE 0-3) 19
DPTR FM NORMAL -24 PTCLDY (SCALE 4-7) 11
TOTAL FM JUL 1 5841 CLOUDY (SCALE 8-10) 0
DPTR FM NORMAL -481
[CDD (BASE 65) ]
TOTAL THIS MO. 189
DPTR FM NORMAL 36 [PRESSURE DATA]
TOTAL FM JAN 1 304 HIGHEST SLP 30.30 ON 19
DPTR FM NORMAL 102 LOWEST SLP 29.67 ON 6
[REMARKS]
#FINAL-06-22#