000
CXUS51 KBOX 021841
CF6BDL
PRELIMINARY LOCAL CLIMATOLOGICAL DATA (WS FORM: F-6)
STATION: HARTFORD CT
MONTH: OCTOBER
YEAR: 2020
LATITUDE: 41 55 N
LONGITUDE: 72 41 W
TEMPERATURE IN F: :PCPN: SNOW: WIND :SUNSHINE: SKY :PK WND
================================================================================
1 2 3 4 5 6A 6B 7 8 9 10 11 12 13 14 15 16 17 18
12Z AVG MX 2MIN
DY MAX MIN AVG DEP HDD CDD WTR SNW DPTH SPD SPD DIR MIN PSBL S-S WX SPD DR
================================================================================
1 73 52 63 5 2 0 0.00 0.0 0 7.2 16 230 M M 4 8 19 260
2 64 44 54 -3 11 0 0.14 0.0 0 3.6 13 290 M M 7 1 16 290
3 67 38 53 -4 12 0 0.00 0.0 0 3.7 14 290 M M 3 1 17 290
4 66 36 51 -5 14 0 0.00 0.0 0 3.4 10 340 M M 4 1 13 340
5 70 48 59 3 6 0 0.00 0.0 0 5.5 13 150 M M 6 15 10
6 69 48 59 3 6 0 0.01 0.0 0 7.2 18 190 M M 5 1 27 180
7 72 54 63 8 2 0 0.14 0.0 0 12.6 46 310 M M 6 3 65 320
8 64 46 55 0 10 0 0.00 0.0 0 11.5 28 310 M M 1 37 310
9 67 41 54 0 11 0 0.00 0.0 0 5.7 14 180 M M 3 17 180
10 79 54 67 13 0 2 0.00 0.0 0 12.9 23 220 M M 4 30 220
11 66 49 58 4 7 0 0.00 0.0 0 8.2 17 20 M M 7 22 20
12 56 48 52 -1 13 0 0.07 0.0 0 9.4 17 50 M M 10 22 40
13 54 49 52 -1 13 0 1.51 0.0 0 10.7 17 360 M M 9 1 23 360
14 72 43 58 5 7 0 0.00 0.0 0 5.7 15 270 M M 2 1 19 260
15 75 41 58 6 7 0 0.00 0.0 0 10.6 26 170 M M 6 1 35 170
16 65 48 57 5 8 0 1.59 0.0 0 6.8 18 300 M M 10 1 24 300
17 61 35 48 -4 17 0 0.49 0.0 0 7.8 20 320 M M 4 1 29 310
18 63 31 47 -4 18 0 0.00 0.0 0 3.9 16 180 M M 6 1 19 170
19 66 37 52 1 13 0 0.00 0.0 0 3.8 12 170 M M 7 1 14 170
20 72 50 61 10 4 0 0.00 0.0 0 5.4 16 170 M M 8 1 19 160
21 74 59 67 17 0 2 0.00 0.0 0 6.6 16 190 M M 8 12 20 190
22 78 60 69 19 0 4 0.00 0.0 0 4.4 13 190 M M 5 128 16 190
23 69 59 64 14 1 0 0.03 0.0 0 6.7 13 180 M M 10 18 14 180
24 67 45 56 7 9 0 T 0.0 0 9.2 18 300 M M 8 1 22 330
25 52 38 45 -4 20 0 T 0.0 0 6.2 17 20 M M 8 21 20
26 50 44 47 -2 18 0 0.03 0.0 0 4.7 10 10 M M 10 1 13 10
27 57 47 52 3 13 0 0.01 0.0 0 5.6 14 340 M M 9 1 16 340
28 51 45 48 0 17 0 0.40 0.0 0 2.5 9 360 M M 9 12 10 360
29 49 42 46 -2 19 0 1.14 0.0 0 6.7 21 20 M M 10 12 26 30
30 42 26 34 -14 31 0 0.53 2.0 0 8.4 23 30 M M 7 1 29 20
31 44 21 33 -14 32 0 0.00 0.0 1 1.7 7 180 M M 2 1 9 170
================================================================================
SM 1974 1378 341 8 6.09 2.0 208.3 M 198
================================================================================
AV 63.7 44.5 6.7 FASTST M M 6 MAX(MPH)
MISC ----> # 46 310 # 65 320
================================================================================
NOTES:
# LAST OF SEVERAL OCCURRENCES
COLUMN 17 PEAK WIND IN M.P.H.
PRELIMINARY LOCAL CLIMATOLOGICAL DATA (WS FORM: F-6) , PAGE 2
STATION: HARTFORD CT
MONTH: OCTOBER
YEAR: 2020
LATITUDE: 41 55 N
LONGITUDE: 72 41 W
[TEMPERATURE DATA] [PRECIPITATION DATA] SYMBOLS USED IN COLUMN 16
AVERAGE MONTHLY: 54.1 TOTAL FOR MONTH: 6.09 1 = FOG OR MIST
DPTR FM NORMAL: 2.0 DPTR FM NORMAL: 1.72 2 = FOG REDUCING VISIBILITY
HIGHEST: 79 ON 10 GRTST 24HR 1.59 ON 16-16 TO 1/4 MILE OR LESS
LOWEST: 21 ON 31 3 = THUNDER
SNOW, ICE PELLETS, HAIL 4 = ICE PELLETS
TOTAL MONTH: 2.0 INCHES 5 = HAIL
GRTST 24HR 2.0 ON 30-30 6 = FREEZING RAIN OR DRIZZLE
GRTST DEPTH: 1 ON 31 7 = DUSTSTORM OR SANDSTORM:
VSBY 1/2 MILE OR LESS
8 = SMOKE OR HAZE
[NO. OF DAYS WITH] [WEATHER - DAYS WITH] 9 = BLOWING SNOW
X = TORNADO
MAX 32 OR BELOW: 0 0.01 INCH OR MORE: 13
MAX 90 OR ABOVE: 0 0.10 INCH OR MORE: 8
MIN 32 OR BELOW: 3 0.50 INCH OR MORE: 4
MIN 0 OR BELOW: 0 1.00 INCH OR MORE: 3
[HDD (BASE 65) ]
TOTAL THIS MO. 341 CLEAR (SCALE 0-3) 4
DPTR FM NORMAL -66 PTCLDY (SCALE 4-7) 18
TOTAL FM JUL 1 435 CLOUDY (SCALE 8-10) 9
DPTR FM NORMAL -94
[CDD (BASE 65) ]
TOTAL THIS MO. 8
DPTR FM NORMAL 1 [PRESSURE DATA]
TOTAL FM JAN 1 1075 HIGHEST SLP 30.56 ON 31
DPTR FM NORMAL 319 LOWEST SLP 29.50 ON 7
[REMARKS]
#FINAL-10-20#