000
CXAK56 PAFC 011019 RRA
CF6BET
PRELIMINARY LOCAL CLIMATOLOGICAL DATA (WS FORM: F-6)
STATION: BETHEL
MONTH: MARCH
YEAR: 2022
LATITUDE: 60 46 N
LONGITUDE: 161 48 W
TEMPERATURE IN F: :PCPN: SNOW: WIND :SUNSHINE: SKY :PK WND
================================================================================
1 2 3 4 5 6A 6B 7 8 9 10 11 12 13 14 15 16 17 18
12Z AVG MX 2MIN
DY MAX MIN AVG DEP HDD CDD WTR SNW DPTH SPD SPD DIR MIN PSBL S-S WX SPD DR
================================================================================
1 21 17 19 5 46 0 0.00 M M 9.5 17 30 M M 9 12 21 30
2 35 16 26 12 39 0 T M M 8.9 14 60 M M 6 1 17 80
3 36 27 32 18 33 0 0.04 M M M M M M M M M M
4 37 28 33 19 32 0 0.06 M M 26.5 46 200 M M 10 129 55 150
5 31 16 24 11 41 0 0.04 M M 8.7 18 170 M M 10 126 23 170
6 25 10 18 5 47 0 T M M 9.2 18 30 M M 5 126 23 30
7 36 19 28 15 37 0 0.13 M M 11.3 21 40 M M 6 8 25 40
8 39 33 36 23 29 0 0.01 M M 7.0 15 80 M M 10 19 90
9 34 32 33 20 32 0 0.41 M M 14.8 23 30 M M 10 1 26 30
10 34 24 29 16 36 0 0.09 M M 19.6 29 40 M M 9 16 34 50
11 24 15 20 7 45 0 T M M 24.6 35 30 M M 4 1 43 30
12 23 14 19 6 46 0 T M M 22.9 35 40 M M 4 8 42 40
13 15 5 10 -3 55 0 0.00 M M 25.5 38 40 M M 0 8 46 40
14 20 5 13 0 52 0 0.00 M M 18.9 26 10 M M 0 34 40
15 7 -2 3 -10 62 0 0.00 M M 17.2 25 360 M M 0 29 10
16 15 -3 6 -7 59 0 0.05 M M 20.5 26 10 M M 5 18 32 10
17 17 7 12 -2 53 0 T M M 13.2 25 360 M M 5 31 360
18 14 4 9 -5 56 0 T M M 14.7 31 340 M M 6 1289 38 340
19 11 -1 5 -9 60 0 T M M 21.9 29 340 M M 3 89 34 340
20 18 5 12 -2 53 0 0.00 M M 17.8 23 340 M M 3 18 28 340
21 17 2 10 -4 55 0 T M M 16.1 28 20 M M 0 32 10
22 19 6 13 -2 52 0 T M M 21.1 32 10 M M 0 8 39 360
23 16 5 11 -4 54 0 T M M 18.5 25 30 M M 2 31 10
24 24 7 16 1 49 0 0.00 M M 9.6 17 10 M M 3 20 20
25 24 14 19 3 46 0 0.00 M M 8.6 15 340 M M 6 18 290
26 34 14 24 8 41 0 0.00 M M 6.9 13 10 M M 8 1 14 90
27 37 22 30 13 35 0 T M M 17.4 36 50 M M 5 46 50
28 34 28 31 14 34 0 T M M 18.0 24 20 M M 10 1 32 20
29 38 25 32 14 33 0 0.00 M M 8.5 16 20 M M 10 19 20
30 44 32 38 20 27 0 0.00 M M 12.7 23 80 M M 5 29 70
31 39 32 36 17 29 0 0.00 M M 11.7 23 170 M M 8 28 170
================================================================================
SM 818 458 1368 0 0.83 M 461.8 M 162
================================================================================
AV 26.4 14.8 15.4 FASTST M M 5 MAX(MPH)
MISC ----> 46 200 55 150
================================================================================
NOTES:
# LAST OF SEVERAL OCCURRENCES
COLUMN 17 PEAK WIND IN M.P.H.
PRELIMINARY LOCAL CLIMATOLOGICAL DATA (WS FORM: F-6) , PAGE 2
STATION: BETHEL
MONTH: MARCH
YEAR: 2022
LATITUDE: 60 46 N
LONGITUDE: 161 48 W
[TEMPERATURE DATA] [PRECIPITATION DATA] SYMBOLS USED IN COLUMN 16
AVERAGE MONTHLY: 20.6 TOTAL FOR MONTH: 0.83 1 = FOG OR MIST
DPTR FM NORMAL: 6.1 DPTR FM NORMAL: 0.09 2 = FOG REDUCING VISIBILITY
HIGHEST: 44 ON 30 GRTST 24HR 0.50 ON 9-10 TO 1/4 MILE OR LESS
LOWEST: -3 ON 16 3 = THUNDER
SNOW, ICE PELLETS, HAIL 4 = ICE PELLETS
TOTAL MONTH: M 5 = HAIL
GRTST 24HR M ON M 6 = FREEZING RAIN OR DRIZZLE
GRTST DEPTH: M ON M 7 = DUSTSTORM OR SANDSTORM:
VSBY 1/2 MILE OR LESS
8 = SMOKE OR HAZE
[NO. OF DAYS WITH] [WEATHER - DAYS WITH] 9 = BLOWING SNOW
X = TORNADO
MAX 32 OR BELOW: 18 0.01 INCH OR MORE: 8
MAX 90 OR ABOVE: 0 0.10 INCH OR MORE: 2
MIN 32 OR BELOW: 30 0.50 INCH OR MORE: 0
MIN 0 OR BELOW: 3 1.00 INCH OR MORE: 0
[HDD (BASE 65) ]
TOTAL THIS MO. 1368 CLEAR (SCALE 0-3) 7
DPTR FM NORMAL -197 PTCLDY (SCALE 4-7) 14
TOTAL FM JUL 1 10384 CLOUDY (SCALE 8-10) 10
DPTR FM NORMAL 267
[CDD (BASE 65) ]
TOTAL THIS MO. 0
DPTR FM NORMAL 0 [PRESSURE DATA]
TOTAL FM JAN 1 0 HIGHEST SLP M ON M
DPTR FM NORMAL 0 LOWEST SLP 28.94 ON 4
[REMARKS]
#FINAL-03-22#