000
CXUS56 KHNX 281154
CF6BFL
PRELIMINARY LOCAL CLIMATOLOGICAL DATA (WS FORM: F-6)
STATION: BAKERSFIELD CA
MONTH: MARCH
YEAR: 2024
LATITUDE: 35 25 N
LONGITUDE: 119 3 W
TEMPERATURE IN F: :PCPN: SNOW: WIND :SUNSHINE: SKY :PK WND
================================================================================
1 2 3 4 5 6A 6B 7 8 9 10 11 12 13 14 15 16 17 18
12Z AVG MX 2MIN
DY MAX MIN AVG DEP HDD CDD WTR SNW DPTH SPD SPD DIR MIN PSBL S-S WX SPD DR
================================================================================
1 70 47 59 2 6 0 0.03 0.0 0 6.1 22 310 M M 5 26 310
2 60 50 55 -2 10 0 0.08 0.0 0 8.5 23 280 M M 7 1 31 280
3 62 45 54 -3 11 0 0.02 0.0 0 7.1 15 310 M M 5 19 340
4 61 40 51 -6 14 0 0.00 0.0 0 4.7 12 340 M M 4 16 300
5 66 40 53 -4 12 0 0.00 0.0 0 3.1 8 50 M M 0 12 360
6 65 42 54 -3 11 0 0.11 0.0 0 4.7 16 230 M M 5 1 20 210
7 62 50 56 -2 9 0 0.04 0.0 0 4.4 13 30 M M 9 1 17 20
8 69 46 58 0 7 0 0.00 0.0 0 3.0 10 340 M M 2 1 12 280
9 73 44 59 1 6 0 0.00 0.0 0 5.0 13 340 M M 0 17 10
10 70 49 60 2 5 0 0.00 0.0 0 4.1 13 300 M M 1 16 300
11 69 46 58 0 7 0 0.00 0.0 0 4.8 12 310 M M 2 16 320
12 67 45 56 -2 9 0 0.00 0.0 0 3.5 10 40 M M 6 16 330
13 63 47 55 -3 10 0 0.00 0.0 0 6.5 14 330 M M 6 21 300
14 68 44 56 -2 9 0 0.00 0.0 0 6.7 18 310 M M 1 28 340
15 70 40 55 -4 10 0 0.00 0.0 0 4.5 15 130 M M 0 19 120
16 72 42 57 -2 8 0 0.00 0.0 0 4.5 13 310 M M 1 8 17 270
17 75 46 61 2 4 0 0.00 0.0 0 4.0 10 270 M M 0 16 280
18 78 48 63 4 2 0 0.00 0.0 0 2.6 12 160 M M 0 15 170
19 80 50 65 6 0 0 0.00 0.0 0 4.1 14 310 M M 0 18 290
20 78 51 65 6 0 0 0.00 0.0 0 4.1 13 310 M M 0 22 280
21 75 47 61 2 4 0 0.00 0.0 0 4.4 10 360 M M 0 14 350
22 80 51 66 7 0 1 T 0.0 M 5.7 17 360 M M 1 26 360
23 65 48 57 -2 8 0 0.42 M M 9.7 23 300 M M 9 1 28 310
24 58 46 52 -8 13 0 0.18 M M 5.7 24 300 M M 8 1 30 300
25 64 48 56 -4 9 0 T M M 4.1 13 320 M M 6 18 280
26 67 43 55 -5 10 0 0.00 0.0 M 5.2 10 290 M M 4 15 290
27 76 46 61 1 4 0 0.00 0.0 0 5.6 15 350 M M 0 22 10
================================================================================
SM 1863 1241 198 1 0.88 0.0 136.4 M 82
================================================================================
AV 69.0 46.0 5.1 FASTST M M 3 MAX(MPH)
MISC ----> 24 300 31 280
================================================================================
NOTES:
# LAST OF SEVERAL OCCURRENCES
COLUMN 17 PEAK WIND IN M.P.H.
PRELIMINARY LOCAL CLIMATOLOGICAL DATA (WS FORM: F-6) , PAGE 2
STATION: BAKERSFIELD CA
MONTH: MARCH
YEAR: 2024
LATITUDE: 35 25 N
LONGITUDE: 119 3 W
[TEMPERATURE DATA] [PRECIPITATION DATA] SYMBOLS USED IN COLUMN 16
AVERAGE MONTHLY: 57.5 TOTAL FOR MONTH: 0.88 1 = FOG OR MIST
DPTR FM NORMAL: -0.9 DPTR FM NORMAL: -0.14 2 = FOG REDUCING VISIBILITY
HIGHEST: 80 ON 22,19 GRTST 24HR 0.43 ON 23-24 TO 1/4 MILE OR LESS
LOWEST: 40 ON 15, 5 3 = THUNDER
SNOW, ICE PELLETS, HAIL 4 = ICE PELLETS
TOTAL MONTH: 0.0 INCH 5 = HAIL
GRTST 24HR 0.0 6 = FREEZING RAIN OR DRIZZLE
GRTST DEPTH: 0 7 = DUSTSTORM OR SANDSTORM:
VSBY 1/2 MILE OR LESS
8 = SMOKE OR HAZE
[NO. OF DAYS WITH] [WEATHER - DAYS WITH] 9 = BLOWING SNOW
X = TORNADO
MAX 32 OR BELOW: 0 0.01 INCH OR MORE: 7
MAX 90 OR ABOVE: 0 0.10 INCH OR MORE: 3
MIN 32 OR BELOW: 0 0.50 INCH OR MORE: 0
MIN 0 OR BELOW: 0 1.00 INCH OR MORE: 0
[HDD (BASE 65) ]
TOTAL THIS MO. 198 CLEAR (SCALE 0-3) 15
DPTR FM NORMAL 10 PTCLDY (SCALE 4-7) 10
TOTAL FM JUL 1 1467 CLOUDY (SCALE 8-10) 2
DPTR FM NORMAL -327
[CDD (BASE 65) ]
TOTAL THIS MO. 1
DPTR FM NORMAL -2 [PRESSURE DATA]
TOTAL FM JAN 1 1 HIGHEST SLP M ON M
DPTR FM NORMAL -3 LOWEST SLP 29.77 ON 15
[REMARKS]