000
CXUS54 KAMA 010710
CF6BGD
PRELIMINARY LOCAL CLIMATOLOGICAL DATA (WS FORM: F-6)
STATION: BORGER
MONTH: JULY
YEAR: 2022
LATITUDE: 35 42 N
LONGITUDE: 101 24 W
TEMPERATURE IN F: :PCPN: SNOW: WIND :SUNSHINE: SKY :PK WND
================================================================================
1 2 3 4 5 6A 6B 7 8 9 10 11 12 13 14 15 16 17 18
12Z AVG MX 2MIN
DY MAX MIN AVG DEP HDD CDD WTR SNW DPTH SPD SPD DIR MIN PSBL S-S WX SPD DR
================================================================================
1 100 71 86 4 0 21 0.07 M M 6.0 20 270 M M 1 39 300
2 99 70 85 3 0 20 T M M 8.3 22 190 M M 1 3 34 190
3 100 73 87 5 0 22 0.02 M M 11.5 28 140 M M 2 41 140
4 100 74 87 5 0 22 T M M 12.0 23 180 M M 1 3 33 160
5 104 76 90 8 0 25 0.00 M M 12.8 20 160 M M 1 38 140
6 101 72 87 5 0 22 0.02 M M 9.4 39 320 M M 1 3 66 280
7 94 72 83 1 0 18 0.00 M M 4.5 18 270 M M 0 35 290
8 97 73 85 2 0 20 0.01 M M 6.9 26 350 M M 1 3 36 350
9 100 68 84 1 0 19 0.00 M M 5.6 16 100 M M 0 25 70
10 104 73 89 6 0 24 0.00 M M 8.0 16 110 M M 0 25 110
11 107 75 91 8 0 26 0.00 M M 9.8 22 20 M M 1 31 30
12 95 72 84 1 0 19 T M M 11.1 35 180 M M 1 3 52 190
13 100 74 87 4 0 22 0.00 M M 7.9 17 140 M M 1 26 160
14 104 78 91 8 0 26 0.00 M M 12.3 21 140 M M 0 32 160
15 105 76 91 8 0 26 0.00 M M 9.8 20 140 M M 0 30 140
16 105 77 91 8 0 26 0.00 M M 10.5 17 140 M M 0 27 150
17 104 75 90 7 0 25 0.00 M M 6.5 18 40 M M 0 27 40
18 104 74 89 6 0 24 0.00 M M 6.3 15 120 M M 0 23 130
19 111 82 97 14 0 32 T M M 9.6 20 150 M M 0 27 210
20 96 81 89 6 0 24 T M M 10.6 28 10 M M 1 46 290
21 101 74 88 5 0 23 T M M 7.5 23 110 M M 2 3 36 110
22 99 74 87 4 0 22 0.00 M M 11.5 20 120 M M 2 31 110
23 104 72 88 5 0 23 0.00 M M 11.6 24 210 M M 1 36 150
24 103 78 91 8 0 26 0.00 M M 9.9 18 140 M M 0 27 150
25 102 74 88 5 0 23 0.00 M M 9.7 17 110 M M 2 28 120
26 104 80 92 9 0 27 0.00 M M 12.9 23 200 M M 1 37 200
27 103 75 89 6 0 24 T M M 8.9 20 170 M M 2 31 160
28 97 73 85 2 0 20 T M M 10.7 22 40 M M 1 3 30 60
29 87 67 77 -6 0 12 0.72 M M 9.5 21 30 M M 6 13 31 30
30 87 67 77 -6 0 12 0.60 M M 7.6 16 120 M M 5 13 23 180
31 99 74 87 4 0 22 0.05 M M 6.7 14 110 M M 1 3 22 120
================================================================================
SM 3116 2294 0 697 1.49 M 285.9 M 35
================================================================================
AV100.5 74.0 9.2 FASTST M M 1 MAX(MPH)
MISC ----> 39 320 66 280
================================================================================
NOTES:
# LAST OF SEVERAL OCCURRENCES
COLUMN 17 PEAK WIND IN M.P.H.
PRELIMINARY LOCAL CLIMATOLOGICAL DATA (WS FORM: F-6) , PAGE 2
STATION: BORGER
MONTH: JULY
YEAR: 2022
LATITUDE: 35 42 N
LONGITUDE: 101 24 W
[TEMPERATURE DATA] [PRECIPITATION DATA] SYMBOLS USED IN COLUMN 16
AVERAGE MONTHLY: 87.3 TOTAL FOR MONTH: 1.49 1 = FOG OR MIST
DPTR FM NORMAL: 4.3 DPTR FM NORMAL: -0.86 2 = FOG REDUCING VISIBILITY
HIGHEST: 111 ON 19 GRTST 24HR 0.97 ON 29-30 TO 1/4 MILE OR LESS
LOWEST: 67 ON 30,29 3 = THUNDER
SNOW, ICE PELLETS, HAIL 4 = ICE PELLETS
TOTAL MONTH: M 5 = HAIL
GRTST 24HR M ON M 6 = FREEZING RAIN OR DRIZZLE
GRTST DEPTH: M ON M 7 = DUSTSTORM OR SANDSTORM:
VSBY 1/2 MILE OR LESS
8 = SMOKE OR HAZE
[NO. OF DAYS WITH] [WEATHER - DAYS WITH] 9 = BLOWING SNOW
X = TORNADO
MAX 32 OR BELOW: 0 0.01 INCH OR MORE: 7
MAX 90 OR ABOVE: 29 0.10 INCH OR MORE: 2
MIN 32 OR BELOW: 0 0.50 INCH OR MORE: 2
MIN 0 OR BELOW: 0 1.00 INCH OR MORE: 0
[HDD (BASE 65) ]
TOTAL THIS MO. 0 CLEAR (SCALE 0-3) 29
DPTR FM NORMAL 0 PTCLDY (SCALE 4-7) 2
TOTAL FM JUL 1 0 CLOUDY (SCALE 8-10) 0
DPTR FM NORMAL 0
[CDD (BASE 65) ]
TOTAL THIS MO. 697
DPTR FM NORMAL 141 [PRESSURE DATA]
TOTAL FM JAN 1 1589 HIGHEST SLP M ON M
DPTR FM NORMAL 366 LOWEST SLP 29.61 ON 19
[REMARKS]
#FINAL-07-22#