000
CXUS51 KBGM 030925 CCA
CF6BGM
PRELIMINARY LOCAL CLIMATOLOGICAL DATA (WS FORM: F-6)
STATION: BINGHAMTON NY
MONTH: FEBRUARY
YEAR: 2020
LATITUDE: 42 13 N
LONGITUDE: 75 59 W
TEMPERATURE IN F: :PCPN: SNOW: WIND :SUNSHINE: SKY :PK WND
================================================================================
1 2 3 4 5 6A 6B 7 8 9 10 11 12 13 14 15 16 17 18
12Z AVG MX 2MIN
DY MAX MIN AVG DEP HDD CDD WTR SNW DPTH SPD SPD DIR MIN PSBL S-S WX SPD DR
================================================================================
1 32 28 30 7 35 0 T T 2 3.2 9 350 M M 10 18 11 330
2 32 24 28 5 37 0 0.24 3.9 2 6.6 13 240 M M 9 128 17 260
3 46 31 39 16 26 0 T T 6 8.4 18 280 M M 5 16 23 300
4 47 30 39 16 26 0 0.02 T 2 7.4 15 330 M M 7 18 20 340
5 30 24 27 4 38 0 0.08 T 1 8.1 17 350 M M 7 16 25 310
6 35 25 30 7 35 0 0.45 1.2 2 6.8 18 130 M M 10 126 22 130
7 37 17 27 4 38 0 1.09 8.0 2 12.8 25 320 M M 10 12368 34 300
8 25 11 18 -6 47 0 0.02 1.2 9 6.8 18 300 M M 9 18 27 300
9 32 14 23 -1 42 0 0.08 1.0 9 5.8 15 170 M M 9 128 21 170
10 36 29 33 9 32 0 0.11 0.6 10 8.1 16 200 M M 10 128 24 210
11 34 29 32 8 33 0 0.00 0.0 7 5.9 18 300 M M 9 12 27 290
12 34 24 29 5 36 0 0.12 1.2 6 7.6 18 330 M M 5 18 24 340
13 32 25 29 5 36 0 0.27 1.7 7 6.8 16 310 M M 10 126 23 310
14 25 0 13 -11 52 0 T 0.3 7 10.7 20 330 M M 5 189 31 300
15 25 -2 12 -13 53 0 0.00 0.0 7 7.6 16 200 M M 1 1 25 190
16 34 23 29 4 36 0 0.00 0.0 7 8.1 15 270 M M 8 19 270
17 34 22 28 3 37 0 0.00 0.0 6 5.6 13 320 M M 3 18 17 310
18 38 27 33 8 32 0 0.08 0.8 6 11.9 22 170 M M 10 18 34 150
19 34 18 26 0 39 0 T 0.1 6 10.9 24 310 M M 7 8 34 290
20 23 10 17 -9 48 0 T T 6 8.7 18 310 M M 6 8 27 320
21 27 8 18 -8 47 0 T T 6 7.0 14 260 M M 1 1 19 260
22 39 19 29 3 36 0 0.00 0.0 6 9.5 18 260 M M 0 22 260
23 45 28 37 11 28 0 0.00 0.0 5 8.1 15 260 M M 0 19 260
24 52 36 44 17 21 0 0.00 0.0 4 6.3 14 260 M M 1 20 260
25 46 35 41 14 24 0 0.09 0.0 3 5.5 13 10 M M 9 1 14 10
26 42 34 38 11 27 0 0.03 0.0 2 10.0 26 130 M M 10 12 33 120
27 39 19 29 2 36 0 0.67 3.5 2 19.8 33 280 M M 9 1289 48 260
28 25 17 21 -7 44 0 T T 2 16.7 28 270 M M 10 39 290
29 20 14 17 -11 48 0 0.05 1.7 2 10.2 21 310 M M 8 128 28 300
================================================================================
SM 1000 619 1069 0 3.40 25.2 250.9 M 198
================================================================================
AV 34.5 21.3 8.7 FASTST M M 7 MAX(MPH)
MISC ----> # 33 280 # 48 260
================================================================================
NOTES:
# LAST OF SEVERAL OCCURRENCES
COLUMN 17 PEAK WIND IN M.P.H.
PRELIMINARY LOCAL CLIMATOLOGICAL DATA (WS FORM: F-6) , PAGE 2
STATION: BINGHAMTON NY
MONTH: FEBRUARY
YEAR: 2020
LATITUDE: 42 13 N
LONGITUDE: 75 59 W
[TEMPERATURE DATA] [PRECIPITATION DATA] SYMBOLS USED IN COLUMN 16
AVERAGE MONTHLY: 27.9 TOTAL FOR MONTH: 3.40 1 = FOG OR MIST
DPTR FM NORMAL: 3.2 DPTR FM NORMAL: 1.09 2 = FOG REDUCING VISIBILITY
HIGHEST: 52 ON 24 GRTST 24HR 1.09 ON 7- 7 TO 1/4 MILE OR LESS
LOWEST: -2 ON 15 3 = THUNDER
SNOW, ICE PELLETS, HAIL 4 = ICE PELLETS
TOTAL MONTH: 25.2 INCHES 5 = HAIL
GRTST 24HR 8.5 ON 7- 8 6 = FREEZING RAIN OR DRIZZLE
GRTST DEPTH: 10 ON 7 8 9 10
7 = DUSTSTORM OR SANDSTORM:
VSBY 1/2 MILE OR LESS
8 = SMOKE OR HAZE
[NO. OF DAYS WITH] [WEATHER - DAYS WITH] 9 = BLOWING SNOW
X = TORNADO
MAX 32 OR BELOW: 12 0.01 INCH OR MORE: 15
MAX 90 OR ABOVE: 0 0.10 INCH OR MORE: 7
MIN 32 OR BELOW: 26 0.50 INCH OR MORE: 2
MIN 0 OR BELOW: 2 1.00 INCH OR MORE: 1
[HDD (BASE 65) ]
TOTAL THIS MO. 1069 CLEAR (SCALE 0-3) 6
DPTR FM NORMAL -58 PTCLDY (SCALE 4-7) 8
TOTAL FM JUL 1 4912 CLOUDY (SCALE 8-10) 15
DPTR FM NORMAL -324
[CDD (BASE 65) ]
TOTAL THIS MO. 0
DPTR FM NORMAL 0 [PRESSURE DATA]
TOTAL FM JAN 1 0 HIGHEST SLP 30.59 ON 15
DPTR FM NORMAL 0 LOWEST SLP 28.98 ON 7
[REMARKS]
#FINAL-02-20#
CORRECTED GREATEST 24 HOUR SNOWFALL AND ADDED DAYS TO GREATEST SNOW DEPTH
CORRECTED SNOW DEPTH FOR DAY 29