000
CXUS51 KBGM 010838
CLMBGM
CLIMATE REPORT
NATIONAL WEATHER SERVICE BINGHAMTON, NY
438 AM EDT SUN OCT 01 2023
...................................
...THE BINGHAMTON NY CLIMATE SUMMARY FOR THE MONTH OF SEPTEMBER 2023...
CLIMATE NORMAL PERIOD 1991 TO 2020
CLIMATE RECORD PERIOD 1951 TO 2023
WEATHER OBSERVED NORMAL DEPART LAST YEAR`S
VALUE DATE(S) VALUE FROM VALUE DATE(S)
NORMAL
................................................................
TEMPERATURE (F)
RECORD
HIGH 96 09/03/1953
09/02/1953
LOW 25 09/24/1974
HIGHEST 88 09/05 68 20 77 09/09
09/06
09/10
09/18
LOWEST 39 09/27 50 -11 35 09/30
AVG. MAXIMUM 71.5 69.5 2.0 67.7
AVG. MINIMUM 53.8 50.6 3.2 51.6
MEAN 62.7 60.0 2.7 59.6
DAYS MAX >= 90 0 0.1 -0.1 0
DAYS MAX <= 32 0 0.0 0.0 0
DAYS MIN <= 32 0 0.2 -0.2 0
DAYS MIN <= 0 0 0.0 0.0 0
PRECIPITATION (INCHES)
RECORD
MAXIMUM 16.58 2011
MINIMUM 0.61 1961
TOTALS 2.96 4.01 -1.05 7.56
DAILY AVG. 0.10 0.13 -0.03 0.25
DAYS >= .01 12 11.3 0.7 17
DAYS >= .10 6 6.3 -0.3 13
DAYS >= .50 3 2.3 0.7 4
DAYS >= 1.00 0 1.0 -1.0 2
GREATEST
24 HR. TOTAL 0.83 09/10 TO 09/11
SNOWFALL (INCHES)
RECORDS
TOTAL 0.0 2007
24 HR TOTAL 0.0 MM
SNOW DEPTH MM MM
TOTALS 0.0 0.0 0.0 0.0
SINCE 7/1 T 0.0 0.0 MM
SNOWDEPTH AVG. 0 0
DAYS >= TRACE 0 0.0 0.0 0
DAYS >= 1.0 0 0.0 0.0 0
GREATEST
SNOW DEPTH 0 0 MM
24 HR TOTAL 0.0
DEGREE DAYS
HEATING TOTAL 138 182 -44 176
SINCE 7/1 157 240 -83 MM
COOLING TOTAL 74 34 40 21
SINCE 1/1 490 382 108 MM
................................................................
WIND (MPH)
AVERAGE WIND SPEED 6.0
RESULTANT WIND SPEED/DIRECTION 2/020
HIGHEST WIND SPEED/DIRECTION 32/220 DATE 09/07
HIGHEST GUST SPEED/DIRECTION 45/210 DATE 09/07
SKY COVER
POSSIBLE SUNSHINE (PERCENT) MM
AVERAGE SKY COVER 0.41
NUMBER OF DAYS FAIR 14
NUMBER OF DAYS PC 9
NUMBER OF DAYS CLOUDY 7
AVERAGE RH (PERCENT) 75
WEATHER CONDITIONS. NUMBER OF DAYS WITH
THUNDERSTORM 4 MIXED PRECIP 0
HEAVY RAIN 4 RAIN 5
LIGHT RAIN 13 FREEZING RAIN 0
LT FREEZING RAIN 0 HAIL 0
HEAVY SNOW 0 SNOW 0
LIGHT SNOW 0 SLEET 0
FOG 17 FOG W/VIS <= 1/4 MILE 10
HAZE 0
- INDICATES NEGATIVE NUMBERS.
R INDICATES RECORD WAS SET OR TIED.
MM INDICATES DATA IS MISSING.
T INDICATES TRACE AMOUNT.
$$