000
CXUS51 KCAR 021851
CLMBGR
CLIMATE REPORT
NATIONAL WEATHER SERVICE CARIBOU ME
249 PM EDT SAT SEP 02 2023
...................................
...THE BANGOR ME CLIMATE SUMMARY FOR THE MONTH OF AUGUST 2023...
CLIMATE NORMAL PERIOD: 1991 TO 2020
CLIMATE RECORD PERIOD: 1925 TO 2023
WEATHER OBSERVED NORMAL DEPART LAST YEAR`S
VALUE DATE(S) VALUE FROM VALUE DATE(S)
NORMAL
................................................................
TEMPERATURE (F)
RECORD
HIGH 104 08/19/1935
LOW 32 08/28/1940
08/27/1940
HIGHEST 84 08/21 MM MM 93 08/07
LOWEST 47 08/02 MM MM 49 08/28
08/23
AVG. MAXIMUM 76.1 79.4 -3.3 81.1
AVG. MINIMUM 58.0 57.0 1.0 61.0
MEAN 67.0 68.2 -1.2 71.0
DAYS MAX >= 90 0 1.7 -1.7 2
DAYS MAX <= 32 0 0.0 0.0 0
DAYS MIN <= 32 0 0.0 0.0 0
DAYS MIN <= 0 0 0.0 0.0 0
PRECIPITATION (INCHES)
RECORD
MAXIMUM 8.33 2011
MINIMUM 0.61 1995
TOTALS 6.22 3.16
DAILY AVG. 0.20 0.10 0.10 0.14
DAYS >= .01 15 9.8 5.2 10
DAYS >= .10 9 5.8 3.2 7
DAYS >= .50 2 2.0 0.0 2
DAYS >= 1.00 1 0.6 0.4 2
GREATEST
24 HR. TOTAL 3.61 08/07 TO 08/08 2.13 08/17 TO 08/18
SNOWFALL (INCHES)
RECORDS
TOTAL MM MM
TOTALS 0.0 0.0 0.0 0.0
SINCE 7/1 0.0 0.0 0.0 MM
SNOWDEPTH AVG. 0 0
DAYS >= 1.0 0 0.0 0.0 0
GREATEST
SNOW DEPTH 0 0 MM
24 HR TOTAL MM MM
DEGREE DAYS
HEATING TOTAL 21 26 -5 2
SINCE 7/1 21 38 -17 MM
COOLING TOTAL 92 125 -33 194
SINCE 1/1 394 346 48 MM
................................................................
WIND (MPH)
AVERAGE WIND SPEED 6.6
HIGHEST WIND SPEED/DIRECTION 26/340 DATE 08/31
HIGHEST GUST SPEED/DIRECTION 39/320 DATE 08/31
SKY COVER
POSSIBLE SUNSHINE (PERCENT) MM
AVERAGE SKY COVER 0.63
NUMBER OF DAYS FAIR 5
NUMBER OF DAYS PC 14
NUMBER OF DAYS CLOUDY 12
AVERAGE RH (PERCENT) 76
WEATHER CONDITIONS. NUMBER OF DAYS WITH
THUNDERSTORM 4 MIXED PRECIP 0
HEAVY RAIN 4 RAIN 9
LIGHT RAIN 17 FREEZING RAIN 0
LT FREEZING RAIN 0 HAIL 0
HEAVY SNOW 0 SNOW 0
LIGHT SNOW 0 SLEET 0
FOG 24 FOG W/VIS <= 1/4 MILE 5
HAZE 1
- INDICATES NEGATIVE NUMBERS.
* INDICATES RECORD WAS SET OR TIED.
MM INDICATES DATA IS MISSING.
T INDICATES TRACE AMOUNT.
---------------------------------------------------------------------
...NORTHERN/EASTERN MAINE AUGUST 2023 CLIMATE MONTHLY SUMMARY...
AUGUST 2023 WILL BE REMEMBERED FOR COOLER THAN AVERAGE TEMPERATURES
AND WELL ABOVE AVERAGE RAINFALL.
AFTER THE WARMEST JULY ON RECORD IN CARIBOU AND A TOP 4 WARMEST JULY
ON RECORD AT THE OTHER LONG TERM CLIMATE SITES, AUGUST WAS MUCH
COOLER ACROSS THE REGION WITH TEMPERATURES THAT AVERAGED FROM 1 TO
2.5 DEGREES BELOW AVERAGE.
IN CARIBOU, THERE WERE NO 80 DEGREE DAYS THE ENTIRE MONTH. THE ONLY
OTHER TIME THIS HAS OCCURRED SINCE WEATHER RECORDS BEGAN IN 1939 WAS
BACK IN 1972. ON AVERAGE, CARIBOU OBSERVES 8 DAYS WITH A HIGH OF
80F OR WARMER DURING THE MONTH OF AUGUST. IN BANGOR THERE WERE 7
DAYS WITH A HIGH OF 80F OR WARMER, AND THE HIGHEST TEMPERATURE ALL
MONTH WAS 84F. TYPICALLY BANGOR OBSERVES 16 DAYS DURING THE MONTH OF
AUGUST WITH A HIGH OF 80F OR WARMER.
RAINFALL ACROSS THE REGION THIS PAST AUGUST WAS WELL ABOVE AVERAGE
AND RANGED FROM 150 TO 200 PERCENT OF NORMAL, AND WAS SPREAD OUT
FAIRLY EVENLY ACROSS THE MONTH. THE AUGUST 2023 TOTAL PAN
EVAPORATION OF 2.38 INCHES AT CARIBOU WAS MUCH LESS THAN RAINFALL
ACROSS THE REGION, MEANING SOILS BECAME INCREASINGLY MOIST. THERE
WERE SOME FIELDS AT THE END OF THE MONTH THAT HAD PATCHES OF
STANDING WATER. STREAMFLOWS ACROSS MOST OF THE REGION WERE ABOVE TO
WELL ABOVE AVERAGE AT THE END OF THE MONTH.
THERE WAS LITTLE SEVERE WEATHER IN JUNE AND JULY, AND AUGUST HAD THE
MOST REPORTS OF SEVERE THUNDERSTORMS OF ANY MONTH THIS SUMMER. ON
AUGUST 13TH THERE WERE SEVERAL SEVERE THUNDERSTORMS THAT KNOCKED
DOWN TREES AND PRODUCED LARGE HAIL IN PORTIONS OF AROOSTOOK,
PISCATAQUIS, AND PENOBSCOT COUNTIES.
THE CLIMATE PREDICTION CENTER`S OUTLOOK FOR THE MONTH OF SEPTEMBER
2023 INDICATES THAT THE ODDS ARE SLIGHTLY TILTED TOWARD ABOVE
AVERAGE TEMPERATURES. THERE ARE NO STRONG SIGNALS THAT WOULD POINT
TOWARD ABOVE OR BELOW AVERAGE PRECIPITATION. AVERAGE HIGH
TEMPERATURES ARE IN THE LOW TO MID 70S AT THE START OF THE MONTH AND
DROP TO THE LOW TO MID 60S BY THE END OF THE MONTH. AVERAGE LOWS
DROP FROM THE LOW 50S EARLY IN THE MONTH TO THE LOW 40S BY THE END
OF THE MONTH. FROST BECOMES AN INCREASING THREAT DURING THE MONTH OF
SEPTEMBER, ESPECIALLY ACROSS THE NORTHERN VALLEYS DURING THE SECOND
HALF OF THE MONTH. ALTHOUGH VERY RARE, SNOW HAS BEEN OBSERVED ACROSS
FAR NORTHERN PORTIONS OF THE REGION LATE IN THE MONTH. THE CHANCES
OF SEVERE THUNDERSTORMS DROPS OFF RAPIDLY DURING THE MONTH.
SEPTEMBER IS THE MOST LIKELY MONTH FOR THE REGION TO BE AFFECTED BY
A TROPICAL SYSTEM OR THE REMAINS OF A TROPICAL SYSTEM.
$$
CB/VJN