000
CXUS54 KBMX 011010
CF6BHM
PRELIMINARY LOCAL CLIMATOLOGICAL DATA (WS FORM: F-6)
STATION: BIRMINGHAM
MONTH: AUGUST
YEAR: 2021
LATITUDE: 33 34 N
LONGITUDE: 86 45 W
TEMPERATURE IN F: :PCPN: SNOW: WIND :SUNSHINE: SKY :PK WND
================================================================================
1 2 3 4 5 6A 6B 7 8 9 10 11 12 13 14 15 16 17 18
12Z AVG MX 2MIN
DY MAX MIN AVG DEP HDD CDD WTR SNW DPTH SPD SPD DIR MIN PSBL S-S WX SPD DR
================================================================================
1 89 73 81 -1 0 16 0.00 0.0 0 4.6 15 360 M M 5 18 18 20
2 83 73 78 -4 0 13 0.01 0.0 0 3.0 12 350 M M 9 18 14 60
3 87 69 78 -4 0 13 0.00 0.0 0 4.4 15 340 M M 4 128 19 340
4 88 66 77 -5 0 12 0.00 0.0 0 4.0 10 350 M M 4 8 13 360
5 88 71 80 -2 0 15 0.00 0.0 0 3.9 10 110 M M 6 23 90
6 87 73 80 -2 0 15 0.00 0.0 0 3.0 8 330 M M 7 11 100
7 88 72 80 -2 0 15 0.09 0.0 0 3.7 17 190 M M 6 13 22 130
8 91 70 81 -1 0 16 0.00 0.0 0 2.3 9 300 M M 4 12 230
9 91 75 83 1 0 18 0.02 0.0 M 3.2 14 170 M M 5 19 180
10 92 75 84 2 0 19 2.02 0.0 0 2.7 30 310 M M 5 3 40 310
11 90 73 82 0 0 17 1.01 0.0 0 3.6 25 210 M M 6 13 38 150
12 91 70 81 0 0 16 0.00 0.0 0 3.6 9 20 M M 5 11 30
13 92 72 82 1 0 17 0.00 0.0 0 1.9 17 350 M M 4 3 22 340
14 93 72 83 2 0 18 0.00 0.0 M 3.5 12 230 M M 4 3 15 240
15 89 74 82 1 0 17 0.06 0.0 M 4.6 16 260 M M 6 13 20 260
16 88 73 81 0 0 16 0.12 0.0 M 6.0 13 110 M M 8 1 18 110
17 89 72 81 0 0 16 0.00 0.0 0 5.6 14 350 M M 6 18 350
18 92 74 83 2 0 18 0.00 0.0 M 3.5 13 350 M M 5 16 170
19 82 74 78 -3 0 13 1.03 0.0 M 2.5 13 310 M M 7 13 16 210
20 86 74 80 -1 0 15 T 0.0 0 4.6 12 310 M M 8 18 16 310
21 85 75 80 -1 0 15 0.11 0.0 0 6.3 21 340 M M 8 13 27 340
22 91 74 83 2 0 18 T 0.0 0 4.7 21 260 M M 5 25 290
23 93 73 83 3 0 18 0.00 0.0 0 2.4 13 20 M M 2 14 320
24 94 71 83 3 0 18 0.00 0.0 0 2.2 10 120 M M 1 13 120
25 96 76 86 6 0 21 0.00 0.0 0 3.6 14 120 M M 3 23 120
26 90 73 82 2 0 17 0.00 0.0 0 3.9 10 120 M M 4 14 80
27 89 75 82 2 0 17 0.13 0.0 0 4.3 18 130 M M 4 8 26 140
28 91 73 82 2 0 17 T 0.0 0 6.6 18 140 M M 5 25 130
29 88 74 81 1 0 16 0.22 0.0 0 6.1 30 180 M M 8 138 35 180
30 80 73 77 -3 0 12 1.03 0.0 0 9.8 21 130 M M 9 1 31 140
31 75 73 74 -5 0 9 1.85 0.0 0 13.1 24 210 M M 10 1 33 190
================================================================================
SM 2748 2255 0 493 7.70 0.0 137.2 M 173
================================================================================
AV 88.6 72.7 4.4 FASTST M M 6 MAX(MPH)
MISC ----> # 30 310 40 310
================================================================================
NOTES:
# LAST OF SEVERAL OCCURRENCES
COLUMN 17 PEAK WIND IN M.P.H.
PRELIMINARY LOCAL CLIMATOLOGICAL DATA (WS FORM: F-6) , PAGE 2
STATION: BIRMINGHAM
MONTH: AUGUST
YEAR: 2021
LATITUDE: 33 34 N
LONGITUDE: 86 45 W
[TEMPERATURE DATA] [PRECIPITATION DATA] SYMBOLS USED IN COLUMN 16
AVERAGE MONTHLY: 80.7 TOTAL FOR MONTH: 7.70 1 = FOG OR MIST
DPTR FM NORMAL: -0.2 DPTR FM NORMAL: 3.35 2 = FOG REDUCING VISIBILITY
HIGHEST: 96 ON 25 GRTST 24HR 3.03 ON 10-11 TO 1/4 MILE OR LESS
LOWEST: 66 ON 4 3 = THUNDER
SNOW, ICE PELLETS, HAIL 4 = ICE PELLETS
TOTAL MONTH: 0.0 INCH 5 = HAIL
GRTST 24HR 0.0 6 = FREEZING RAIN OR DRIZZLE
GRTST DEPTH: 0 7 = DUSTSTORM OR SANDSTORM:
VSBY 1/2 MILE OR LESS
8 = SMOKE OR HAZE
[NO. OF DAYS WITH] [WEATHER - DAYS WITH] 9 = BLOWING SNOW
X = TORNADO
MAX 32 OR BELOW: 0 0.01 INCH OR MORE: 13
MAX 90 OR ABOVE: 14 0.10 INCH OR MORE: 9
MIN 32 OR BELOW: 0 0.50 INCH OR MORE: 5
MIN 0 OR BELOW: 0 1.00 INCH OR MORE: 5
[HDD (BASE 65) ]
TOTAL THIS MO. 0 CLEAR (SCALE 0-3) 3
DPTR FM NORMAL 0 PTCLDY (SCALE 4-7) 24
TOTAL FM JUL 1 0 CLOUDY (SCALE 8-10) 4
DPTR FM NORMAL 0
[CDD (BASE 65) ]
TOTAL THIS MO. 493
DPTR FM NORMAL -1 [PRESSURE DATA]
TOTAL FM JAN 1 1647 HIGHEST SLP 30.22 ON 12
DPTR FM NORMAL -85 LOWEST SLP 29.60 ON 31
[REMARKS]
#FINAL-08-21#