000
CXUS54 KBMX 041548
CLMBHM
CLIMATE REPORT
NATIONAL WEATHER SERVICE BIRMINGHAM AL
948 AM CST MON DEC 04 2023
...................................
...THE BIRMINGHAM CLIMATE SUMMARY FOR THE MONTH OF NOVEMBER 2023...
CLIMATE NORMAL PERIOD 1991 TO 2020
CLIMATE RECORD PERIOD 1895 TO 2023
WEATHER OBSERVED NORMAL DEPART LAST YEAR`S
VALUE DATE(S) VALUE FROM VALUE DATE(S)
NORMAL
................................................................
TEMPERATURE (F)
RECORD
HIGH 88 11/01/2016
LOW 5 11/25/1950
HIGHEST 82 11/07 MM MM 85 11/07
11/08
LOWEST 24 11/29 MM MM 25 11/18
11/21
AVG. MAXIMUM 66.7 65.0 1.7 66.0
AVG. MINIMUM 43.9 43.0 0.9 44.5
MEAN 55.3 55.2
DAYS MAX >= 90 0 0.0 0.0 0
DAYS MAX <= 32 0 0.0 0.0 0
DAYS MIN <= 32 4 5.4 -1.4 7
DAYS MIN <= 0 0 0.0 0.0 0
PRECIPITATION (INCHES)
RECORD
MAXIMUM 15.25 1948
MINIMUM 0.00 2017
TOTALS 0.93 4.23 -3.30 5.61
DAILY AVG. 0.03 0.14 -0.11 0.19
DAYS >= .01 6 8.4 -2.4 10
DAYS >= .10 3 6.0 -3.0 7
DAYS >= .50 0 2.9 -2.9 3
DAYS >= 1.00 0 1.5 -1.5 2
DEGREE DAYS
HEATING TOTAL 294 344 -50 322
SINCE 7/1 364 454 -90 MM
COOLING TOTAL 10 14 -4 38
SINCE 1/1 2360 2174 186 MM
................................................................
WIND (MPH)
AVERAGE WIND SPEED 5.1
HIGHEST WIND SPEED/DIRECTION 25/160 DATE 11/21
HIGHEST GUST SPEED/DIRECTION 42/150 DATE 11/21
AVERAGE RH (PERCENT) 62
WEATHER CONDITIONS. NUMBER OF DAYS WITH
THUNDERSTORM 1 MIXED PRECIP 0
HEAVY RAIN 1 RAIN 2
LIGHT RAIN 8 FREEZING RAIN 0
LT FREEZING RAIN 0 HAIL 0
HEAVY SNOW 0 SNOW 0
LIGHT SNOW 0 SLEET 0
FOG 6 FOG W/VIS <= 1/4 MILE 0
HAZE 5
- INDICATES NEGATIVE NUMBERS.
R INDICATES RECORD WAS SET OR TIED.
MM INDICATES DATA IS MISSING.
T INDICATES TRACE AMOUNT.
$$