000
CXUS55 KVEF 010910
CF6BIH
PRELIMINARY LOCAL CLIMATOLOGICAL DATA (WS FORM: F-6)
STATION: BISHOP CA
MONTH: FEBRUARY
YEAR: 2024
LATITUDE: 37 22 N
LONGITUDE: 118 22 W
TEMPERATURE IN F: :PCPN: SNOW: WIND :SUNSHINE: SKY :PK WND
================================================================================
1 2 3 4 5 6A 6B 7 8 9 10 11 12 13 14 15 16 17 18
12Z AVG MX 2MIN
DY MAX MIN AVG DEP HDD CDD WTR SNW DPTH SPD SPD DIR MIN PSBL S-S WX SPD DR
================================================================================
1 53 37 45 4 20 0 0.18 0.0 0 18.7 37 140 M M 8 1 53 140
2 54 27 41 0 24 0 0.00 0.0 0 4.2 13 190 M M 2 17 200
3 49 20 35 -6 30 0 0.00 0.0 0 3.8 10 170 M M 3 14 160
4 42 33 38 -3 27 0 1.61 0.0 0 24.3 36 160 M M 9 1 50 170
5 51 37 44 3 21 0 0.43 T 0 12.3 24 130 M M 9 1 33 130
6 47 35 41 -1 24 0 0.15 T 0 4.3 16 150 M M 9 1 25 160
7 50 27 39 -3 26 0 0.00 0.0 0 9.3 26 150 M M 3 1 37 160
8 52 29 41 -1 24 0 0.04 T 0 8.2 22 360 M M 7 1 28 360
9 49 24 37 -5 28 0 0.00 0.0 0 8.2 26 320 M M 5 39 310
10 47 29 38 -4 27 0 0.00 0.0 0 13.6 23 320 M M 0 30 330
11 53 17 35 -7 30 0 0.00 0.0 0 3.5 10 290 M M 0 11 290
12 59 21 40 -2 25 0 0.00 0.0 0 5.5 14 360 M M 0 16 360
13 55 25 40 -2 25 0 0.00 0.0 0 4.6 10 170 M M 0 15 160
14 57 25 41 -1 24 0 0.00 0.0 0 5.4 21 150 M M 2 27 170
15 62 33 48 5 17 0 0.00 0.0 0 6.0 14 350 M M 2 18 330
16 58 25 42 -1 23 0 0.00 0.0 0 5.1 10 290 M M 2 13 360
17 59 30 45 2 20 0 0.00 0.0 0 7.3 22 170 M M 3 29 150
18 62 25 44 1 21 0 0.00 0.0 0 11.0 26 170 M M 0 39 150
19 54 32 43 0 22 0 0.93 0.0 0 11.9 33 140 M M 6 1 46 140
20 56 30 43 -1 22 0 0.06 0.0 0 8.1 25 150 M M 5 35 160
21 60 31 46 2 19 0 0.00 0.0 0 3.5 10 30 M M 2 18 210
22 59 28 44 0 21 0 0.00 0.0 0 5.6 16 170 M M 2 23 160
23 59 29 44 0 21 0 0.00 0.0 0 4.7 9 300 M M 0 10 300
24 62 28 45 1 20 0 0.00 0.0 0 4.5 12 160 M M 0 17 170
25 63 26 45 0 20 0 0.00 0.0 0 6.9 17 150 M M 0 23 160
26 69 28 49 4 16 0 0.00 0.0 0 8.3 22 270 M M 0 29 270
27 65 31 48 3 17 0 0.00 0.0 0 11.5 29 340 M M 0 38 360
28 64 24 44 -2 21 0 0.00 0.0 0 7.0 16 150 M M 0 23 150
29 67 28 48 2 17 0 0.00 0.0 0 12.2 38 220 M M 1 53 250
================================================================================
SM 1637 814 652 0 3.40 T 239.5 M 80
================================================================================
AV 56.4 28.1 8.3 FASTST M M 3 MAX(MPH)
MISC ----> 38 220 # 53 140
================================================================================
NOTES:
# LAST OF SEVERAL OCCURRENCES
COLUMN 17 PEAK WIND IN M.P.H.
PRELIMINARY LOCAL CLIMATOLOGICAL DATA (WS FORM: F-6) , PAGE 2
STATION: BISHOP CA
MONTH: FEBRUARY
YEAR: 2024
LATITUDE: 37 22 N
LONGITUDE: 118 22 W
[TEMPERATURE DATA] [PRECIPITATION DATA] SYMBOLS USED IN COLUMN 16
AVERAGE MONTHLY: 42.3 TOTAL FOR MONTH: 3.40 1 = FOG OR MIST
DPTR FM NORMAL: -0.6 DPTR FM NORMAL: 2.51 2 = FOG REDUCING VISIBILITY
HIGHEST: 69 ON 26 GRTST 24HR 2.02 ON 4- 5 TO 1/4 MILE OR LESS
LOWEST: 17 ON 11 3 = THUNDER
SNOW, ICE PELLETS, HAIL 4 = ICE PELLETS
TOTAL MONTH: T 5 = HAIL
GRTST 24HR T ON 5- 5 6 = FREEZING RAIN OR DRIZZLE
GRTST DEPTH: 0 7 = DUSTSTORM OR SANDSTORM:
VSBY 1/2 MILE OR LESS
8 = SMOKE OR HAZE
[NO. OF DAYS WITH] [WEATHER - DAYS WITH] 9 = BLOWING SNOW
X = TORNADO
MAX 32 OR BELOW: 0 0.01 INCH OR MORE: 7
MAX 90 OR ABOVE: 0 0.10 INCH OR MORE: 5
MIN 32 OR BELOW: 24 0.50 INCH OR MORE: 2
MIN 0 OR BELOW: 0 1.00 INCH OR MORE: 1
[HDD (BASE 65) ]
TOTAL THIS MO. 652 CLEAR (SCALE 0-3) 21
DPTR FM NORMAL 32 PTCLDY (SCALE 4-7) 5
TOTAL FM JUL 1 2908 CLOUDY (SCALE 8-10) 3
DPTR FM NORMAL -214
[CDD (BASE 65) ]
TOTAL THIS MO. 0
DPTR FM NORMAL 0 [PRESSURE DATA]
TOTAL FM JAN 1 0 HIGHEST SLP M ON M
DPTR FM NORMAL 0 LOWEST SLP 29.49 ON 6
[REMARKS]
#FINAL-02-24#