389
CXUS55 KBYZ 011402
CF6BIL
PRELIMINARY LOCAL CLIMATOLOGICAL DATA (WS FORM: F-6)
STATION: BILLINGS MT
MONTH: JULY
YEAR: 2020
LATITUDE: 45 47 N
LONGITUDE: 108 32 W
TEMPERATURE IN F: :PCPN: SNOW: WIND :SUNSHINE: SKY :PK WND
================================================================================
1 2 3 4 5 6A 6B 7 8 9 10 11 12 13 14 15 16 17 18
12Z AVG MX 2MIN
DY MAX MIN AVG DEP HDD CDD WTR SNW DPTH SPD SPD DIR MIN PSBL S-S WX SPD DR
================================================================================
1 79 51 65 -5 0 0 0.00 0.0 0 9.5 35 260 M M 4 54 220
2 83 52 68 -2 0 3 0.00 0.0 0 6.6 14 60 M M 4 18 60
3 87 58 73 3 0 8 T 0.0 0 7.2 25 330 M M 6 3 29 280
4 88 59 74 4 0 9 T 0.0 0 7.3 30 330 M M 5 3 37 320
5 84 57 71 0 0 6 0.08 0.0 0 6.1 18 270 M M 5 3 28 240
6 84 58 71 0 0 6 0.00 0.0 0 6.8 21 60 M M 3 25 70
7 88 58 73 2 0 8 T 0.0 0 9.2 47 330 M M 4 3 55 330
8 82 56 69 -3 0 4 0.00 0.0 0 9.1 22 340 M M 3 31 310
9 84 55 70 -2 0 5 0.25 0.0 0 8.3 36 300 M M 2 3 45 290
10 82 59 71 -1 0 6 T 0.0 0 8.5 23 300 M M 3 3 31 310
11 89 57 73 1 0 8 0.00 0.0 0 5.0 15 310 M M 1 19 320
12 95 57 76 3 0 11 0.00 0.0 0 10.6 25 30 M M 3 35 30
13 79 58 69 -4 0 4 T 0.0 0 8.4 20 300 M M 7 24 10
14 80 52 66 -7 0 1 0.00 0.0 0 7.7 14 330 M M 2 21 310
15 88 53 71 -2 0 6 0.00 0.0 0 10.6 24 270 M M 2 31 260
16 91 56 74 1 0 9 0.00 0.0 0 5.5 12 210 M M 1 13 120
17 96 63 80 7 0 15 T 0.0 0 9.8 29 20 M M 5 36 20
18 82 61 72 -2 0 7 0.12 0.0 0 9.4 18 360 M M 4 13 25 310
19 86 59 73 -1 0 8 0.00 0.0 0 6.2 14 360 M M 3 17 20
20 80 59 70 -4 0 5 0.00 0.0 0 8.6 18 60 M M 4 25 80
21 91 58 75 1 0 10 0.00 0.0 0 4.7 14 90 M M 1 17 100
22 99 63 81 7 0 16 0.00 0.0 0 7.3 15 330 M M 3 20 340
23 86 65 76 2 0 11 0.01 0.0 0 11.8 41 290 M M 7 3 49 290
24 90 60 75 1 0 10 T 0.0 0 6.6 14 250 M M 3 3 18 260
25 85 64 75 1 0 10 0.00 0.0 0 7.9 17 60 M M 3 20 60
26 87 56 72 -2 0 7 0.00 0.0 0 5.6 12 90 M M 2 14 100
27 91 59 75 1 0 10 0.00 0.0 0 8.1 15 50 M M 1 19 40
28 92 63 78 4 0 13 0.02 0.0 0 6.4 22 250 M M 6 3 27 240
29 90 66 78 4 0 13 0.00 0.0 0 11.0 25 260 M M 7 32 250
30 93 66 80 6 0 15 T 0.0 0 9.1 21 220 M M 3 27 210
31 92 64 78 4 0 13 0.01 0.0 0 11.3 23 320 M M 3 3 29 20
================================================================================
SM 2703 1822 0 257 0.49 0.0 250.2 M 110
================================================================================
AV 87.2 58.8 8.1 FASTST M M 4 MAX(MPH)
MISC ----> 47 330 55 330
================================================================================
NOTES:
# LAST OF SEVERAL OCCURRENCES
COLUMN 17 PEAK WIND IN M.P.H.
PRELIMINARY LOCAL CLIMATOLOGICAL DATA (WS FORM: F-6) , PAGE 2
STATION: BILLINGS MT
MONTH: JULY
YEAR: 2020
LATITUDE: 45 47 N
LONGITUDE: 108 32 W
[TEMPERATURE DATA] [PRECIPITATION DATA] SYMBOLS USED IN COLUMN 16
AVERAGE MONTHLY: 73.0 TOTAL FOR MONTH: 0.49 1 = FOG OR MIST
DPTR FM NORMAL: 0.2 DPTR FM NORMAL: -0.83 2 = FOG REDUCING VISIBILITY
HIGHEST: 99 ON 22 GRTST 24HR 0.25 ON 9- 9 TO 1/4 MILE OR LESS
LOWEST: 51 ON 1 3 = THUNDER
SNOW, ICE PELLETS, HAIL 4 = ICE PELLETS
TOTAL MONTH: 0.0 INCH 5 = HAIL
GRTST 24HR 0.0 6 = FREEZING RAIN OR DRIZZLE
GRTST DEPTH: 0 7 = DUSTSTORM OR SANDSTORM:
VSBY 1/2 MILE OR LESS
8 = SMOKE OR HAZE
[NO. OF DAYS WITH] [WEATHER - DAYS WITH] 9 = BLOWING SNOW
X = TORNADO
MAX 32 OR BELOW: 0 0.01 INCH OR MORE: 6
MAX 90 OR ABOVE: 11 0.10 INCH OR MORE: 2
MIN 32 OR BELOW: 0 0.50 INCH OR MORE: 0
MIN 0 OR BELOW: 0 1.00 INCH OR MORE: 0
[HDD (BASE 65) ]
TOTAL THIS MO. 0 CLEAR (SCALE 0-3) 16
DPTR FM NORMAL -12 PTCLDY (SCALE 4-7) 15
TOTAL FM JUL 1 0 CLOUDY (SCALE 8-10) 0
DPTR FM NORMAL -12
[CDD (BASE 65) ]
TOTAL THIS MO. 257
DPTR FM NORMAL 1 [PRESSURE DATA]
TOTAL FM JAN 1 375 HIGHEST SLP 30.16 ON 11
DPTR FM NORMAL 17 LOWEST SLP 29.53 ON 7
[REMARKS]
#FINAL-07-20#