000
CXUS53 KBIS 012038
CF6BIS
PRELIMINARY LOCAL CLIMATOLOGICAL DATA (WS FORM: F-6)
STATION: BISMARCK ND
MONTH: AUGUST
YEAR: 2022
LATITUDE: 46 46 N
LONGITUDE: 100 45 W
TEMPERATURE IN F: :PCPN: SNOW: WIND :SUNSHINE: SKY :PK WND
================================================================================
1 2 3 4 5 6A 6B 7 8 9 10 11 12 13 14 15 16 17 18
12Z AVG MX 2MIN
DY MAX MIN AVG DEP HDD CDD WTR SNW DPTH SPD SPD DIR MIN PSBL S-S WX SPD DR
================================================================================
1 92 56 74 2 0 9 0.00 0.0 0 9.7 20 140 M M 0 28 160
2 91 61 76 4 0 11 T 0.0 0 6.2 31 280 M M 1 51 270
3 83 63 73 1 0 8 0.00 0.0 0 8.6 18 310 M M 0 25 340
4 103 61 82 10 0 17 0.00 0.0 0 13.2 20 160 M M 0 28 160
5 94 72 83 11 0 18 0.00 0.0 0 10.6 22 350 M M 0 30 30
6 75 59 67 -5 0 2 T 0.0 0 9.3 17 340 M M 6 26 10
7 72 56 64 -8 1 0 0.12 0.0 0 3.2 9 50 M M 7 1 12 40
8 92 49 71 -1 0 6 0.00 0.0 0 6.6 16 170 M M 0 1 22 180
9 91 60 76 5 0 11 0.00 0.0 0 9.0 20 60 M M 0 26 70
10 86 55 71 0 0 6 0.00 0.0 0 8.8 17 70 M M 0 25 40
11 80 60 70 -1 0 5 0.03 0.0 0 13.8 26 110 M M 1 3 33 90
12 86 64 75 4 0 10 0.00 0.0 0 8.0 20 100 M M 5 13 24 100
13 86 63 75 4 0 10 0.00 0.0 0 5.8 16 120 M M 6 13 21 130
14 89 66 78 8 0 13 0.01 0.0 0 7.9 17 160 M M 1 3 23 150
15 92 65 79 9 0 14 0.00 0.0 0 8.1 23 170 M M 0 28 190
16 92 64 78 8 0 13 0.00 0.0 0 4.7 12 240 M M 0 15 240
17 93 60 77 7 0 12 T 0.0 0 4.8 16 60 M M 1 3 20 40
18 87 62 75 5 0 10 0.06 0.0 0 10.5 24 10 M M 2 3 35 20
19 81 60 71 2 0 6 0.00 0.0 0 11.3 24 30 M M 4 31 20
20 88 59 74 5 0 9 0.00 0.0 0 5.5 14 110 M M 2 21 140
21 92 62 77 8 0 12 0.00 0.0 0 8.7 18 170 M M 1 27 130
22 94 63 79 11 0 14 0.00 0.0 0 10.4 21 140 M M 0 28 150
23 95 63 79 11 0 14 0.95 0.0 0 6.9 30 320 M M 2 13 40 350
24 75 62 69 1 0 4 0.00 0.0 0 6.0 14 30 M M 5 M M
25 79 57 68 0 0 3 0.00 0.0 0 2.9 8 60 M M 1 1 12 100
26 73 56 65 -2 0 0 0.00 0.0 0 9.1 17 130 M M 3 22 120
27 94 59 77 10 0 12 0.00 0.0 0 7.7 18 170 M M 3 1 23 170
28 81 63 72 5 0 7 0.03 0.0 0 12.7 28 290 M M 2 3 38 270
29 80 58 69 3 0 4 0.00 0.0 0 12.6 28 310 M M 0 40 310
30 92 50 71 5 0 6 0.00 0.0 0 3.5 12 260 M M 0 17 280
31 91 54 73 7 0 8 0.00 0.0 0 3.8 14 90 M M 0 18 70
================================================================================
SM 2699 1862 1 274 1.20 0.0 249.9 M 53
================================================================================
AV 87.1 60.1 8.1 FASTST M M 2 MAX(MPH)
MISC ----> 31 280 51 270
================================================================================
NOTES:
# LAST OF SEVERAL OCCURRENCES
COLUMN 17 PEAK WIND IN M.P.H.
PRELIMINARY LOCAL CLIMATOLOGICAL DATA (WS FORM: F-6) , PAGE 2
STATION: BISMARCK ND
MONTH: AUGUST
YEAR: 2022
LATITUDE: 46 46 N
LONGITUDE: 100 45 W
[TEMPERATURE DATA] [PRECIPITATION DATA] SYMBOLS USED IN COLUMN 16
AVERAGE MONTHLY: 73.6 TOTAL FOR MONTH: 1.20 1 = FOG OR MIST
DPTR FM NORMAL: 4.0 DPTR FM NORMAL: -1.30 2 = FOG REDUCING VISIBILITY
HIGHEST: 103 ON 4 GRTST 24HR 0.95 ON 23-23 TO 1/4 MILE OR LESS
LOWEST: 49 ON 8 3 = THUNDER
SNOW, ICE PELLETS, HAIL 4 = ICE PELLETS
TOTAL MONTH: 0.0 INCH 5 = HAIL
GRTST 24HR 0.0 6 = FREEZING RAIN OR DRIZZLE
GRTST DEPTH: 0 7 = DUSTSTORM OR SANDSTORM:
VSBY 1/2 MILE OR LESS
8 = SMOKE OR HAZE
[NO. OF DAYS WITH] [WEATHER - DAYS WITH] 9 = BLOWING SNOW
X = TORNADO
MAX 32 OR BELOW: 0 0.01 INCH OR MORE: 6
MAX 90 OR ABOVE: 15 0.10 INCH OR MORE: 2
MIN 32 OR BELOW: 0 0.50 INCH OR MORE: 1
MIN 0 OR BELOW: 0 1.00 INCH OR MORE: 0
[HDD (BASE 65) ]
TOTAL THIS MO. 1 CLEAR (SCALE 0-3) 25
DPTR FM NORMAL -30 PTCLDY (SCALE 4-7) 6
TOTAL FM JUL 1 1 CLOUDY (SCALE 8-10) 0
DPTR FM NORMAL -44
[CDD (BASE 65) ]
TOTAL THIS MO. 274
DPTR FM NORMAL 100 [PRESSURE DATA]
TOTAL FM JAN 1 684 HIGHEST SLP 30.26 ON 10
DPTR FM NORMAL 194 LOWEST SLP 29.43 ON 28
[REMARKS]
#FINAL-08-22#