000
CXUS53 KBIS 010830
CF6BIS
PRELIMINARY LOCAL CLIMATOLOGICAL DATA (WS FORM: F-6)
STATION: BISMARCK ND
MONTH: SEPTEMBER
YEAR: 2021
LATITUDE: 46 46 N
LONGITUDE: 100 45 W
TEMPERATURE IN F: :PCPN: SNOW: WIND :SUNSHINE: SKY :PK WND
================================================================================
1 2 3 4 5 6A 6B 7 8 9 10 11 12 13 14 15 16 17 18
12Z AVG MX 2MIN
DY MAX MIN AVG DEP HDD CDD WTR SNW DPTH SPD SPD DIR MIN PSBL S-S WX SPD DR
================================================================================
1 74 62 68 3 0 3 0.00 0.0 0 14.1 26 160 M M 4 34 160
2 72 55 64 -1 1 0 0.51 0.0 0 6.0 18 60 M M 6 1 26 30
3 75 52 64 -1 1 0 0.01 0.0 0 4.9 15 290 M M 3 22 290
4 81 50 66 2 0 1 0.00 0.0 0 6.4 18 270 M M 1 24 260
5 85 48 67 3 0 2 0.00 0.0 0 3.0 14 260 M M 0 18 240
6 95 52 74 10 0 9 0.00 0.0 0 7.2 23 280 M M 0 33 260
7 81 54 68 5 0 3 0.00 0.0 0 13.3 24 300 M M 0 41 310
8 79 51 65 2 0 0 0.00 0.0 0 7.3 16 330 M M 0 23 320
9 85 48 67 5 0 2 0.00 0.0 0 10.0 25 150 M M 0 33 170
10 91 51 71 9 0 6 0.00 0.0 0 4.1 17 350 M M 0 1 25 340
11 72 49 61 -1 4 0 T 0.0 0 8.6 20 30 M M 1 27 20
12 77 45 61 0 4 0 0.00 0.0 0 8.0 18 180 M M 4 28 160
13 70 54 62 1 3 0 0.19 0.0 0 5.4 16 120 M M 4 13 20 130
14 78 48 63 3 2 0 0.00 0.0 0 7.2 20 270 M M 2 26 260
15 88 50 69 9 0 4 0.00 0.0 0 9.1 20 200 M M 1 26 190
16 77 52 65 5 0 0 T 0.0 0 11.8 25 310 M M 3 36 290
17 73 47 60 1 5 0 0.00 0.0 M 9.2 18 160 M M 0 25 290
18 86 50 68 9 0 3 0.00 0.0 M 11.1 17 170 M M 0 24 160
19 86 55 71 13 0 6 0.16 0.0 0 12.1 31 330 M M 1 13 45 340
20 72 52 62 4 3 0 0.05 0.0 0 10.8 23 320 M M 4 1 33 330
21 74 41 58 0 7 0 0.00 0.0 0 5.9 16 280 M M 2 22 270
22 81 45 63 6 2 0 0.00 0.0 0 8.4 20 160 M M 0 30 160
23 83 46 65 8 0 0 0.02 0.0 0 8.4 23 330 M M 1 33 320
24 67 40 54 -2 11 0 T 0.0 0 11.1 24 280 M M 1 32 320
25 86 33 60 4 5 0 0.00 0.0 0 5.7 16 270 M M 0 22 260
26 89 46 68 13 0 3 0.00 0.0 0 5.2 13 60 M M 0 18 40
27 91 47 69 14 0 4 0.00 0.0 M 9.2 16 170 M M 0 22 150
28 98 55 77 23 0 12 0.00 0.0 0 13.5 30 170 M M 0 40 170
29 76 57 67 13 0 2 0.12 0.0 0 10.2 23 280 M M 4 3 29 280
30 75 52 64 11 1 0 0.00 0.0 0 6.8 16 330 M M 3 22 350
================================================================================
SM 2417 1487 49 60 1.06 0.0 254.0 M 45
================================================================================
AV 80.6 49.6 8.5 FASTST M M 2 MAX(MPH)
MISC ----> 31 330 45 340
================================================================================
NOTES:
# LAST OF SEVERAL OCCURRENCES
COLUMN 17 PEAK WIND IN M.P.H.
PRELIMINARY LOCAL CLIMATOLOGICAL DATA (WS FORM: F-6) , PAGE 2
STATION: BISMARCK ND
MONTH: SEPTEMBER
YEAR: 2021
LATITUDE: 46 46 N
LONGITUDE: 100 45 W
[TEMPERATURE DATA] [PRECIPITATION DATA] SYMBOLS USED IN COLUMN 16
AVERAGE MONTHLY: 65.1 TOTAL FOR MONTH: 1.06 1 = FOG OR MIST
DPTR FM NORMAL: 5.4 DPTR FM NORMAL: -0.66 2 = FOG REDUCING VISIBILITY
HIGHEST: 98 ON 28 GRTST 24HR 0.51 ON 2- 2 TO 1/4 MILE OR LESS
LOWEST: 33 ON 25 3 = THUNDER
SNOW, ICE PELLETS, HAIL 4 = ICE PELLETS
TOTAL MONTH: 0.0 INCH 5 = HAIL
GRTST 24HR 0.0 6 = FREEZING RAIN OR DRIZZLE
GRTST DEPTH: 0 7 = DUSTSTORM OR SANDSTORM:
VSBY 1/2 MILE OR LESS
8 = SMOKE OR HAZE
[NO. OF DAYS WITH] [WEATHER - DAYS WITH] 9 = BLOWING SNOW
X = TORNADO
MAX 32 OR BELOW: 0 0.01 INCH OR MORE: 7
MAX 90 OR ABOVE: 4 0.10 INCH OR MORE: 4
MIN 32 OR BELOW: 0 0.50 INCH OR MORE: 1
MIN 0 OR BELOW: 0 1.00 INCH OR MORE: 0
[HDD (BASE 65) ]
TOTAL THIS MO. 49 CLEAR (SCALE 0-3) 23
DPTR FM NORMAL -155 PTCLDY (SCALE 4-7) 7
TOTAL FM JUL 1 55 CLOUDY (SCALE 8-10) 0
DPTR FM NORMAL -199
[CDD (BASE 65) ]
TOTAL THIS MO. 60
DPTR FM NORMAL 16 [PRESSURE DATA]
TOTAL FM JAN 1 1032 HIGHEST SLP 30.36 ON 21
DPTR FM NORMAL 498 LOWEST SLP 29.50 ON 19
[REMARKS]
#FINAL-09-21#