000
CXUS53 KGRR 011017
CF6BIV
PRELIMINARY LOCAL CLIMATOLOGICAL DATA (WS FORM: F-6)
STATION: HOLLAND
MONTH: AUGUST
YEAR: 2020
LATITUDE: 42 49 N
LONGITUDE: 86 10 W
TEMPERATURE IN F: :PCPN: SNOW: WIND :SUNSHINE: SKY :PK WND
================================================================================
1 2 3 4 5 6A 6B 7 8 9 10 11 12 13 14 15 16 17 18
12Z AVG MX 2MIN
DY MAX MIN AVG DEP HDD CDD WTR SNW DPTH SPD SPD DIR MIN PSBL S-S WX SPD DR
================================================================================
1 79 65 72 0 0 7 0.04 M M 4.0 9 330 M M 1 14 300
2 78 66 72 0 0 7 0.41 M M 4.4 10 280 M M 7 1 15 280
3 76 62 69 -3 0 4 0.00 M M 6.9 14 10 M M 7 24 20
4 71 53 62 -10 3 0 0.00 M M 7.5 17 310 M M 3 29 330
5 75 48 62 -10 3 0 0.00 M M 4.6 15 250 M M 1 22 290
6 79 50 65 -7 0 0 0.00 M M 2.6 10 280 M M 1 1 16 160
7 84 52 68 -4 0 3 0.00 M M 3.5 13 140 M M 0 1 20 240
8 85 58 72 0 0 7 0.00 M M 6.4 17 190 M M 1 26 240
9 90 71 81 9 0 16 0.03 M M 10.0 16 240 M M 1 3 25 220
10 87 69 78 6 0 13 0.48 M M 8.7 25 250 M M 2 13 35 230
11 80 59 70 -2 0 5 0.00 M M 5.1 14 280 M M 2 23 290
12 86 54 70 -2 0 5 0.00 M M 3.0 10 310 M M 0 1 16 270
13 87 57 72 0 0 7 0.00 M M 3.2 13 110 M M 0 18 120
14 90 60 75 3 0 10 0.00 M M 5.2 14 120 M M 1 24 110
15 85 62 74 3 0 9 0.00 M M 4.4 13 170 M M 1 1 16 170
16 83 62 73 2 0 8 0.05 M M 6.2 16 230 M M 1 21 240
17 81 60 71 0 0 6 T M M 4.8 14 270 M M 1 22 340
18 77 57 67 -4 0 2 0.00 M M 6.5 17 310 M M 1 29 320
19 80 48 64 -7 1 0 0.00 M M 3.1 12 250 M M 0 16 260
20 80 57 69 -2 0 4 0.00 M M 6.4 15 250 M M 0 20 240
21 83 60 72 1 0 7 0.00 M M 3.7 12 270 M M 0 1 19 240
22 85 59 72 2 0 7 0.00 M M 4.5 14 230 M M 0 1 20 240
23 86 62 74 4 0 9 T M M 5.0 15 250 M M 0 18 23 270
24 88 67 78 8 0 13 0.00 M M 6.4 15 240 M M 0 20 240
25 83 69 76 6 0 11 0.07 M M 3.4 9 350 M M 3 13 17 350
26 89 69 79 9 0 14 0.00 M M 10.3 20 230 M M 2 27 230
27 88 74 81 11 0 16 0.00 M M 11.1 23 240 M M 4 31 250
28 87 68 78 9 0 13 1.08 M M 8.8 21 240 M M 7 13 33 260
29 75 58 67 -2 0 2 T M M 8.7 18 310 M M 5 30 290
30 75 53 64 -5 1 0 0.00 M M 3.3 10 310 M M 2 16 290
31 81 57 69 1 0 4 0.00 M M 6.0 15 170 M M 2 21 160
================================================================================
SM 2553 1866 8 209 2.16 M 177.7 M 56
================================================================================
AV 82.4 60.2 5.7 FASTST M M 2 MAX(MPH)
MISC ----> # 25 250 # 35 230
================================================================================
NOTES:
# LAST OF SEVERAL OCCURRENCES
COLUMN 17 PEAK WIND IN M.P.H.
PRELIMINARY LOCAL CLIMATOLOGICAL DATA (WS FORM: F-6) , PAGE 2
STATION: HOLLAND
MONTH: AUGUST
YEAR: 2020
LATITUDE: 42 49 N
LONGITUDE: 86 10 W
[TEMPERATURE DATA] [PRECIPITATION DATA] SYMBOLS USED IN COLUMN 16
AVERAGE MONTHLY: 71.3 TOTAL FOR MONTH: 2.16 1 = FOG OR MIST
DPTR FM NORMAL: 0.3 DPTR FM NORMAL: -1.41 2 = FOG REDUCING VISIBILITY
HIGHEST: 90 ON 14, 9 GRTST 24HR 1.08 ON 28-28 TO 1/4 MILE OR LESS
LOWEST: 48 ON 19, 5 3 = THUNDER
SNOW, ICE PELLETS, HAIL 4 = ICE PELLETS
TOTAL MONTH: M 5 = HAIL
GRTST 24HR M ON M 6 = FREEZING RAIN OR DRIZZLE
GRTST DEPTH: M ON M 7 = DUSTSTORM OR SANDSTORM:
VSBY 1/2 MILE OR LESS
8 = SMOKE OR HAZE
[NO. OF DAYS WITH] [WEATHER - DAYS WITH] 9 = BLOWING SNOW
X = TORNADO
MAX 32 OR BELOW: 0 0.01 INCH OR MORE: 7
MAX 90 OR ABOVE: 2 0.10 INCH OR MORE: 3
MIN 32 OR BELOW: 0 0.50 INCH OR MORE: 1
MIN 0 OR BELOW: 0 1.00 INCH OR MORE: 1
[HDD (BASE 65) ]
TOTAL THIS MO. 8 CLEAR (SCALE 0-3) 26
DPTR FM NORMAL -1 PTCLDY (SCALE 4-7) 5
TOTAL FM JUL 1 8 CLOUDY (SCALE 8-10) 0
DPTR FM NORMAL -7
[CDD (BASE 65) ]
TOTAL THIS MO. 209
DPTR FM NORMAL 14 [PRESSURE DATA]
TOTAL FM JAN 1 741 HIGHEST SLP 30.19 ON 7
DPTR FM NORMAL 123 LOWEST SLP 29.59 ON 28
[REMARKS]
#FINAL-08-20#