000
CXUS56 KBOI 011002
CF6BKE
PRELIMINARY LOCAL CLIMATOLOGICAL DATA (WS FORM: F-6)
STATION: BAKER OR
MONTH: JULY
YEAR: 2022
LATITUDE: 44 50 N
LONGITUDE: 117 49 W
TEMPERATURE IN F: :PCPN: SNOW: WIND :SUNSHINE: SKY :PK WND
================================================================================
1 2 3 4 5 6A 6B 7 8 9 10 11 12 13 14 15 16 17 18
12Z AVG MX 2MIN
DY MAX MIN AVG DEP HDD CDD WTR SNW DPTH SPD SPD DIR MIN PSBL S-S WX SPD DR
================================================================================
1 83 50 67 2 0 2 0.00 M M 7.1 15 310 M M 0 20 300
2 85 50 68 3 0 3 0.01 M M 8.2 22 330 M M 1 3 32 330
3 77 49 63 -2 2 0 T M M 7.1 22 340 M M 2 29 340
4 74 48 61 -5 4 0 T M M 5.3 14 310 M M 4 17 310
5 83 42 63 -3 2 0 0.00 M M 4.0 14 320 M M 3 8 19 310
6 83 51 67 1 0 2 0.00 M M 6.1 18 330 M M 1 26 320
7 81 54 68 1 0 3 0.00 M M 9.8 22 340 M M 0 30 340
8 84 50 67 0 0 2 0.00 M M 7.6 18 320 M M 0 26 330
9 84 48 66 -1 0 1 0.00 M M 6.8 21 340 M M 0 29 340
10 80 47 64 -4 1 0 0.00 M M 8.6 20 340 M M 0 29 350
11 85 43 64 -4 1 0 0.00 M M 6.2 15 320 M M 0 19 320
12 98 45 72 4 0 7 T M M 3.7 18 300 M M 1 3 24 310
13 86 54 70 2 0 5 T M M 8.1 21 350 M M 0 3 29 350
14 91 48 70 1 0 5 0.00 M M 5.8 16 320 M M 0 8 22 330
15 90 50 70 1 0 5 0.00 M M 6.9 15 320 M M 0 19 320
16 92 45 69 0 0 4 0.00 M M 6.2 20 320 M M 0 8 27 320
17 93 49 71 2 0 6 0.00 M M 7.7 23 330 M M 0 32 320
18 78 45 62 -8 3 0 0.00 M M 5.7 14 310 M M 0 19 320
19 91 38 65 -5 0 0 0.00 M M 4.8 13 310 M M 0 18 320
20 94 45 70 0 0 5 0.00 M M 4.6 12 280 M M 0 17 330
21 94 45 70 0 0 5 0.00 M M 4.9 15 320 M M 0 22 320
22 85 46 66 -4 0 1 0.00 M M 6.6 18 340 M M 0 25 340
23 88 40 64 -6 1 0 0.00 M M 5.8 20 320 M M 0 27 320
24 88 44 66 -4 0 1 0.00 M M 8.8 21 300 M M 0 28 310
25 92 45 69 -1 0 4 0.00 M M 4.6 13 330 M M 0 18 320
26 95 48 72 2 0 7 0.00 M M 5.3 15 330 M M 0 22 330
27 95 55 75 5 0 10 0.00 M M 8.8 20 320 M M 0 29 310
28 98 58 78 8 0 13 0.00 M M 9.6 25 320 M M 0 8 33 320
29 101 51 76 6 0 11 0.00 M M 5.0 17 350 M M 0 24 340
30 101 48 75 5 0 10 0.00 0.0 0 4.1 15 340 M M 0 24 340
31 100 55 78 8 0 13 T 0.0 0 5.1 37 220 M M 1 3 62 220
================================================================================
SM 2749 1486 14 125 0.01 0.0 198.9 M 13
================================================================================
AV 88.7 47.9 6.4 FASTST M M 0 MAX(MPH)
MISC ----> 37 220 62 220
================================================================================
NOTES:
# LAST OF SEVERAL OCCURRENCES
COLUMN 17 PEAK WIND IN M.P.H.
PRELIMINARY LOCAL CLIMATOLOGICAL DATA (WS FORM: F-6) , PAGE 2
STATION: BAKER OR
MONTH: JULY
YEAR: 2022
LATITUDE: 44 50 N
LONGITUDE: 117 49 W
[TEMPERATURE DATA] [PRECIPITATION DATA] SYMBOLS USED IN COLUMN 16
AVERAGE MONTHLY: 68.3 TOTAL FOR MONTH: 0.01 1 = FOG OR MIST
DPTR FM NORMAL: -0.2 DPTR FM NORMAL: -0.54 2 = FOG REDUCING VISIBILITY
HIGHEST: 101 ON 30,29 GRTST 24HR 0.01 ON 2- 2 TO 1/4 MILE OR LESS
LOWEST: 38 ON 19 3 = THUNDER
SNOW, ICE PELLETS, HAIL 4 = ICE PELLETS
TOTAL MONTH: 0.0 INCH 5 = HAIL
GRTST 24HR 0.0 6 = FREEZING RAIN OR DRIZZLE
GRTST DEPTH: 0 7 = DUSTSTORM OR SANDSTORM:
VSBY 1/2 MILE OR LESS
8 = SMOKE OR HAZE
[NO. OF DAYS WITH] [WEATHER - DAYS WITH] 9 = BLOWING SNOW
X = TORNADO
MAX 32 OR BELOW: 0 0.01 INCH OR MORE: 1
MAX 90 OR ABOVE: 15 0.10 INCH OR MORE: 0
MIN 32 OR BELOW: 0 0.50 INCH OR MORE: 0
MIN 0 OR BELOW: 0 1.00 INCH OR MORE: 0
[HDD (BASE 65) ]
TOTAL THIS MO. 14 CLEAR (SCALE 0-3) 29
DPTR FM NORMAL -18 PTCLDY (SCALE 4-7) 2
TOTAL FM JUL 1 14 CLOUDY (SCALE 8-10) 0
DPTR FM NORMAL -13
[CDD (BASE 65) ]
TOTAL THIS MO. 125
DPTR FM NORMAL -17 [PRESSURE DATA]
TOTAL FM JAN 1 137 HIGHEST SLP 30.27 ON 10
DPTR FM NORMAL -39 LOWEST SLP 29.67 ON 2
[REMARKS]
#FINAL-07-22#