000
CXUS56 KBOI 011002
CF6BKE
PRELIMINARY LOCAL CLIMATOLOGICAL DATA (WS FORM: F-6)
STATION: BAKER OR
MONTH: JUNE
YEAR: 2021
LATITUDE: 44 50 N
LONGITUDE: 117 49 W
TEMPERATURE IN F: :PCPN: SNOW: WIND :SUNSHINE: SKY :PK WND
================================================================================
1 2 3 4 5 6A 6B 7 8 9 10 11 12 13 14 15 16 17 18
12Z AVG MX 2MIN
DY MAX MIN AVG DEP HDD CDD WTR SNW DPTH SPD SPD DIR MIN PSBL S-S WX SPD DR
================================================================================
1 86 42 64 6 1 0 0.00 M M 4.2 12 300 M M 0 16 290
2 92 45 69 11 0 4 0.00 M M 3.8 12 320 M M 0 16 320
3 91 50 71 13 0 6 T M M 6.0 18 320 M M 0 26 310
4 83 49 66 8 0 1 0.00 M M 8.9 20 330 M M 0 31 320
5 73 41 57 -1 8 0 0.00 M M 13.2 30 340 M M 0 45 340
6 64 35 50 -8 15 0 0.00 M M 6.6 24 340 M M 4 33 320
7 71 29 50 -9 15 0 0.00 M M 6.9 24 330 M M 3 36 320
8 73 42 58 -1 7 0 T M M 8.3 25 320 M M 2 33 320
9 67 47 57 -2 8 0 0.00 M M 12.7 28 310 M M 3 37 310
10 65 47 56 -3 9 0 T M M 12.9 28 340 M M 3 39 340
11 72 51 62 3 3 0 T M M 12.2 24 140 M M 7 31 110
12 81 47 64 4 1 0 T M M 6.1 20 130 M M 3 8 26 140
13 94 43 69 9 0 4 T M M 7.7 29 340 M M 0 40 330
14 90 53 72 12 0 7 0.10 M M 10.7 31 340 M M 1 3 42 350
15 74 44 59 -1 6 0 0.02 M M 9.6 35 350 M M 2 3 48 350
16 76 37 57 -3 8 0 0.00 M M 6.7 14 330 M M 0 18 330
17 83 38 61 0 4 0 0.00 M M 7.3 15 340 M M 0 21 340
18 89 39 64 3 1 0 0.00 M M 7.1 17 320 M M 0 24 330
19 85 49 67 6 0 2 0.00 M M 9.4 26 360 M M 0 35 360
20 85 49 67 6 0 2 0.00 M M 8.8 21 330 M M 0 29 310
21 93 44 69 7 0 4 0.00 M M 5.6 16 130 M M 0 24 110
22 85 55 70 8 0 5 0.01 M M 7.1 20 340 M M 2 27 330
23 90 51 71 9 0 6 0.07 M M 3.8 23 190 M M 2 3 32 190
24 88 50 69 7 0 4 0.01 M M 9.8 25 340 M M 0 41 350
25 85 54 70 7 0 5 0.00 M M 10.2 24 340 M M 0 33 340
26 93 50 72 9 0 7 0.00 M M 5.4 14 280 M M 0 19 260
27 98 51 75 12 0 10 0.00 M M 4.7 14 100 M M 0 21 160
28 100 52 76 12 0 11 0.00 M M 3.3 14 170 M M 0 19 150
29 103 55 79 15 0 14 0.00 M M 3.0 13 130 M M 0 18 140
30 100 55 78 14 0 13 0.00 M M 7.9 25 320 M M 0 36 320
================================================================================
SM 2529 1394 86 105 0.21 M 229.9 M 32
================================================================================
AV 84.3 46.5 7.7 FASTST M M 1 MAX(MPH)
MISC ----> 35 350 48 350
================================================================================
NOTES:
# LAST OF SEVERAL OCCURRENCES
COLUMN 17 PEAK WIND IN M.P.H.
PRELIMINARY LOCAL CLIMATOLOGICAL DATA (WS FORM: F-6) , PAGE 2
STATION: BAKER OR
MONTH: JUNE
YEAR: 2021
LATITUDE: 44 50 N
LONGITUDE: 117 49 W
[TEMPERATURE DATA] [PRECIPITATION DATA] SYMBOLS USED IN COLUMN 16
AVERAGE MONTHLY: 65.4 TOTAL FOR MONTH: 0.21 1 = FOG OR MIST
DPTR FM NORMAL: 4.8 DPTR FM NORMAL: -0.89 2 = FOG REDUCING VISIBILITY
HIGHEST: 103 ON 29 GRTST 24HR 0.12 ON 14-15 TO 1/4 MILE OR LESS
LOWEST: 29 ON 7 3 = THUNDER
SNOW, ICE PELLETS, HAIL 4 = ICE PELLETS
TOTAL MONTH: M 5 = HAIL
GRTST 24HR M ON M 6 = FREEZING RAIN OR DRIZZLE
GRTST DEPTH: M ON M 7 = DUSTSTORM OR SANDSTORM:
VSBY 1/2 MILE OR LESS
8 = SMOKE OR HAZE
[NO. OF DAYS WITH] [WEATHER - DAYS WITH] 9 = BLOWING SNOW
X = TORNADO
MAX 32 OR BELOW: 0 0.01 INCH OR MORE: 5
MAX 90 OR ABOVE: 11 0.10 INCH OR MORE: 1
MIN 32 OR BELOW: 1 0.50 INCH OR MORE: 0
MIN 0 OR BELOW: 0 1.00 INCH OR MORE: 0
[HDD (BASE 65) ]
TOTAL THIS MO. 86 CLEAR (SCALE 0-3) 27
DPTR FM NORMAL -76 PTCLDY (SCALE 4-7) 3
TOTAL FM JUL 1 6414 CLOUDY (SCALE 8-10) 0
DPTR FM NORMAL -242
[CDD (BASE 65) ]
TOTAL THIS MO. 105
DPTR FM NORMAL 76 [PRESSURE DATA]
TOTAL FM JAN 1 105 HIGHEST SLP 30.36 ON 16
DPTR FM NORMAL 71 LOWEST SLP 29.66 ON 13
[REMARKS]
#FINAL-06-21#