667
CXUS56 KBOI 011002
CF6BKE
PRELIMINARY LOCAL CLIMATOLOGICAL DATA (WS FORM: F-6)
STATION: BAKER OR
MONTH: SEPTEMBER
YEAR: 2020
LATITUDE: 44 50 N
LONGITUDE: 117 49 W
TEMPERATURE IN F: :PCPN: SNOW: WIND :SUNSHINE: SKY :PK WND
================================================================================
1 2 3 4 5 6A 6B 7 8 9 10 11 12 13 14 15 16 17 18
12Z AVG MX 2MIN
DY MAX MIN AVG DEP HDD CDD WTR SNW DPTH SPD SPD DIR MIN PSBL S-S WX SPD DR
================================================================================
1 86 40 63 2 2 0 0.00 M M 2.5 9 260 M M 0 11 260
2 91 41 66 6 0 1 0.00 M M 4.7 14 340 M M 0 17 330
3 91 46 69 9 0 4 0.00 M M 4.6 12 330 M M 0 8 15 320
4 99 43 71 11 0 6 0.00 M M 4.6 16 120 M M 0 20 110
5 93 47 70 11 0 5 0.00 M M 4.6 12 310 M M 0 14 320
6 91 40 66 7 0 1 0.00 M M 3.0 12 340 M M 0 15 340
7 75 46 61 2 4 0 0.00 M M 17.4 36 320 M M 2 18 44 330
8 68 36 52 -6 13 0 0.00 M M 5.6 16 320 M M 0 20 330
9 75 39 57 -1 8 0 0.00 M M 3.5 15 100 M M 1 18 19 90
10 85 29 57 -1 8 0 0.00 M M 1.7 8 50 M M 0 18 9 60
11 91 29 60 3 5 0 0.00 M M 3.3 12 260 M M 0 12 250
12 78 41 60 3 5 0 0.00 M M 0.4 6 250 M M 9 8 6 260
13 86 38 62 5 3 0 0.00 M M 4.4 18 90 M M 8 18 24 100
14 91 40 66 10 0 1 0.00 M M 3.1 17 110 M M 3 8 23 120
15 85 41 63 7 2 0 0.00 M M 2.5 8 330 M M 9 8 10 270
16 84 38 61 5 4 0 0.00 M M 1.0 7 280 M M 10 18 9 280
17 78 40 59 4 6 0 0.00 M M 0.9 6 200 M M 9 18 7 140
18 82 40 61 6 4 0 0.00 M M 5.7 21 80 M M 7 8 26 90
19 69 42 56 2 9 0 0.00 M M 4.6 12 330 M M 7 8 15 340
20 78 35 57 3 8 0 0.00 M M 4.3 16 140 M M 1 128 21 140
21 86 37 62 8 3 0 0.00 M M 5.2 18 130 M M 0 8 25 120
22 79 50 65 12 0 0 T M M 4.5 12 320 M M 2 8 15 320
23 84 50 67 14 0 2 0.00 M M 8.8 23 140 M M 0 8 29 150
24 72 40 56 4 9 0 T M M 6.1 22 350 M M 4 27 350
25 69 36 53 1 12 0 T M M 6.4 22 210 M M 6 8 28 210
26 67 47 57 5 8 0 T M M 4.8 14 340 M M 6 1 18 340
27 68 39 54 3 11 0 T M M 6.0 16 330 M M 3 20 340
28 77 33 55 4 10 0 0.00 M M 2.5 8 330 M M 0 8 10 330
29 85 33 59 8 6 0 0.00 M M 2.5 12 90 M M 0 128 16 90
30 83 34 59 9 6 0 0.00 M M 1.0 8 250 M M 0 128 9 260
================================================================================
SM 2446 1190 146 20 T M 130.2 M 87
================================================================================
AV 81.5 39.7 4.3 FASTST M M 3 MAX(MPH)
MISC ----> 36 320 44 330
================================================================================
NOTES:
# LAST OF SEVERAL OCCURRENCES
COLUMN 17 PEAK WIND IN M.P.H.
PRELIMINARY LOCAL CLIMATOLOGICAL DATA (WS FORM: F-6) , PAGE 2
STATION: BAKER OR
MONTH: SEPTEMBER
YEAR: 2020
LATITUDE: 44 50 N
LONGITUDE: 117 49 W
[TEMPERATURE DATA] [PRECIPITATION DATA] SYMBOLS USED IN COLUMN 16
AVERAGE MONTHLY: 60.6 TOTAL FOR MONTH: T 1 = FOG OR MIST
DPTR FM NORMAL: 5.0 DPTR FM NORMAL: -0.55 2 = FOG REDUCING VISIBILITY
HIGHEST: 99 ON 4 GRTST 24HR T ON 22-22 TO 1/4 MILE OR LESS
LOWEST: 29 ON 11,10 3 = THUNDER
SNOW, ICE PELLETS, HAIL 4 = ICE PELLETS
TOTAL MONTH: M 5 = HAIL
GRTST 24HR M ON M 6 = FREEZING RAIN OR DRIZZLE
GRTST DEPTH: M ON M 7 = DUSTSTORM OR SANDSTORM:
VSBY 1/2 MILE OR LESS
8 = SMOKE OR HAZE
[NO. OF DAYS WITH] [WEATHER - DAYS WITH] 9 = BLOWING SNOW
X = TORNADO
MAX 32 OR BELOW: 0 0.01 INCH OR MORE: 0
MAX 90 OR ABOVE: 7 0.10 INCH OR MORE: 0
MIN 32 OR BELOW: 2 0.50 INCH OR MORE: 0
MIN 0 OR BELOW: 0 1.00 INCH OR MORE: 0
[HDD (BASE 65) ]
TOTAL THIS MO. 146 CLEAR (SCALE 0-3) 19
DPTR FM NORMAL -145 PTCLDY (SCALE 4-7) 7
TOTAL FM JUL 1 208 CLOUDY (SCALE 8-10) 4
DPTR FM NORMAL -233
[CDD (BASE 65) ]
TOTAL THIS MO. 20
DPTR FM NORMAL 11 [PRESSURE DATA]
TOTAL FM JAN 1 315 HIGHEST SLP 30.51 ON 28
DPTR FM NORMAL 146 LOWEST SLP 29.79 ON 23
[REMARKS]
#FINAL-09-20#