000
CXUS56 KBOI 011002
CF6BKE
PRELIMINARY LOCAL CLIMATOLOGICAL DATA (WS FORM: F-6)
STATION: BAKER OR
MONTH: AUGUST
YEAR: 2023
LATITUDE: 44 50 N
LONGITUDE: 117 49 W
TEMPERATURE IN F: :PCPN: SNOW: WIND :SUNSHINE: SKY :PK WND
================================================================================
1 2 3 4 5 6A 6B 7 8 9 10 11 12 13 14 15 16 17 18
12Z AVG MX 2MIN
DY MAX MIN AVG DEP HDD CDD WTR SNW DPTH SPD SPD DIR MIN PSBL S-S WX SPD DR
================================================================================
1 95 48 72 2 0 7 0.00 M M 4.8 17 330 M M 0 8 26 340
2 92 49 71 1 0 6 0.00 M M 5.3 18 110 M M 0 24 120
3 89 50 70 0 0 5 0.01 M M 6.9 31 240 M M 1 40 250
4 69 54 62 -8 3 0 0.07 M M 4.6 16 280 M M 8 1 22 270
5 83 49 66 -4 0 1 0.00 M M 4.9 22 310 M M 2 3 29 300
6 78 54 66 -4 0 1 T M M 5.5 20 250 M M 4 3 25 250
7 73 52 63 -7 2 0 0.17 M M 3.3 28 330 M M 7 13 37 330
8 82 51 67 -3 0 2 0.00 M M 2.3 8 80 M M 2 12 150
9 83 49 66 -3 0 1 0.00 M M 5.0 15 320 M M 2 19 340
10 84 45 65 -4 0 0 0.00 M M 3.8 12 300 M M 0 17 320
11 89 43 66 -3 0 1 0.00 M M 5.7 20 330 M M 0 29 330
12 87 44 66 -3 0 1 0.00 M M 7.4 21 340 M M 0 28 340
13 91 49 70 1 0 5 0.00 M M 5.7 14 330 M M 0 18 330
14 96 49 73 5 0 8 T M M 1.6 7 240 M M 0 11 80
15 102 51 77 9 0 12 0.00 M M 3.5 12 260 M M 0 15 250
16 100 54 77 9 0 12 0.00 M M 4.8 13 350 M M 0 17 270
17 95 51 73 5 0 8 T M M 5.4 21 350 M M 1 8 29 360
18 87 52 70 2 0 5 0.17 M M 4.7 18 350 M M 3 138 25 340
19 86 46 66 -1 0 1 0.08 M M 4.4 32 190 M M 2 3 45 190
20 76 54 65 -2 0 0 T M M 5.3 17 120 M M 2 23 130
21 67 59 63 -4 2 0 1.40 M M 3.2 10 330 M M 10 1 12 330
22 79 58 69 3 0 4 0.20 M M 9.1 23 320 M M 5 138 31 310
23 77 48 63 -3 2 0 0.00 M M 4.0 13 300 M M 3 1 20 310
24 85 49 67 1 0 2 0.00 M M 3.8 9 220 M M 0 13 70
25 79 55 67 1 0 2 0.10 M M 4.4 15 220 M M 2 1 23 220
26 86 51 69 4 0 4 0.00 M M 3.9 15 340 M M 1 1 19 330
27 88 53 71 6 0 6 0.00 M M 3.1 15 320 M M 0 3 20 340
28 92 50 71 6 0 6 0.00 M M 2.7 13 150 M M 0 18 120
29 79 49 64 -1 1 0 T M M 10.8 25 350 M M 0 33 350
30 74 43 59 -5 6 0 0.00 M M 3.3 12 20 M M 2 18 340
31 79 41 60 -4 5 0 0.00 M M 6.2 22 320 M M 0 32 320
================================================================================
SM 2622 1550 21 100 2.20 M 149.4 M 57
================================================================================
AV 84.6 50.0 4.8 FASTST M M 2 MAX(MPH)
MISC ----> 32 190 45 190
================================================================================
NOTES:
# LAST OF SEVERAL OCCURRENCES
COLUMN 17 PEAK WIND IN M.P.H.
PRELIMINARY LOCAL CLIMATOLOGICAL DATA (WS FORM: F-6) , PAGE 2
STATION: BAKER OR
MONTH: AUGUST
YEAR: 2023
LATITUDE: 44 50 N
LONGITUDE: 117 49 W
[TEMPERATURE DATA] [PRECIPITATION DATA] SYMBOLS USED IN COLUMN 16
AVERAGE MONTHLY: 67.3 TOTAL FOR MONTH: 2.20 1 = FOG OR MIST
DPTR FM NORMAL: -0.4 DPTR FM NORMAL: 1.77 2 = FOG REDUCING VISIBILITY
HIGHEST: 102 ON 15 GRTST 24HR 1.40 ON 21-21 TO 1/4 MILE OR LESS
LOWEST: 41 ON 31 3 = THUNDER
SNOW, ICE PELLETS, HAIL 4 = ICE PELLETS
TOTAL MONTH: M 5 = HAIL
GRTST 24HR M ON M 6 = FREEZING RAIN OR DRIZZLE
GRTST DEPTH: M ON M 7 = DUSTSTORM OR SANDSTORM:
VSBY 1/2 MILE OR LESS
8 = SMOKE OR HAZE
[NO. OF DAYS WITH] [WEATHER - DAYS WITH] 9 = BLOWING SNOW
X = TORNADO
MAX 32 OR BELOW: 0 0.01 INCH OR MORE: 8
MAX 90 OR ABOVE: 8 0.10 INCH OR MORE: 5
MIN 32 OR BELOW: 0 0.50 INCH OR MORE: 1
MIN 0 OR BELOW: 0 1.00 INCH OR MORE: 1
[HDD (BASE 65) ]
TOTAL THIS MO. 21 CLEAR (SCALE 0-3) 26
DPTR FM NORMAL -19 PTCLDY (SCALE 4-7) 3
TOTAL FM JUL 1 28 CLOUDY (SCALE 8-10) 2
DPTR FM NORMAL -45
[CDD (BASE 65) ]
TOTAL THIS MO. 100
DPTR FM NORMAL -24 [PRESSURE DATA]
TOTAL FM JAN 1 263 HIGHEST SLP 30.16 ON 7
DPTR FM NORMAL -37 LOWEST SLP 29.71 ON 31
[REMARKS]
#FINAL-08-23#