000
CXUS51 KRLX 021116
CF6BKW
PRELIMINARY LOCAL CLIMATOLOGICAL DATA (WS FORM: F-6)
STATION: BECKLEY WV
MONTH: JUNE
YEAR: 2021
LATITUDE: 37 46 N
LONGITUDE: 81 7 W
TEMPERATURE IN F: :PCPN: SNOW: WIND :SUNSHINE: SKY :PK WND
================================================================================
1 2 3 4 5 6A 6B 7 8 9 10 11 12 13 14 15 16 17 18
12Z AVG MX 2MIN
DY MAX MIN AVG DEP HDD CDD WTR SNW DPTH SPD SPD DIR MIN PSBL S-S WX SPD DR
================================================================================
1 74 50 62 -3 3 0 0.00 0.0 0 4.0 12 270 M M 2 17 210
2 73 60 67 2 0 2 T 0.0 0 6.9 14 200 M M 2 20 200
3 71 62 67 2 0 2 0.07 0.0 0 5.8 13 230 M M 8 1 18 200
4 76 60 68 2 0 3 0.00 0.0 0 5.9 15 320 M M 5 19 310
5 84 55 70 4 0 5 0.00 0.0 0 3.2 12 260 M M 2 19 230
6 81 59 70 4 0 5 0.80 0.0 0 3.5 18 140 M M 4 12 23 150
7 83 65 74 8 0 9 0.58 0.0 0 5.5 16 210 M M 4 1 22 200
8 83 62 73 6 0 8 0.54 0.0 0 3.7 18 220 M M 5 1 23 220
9 77 64 71 4 0 6 0.09 0.0 0 3.7 9 340 M M 7 1 12 130
10 80 66 73 6 0 8 0.21 0.0 0 5.8 15 240 M M 7 1 21 230
11 78 65 72 5 0 7 0.35 0.0 0 4.5 20 290 M M 8 1 28 280
12 78 64 71 3 0 6 0.29 0.0 0 5.4 16 360 M M 8 1 21 350
13 83 61 72 4 0 7 0.99 0.0 0 4.4 26 50 M M 5 12 38 20
14 82 60 71 3 0 6 0.01 0.0 0 6.7 24 340 M M 5 30 330
15 72 57 65 -3 0 0 T 0.0 0 6.7 17 10 M M 5 12 23 320
16 71 50 61 -8 4 0 0.01 0.0 0 6.0 17 320 M M 2 1 24 320
17 75 46 61 -8 4 0 0.00 0.0 0 3.3 13 340 M M 0 21 360
18 81 52 67 -2 0 2 0.00 0.0 0 7.3 20 260 M M 1 26 260
19 81 65 73 4 0 8 0.00 0.0 0 8.4 21 300 M M 2 26 290
20 83 62 73 3 0 8 0.00 0.0 0 4.7 10 170 M M 1 14 160
21 85 65 75 5 0 10 0.30 0.0 0 7.9 26 270 M M 7 1 36 270
22 69 50 60 -10 5 0 0.25 0.0 0 8.8 22 360 M M 7 1 26 360
23 71 45 58 -12 7 0 0.00 0.0 0 4.6 15 140 M M 0 22 130
24 76 57 67 -3 0 2 0.00 0.0 0 9.7 16 120 M M 1 24 140
25 77 57 67 -3 0 2 0.00 0.0 0 9.2 16 140 M M 0 24 130
26 82 59 71 1 0 6 0.00 0.0 0 6.1 14 180 M M 2 19 170
27 82 67 75 4 0 10 0.03 0.0 0 6.9 15 160 M M 4 20 170
28 87 66 77 6 0 12 T 0.0 0 3.9 15 120 M M 3 8 19 120
29 85 66 76 5 0 11 0.00 0.0 0 7.3 14 150 M M 1 20 150
30 84 67 76 5 0 11 0.01 0.0 0 5.8 14 300 M M 4 18 270
================================================================================
SM 2364 1784 23 156 4.53 0.0 175.6 M 112
================================================================================
AV 78.8 59.5 5.9 FASTST M M 4 MAX(MPH)
MISC ----> # 26 50 38 20
================================================================================
NOTES:
# LAST OF SEVERAL OCCURRENCES
COLUMN 17 PEAK WIND IN M.P.H.
PRELIMINARY LOCAL CLIMATOLOGICAL DATA (WS FORM: F-6) , PAGE 2
STATION: BECKLEY WV
MONTH: JUNE
YEAR: 2021
LATITUDE: 37 46 N
LONGITUDE: 81 7 W
[TEMPERATURE DATA] [PRECIPITATION DATA] SYMBOLS USED IN COLUMN 16
AVERAGE MONTHLY: 69.1 TOTAL FOR MONTH: 4.53 1 = FOG OR MIST
DPTR FM NORMAL: 0.9 DPTR FM NORMAL: 0.23 2 = FOG REDUCING VISIBILITY
HIGHEST: 87 ON 28 GRTST 24HR 1.01 ON 12-13 TO 1/4 MILE OR LESS
LOWEST: 45 ON 23 3 = THUNDER
SNOW, ICE PELLETS, HAIL 4 = ICE PELLETS
TOTAL MONTH: 0.0 INCH 5 = HAIL
GRTST 24HR 0.0 6 = FREEZING RAIN OR DRIZZLE
GRTST DEPTH: 0 7 = DUSTSTORM OR SANDSTORM:
VSBY 1/2 MILE OR LESS
8 = SMOKE OR HAZE
[NO. OF DAYS WITH] [WEATHER - DAYS WITH] 9 = BLOWING SNOW
X = TORNADO
MAX 32 OR BELOW: 0 0.01 INCH OR MORE: 15
MAX 90 OR ABOVE: 0 0.10 INCH OR MORE: 9
MIN 32 OR BELOW: 0 0.50 INCH OR MORE: 4
MIN 0 OR BELOW: 0 1.00 INCH OR MORE: 0
[HDD (BASE 65) ]
TOTAL THIS MO. 23 CLEAR (SCALE 0-3) 14
DPTR FM NORMAL -8 PTCLDY (SCALE 4-7) 16
TOTAL FM JUL 1 4929 CLOUDY (SCALE 8-10) 0
DPTR FM NORMAL -129
[CDD (BASE 65) ]
TOTAL THIS MO. 156
DPTR FM NORMAL 28 [PRESSURE DATA]
TOTAL FM JAN 1 207 HIGHEST SLP 30.30 ON 24
DPTR FM NORMAL 17 LOWEST SLP 29.71 ON 21
[REMARKS]
#FINAL-06-21#