000
CXUS51 KRNK 010715
CF6BLF
PRELIMINARY LOCAL CLIMATOLOGICAL DATA (WS FORM: F-6)
STATION: BLUEFIELD WV
MONTH: MAY
YEAR: 2020
LATITUDE: 37 17 N
LONGITUDE: 81 12 W
TEMPERATURE IN F: :PCPN: SNOW: WIND :SUNSHINE: SKY :PK WND
================================================================================
1 2 3 4 5 6A 6B 7 8 9 10 11 12 13 14 15 16 17 18
12Z AVG MX 2MIN
DY MAX MIN AVG DEP HDD CDD WTR SNW DPTH SPD SPD DIR MIN PSBL S-S WX SPD DR
================================================================================
1 45 39 42 -17 23 0 0.07 0.0 0 9.4 20 290 M M 10 1 28 280
2 72 38 55 -5 10 0 0.00 0.0 0 8.5 18 240 M M 2 22 230
3 77 58 68 8 0 3 0.42 0.0 0 11.5 29 270 M M 5 13 41 250
4 67 51 59 -1 6 0 0.10 0.0 0 7.8 18 290 M M 2 1 26 300
5 56 46 51 -9 14 0 0.79 0.0 0 6.5 23 160 M M 9 1 34 160
6 48 34 41 -19 24 0 0.01 0.0 0 9.2 18 300 M M 9 1 28 290
7 56 31 44 -17 21 0 0.00 0.0 0 9.9 20 310 M M 1 29 270
8 52 30 41 -20 24 0 0.30 0.0 0 11.4 28 240 M M 6 1 37 240
9 45 28 37 -24 28 0 0.01 T 0 10.1 23 290 M M 2 1 37 290
10 61 33 47 -14 18 0 0.04 0.0 0 10.7 25 260 M M 3 36 270
11 43 36 40 -22 25 0 T 0.0 0 12.8 23 290 M M 10 35 270
12 53 32 43 -19 22 0 0.00 0.0 0 6.0 17 270 M M 6 23 260
13 53 41 47 -15 18 0 0.03 0.0 0 2.0 10 170 M M 9 1 16 160
14 74 50 62 0 3 0 0.03 0.0 0 6.0 20 240 M M 6 27 260
15 79 56 68 6 0 3 0.00 0.0 0 8.7 21 260 M M 1 26 230
16 78 57 68 5 0 3 0.00 0.0 0 5.3 14 300 M M 3 20 120
17 77 60 69 6 0 4 0.00 0.0 0 7.0 15 150 M M 5 27 140
18 72 57 65 2 0 0 0.42 0.0 0 6.5 16 120 M M 8 1 24 120
19 57 44 51 -12 14 0 0.31 0.0 0 10.7 21 90 M M 10 1 32 80
20 47 40 44 -20 21 0 1.89 0.0 0 8.3 18 80 M M 10 1 27 120
21 54 47 51 -13 14 0 0.43 0.0 0 9.3 18 120 M M 10 1 33 140
22 69 48 59 -5 6 0 T 0.0 0 4.7 16 260 M M 8 12 22 240
23 73 56 65 1 0 0 0.25 0.0 0 4.8 12 310 M M 6 1 17 280
24 82 58 70 6 0 5 0.07 0.0 0 4.4 14 280 M M 3 13 18 240
25 78 60 69 4 0 4 0.00 0.0 0 4.8 12 150 M M 2 16 170
26 71 60 66 1 0 1 0.00 0.0 0 5.7 13 130 M M 7 20 100
27 69 59 64 -1 1 0 1.61 0.0 0 6.8 15 100 M M 10 1 26 100
28 78 59 69 4 0 4 M 0.0 0 4.7 14 190 M M 6 12 22 170
29 77 60 69 3 0 4 0.01 0.0 0 5.5 17 260 M M 4 24 270
30 72 58 65 -1 0 0 0.00 0.0 0 6.5 16 260 M M 7 23 260
31 68 50 59 -7 6 0 0.00 0.0 0 4.5 14 290 M M 3 20 300
================================================================================
SM 2003 1476 298 31 6.79 T 230.0 M 183
================================================================================
AV 64.6 47.6 7.4 FASTST M M 6 MAX(MPH)
MISC ----> 29 270 41 250
================================================================================
NOTES:
# LAST OF SEVERAL OCCURRENCES
COLUMN 17 PEAK WIND IN M.P.H.
PRELIMINARY LOCAL CLIMATOLOGICAL DATA (WS FORM: F-6) , PAGE 2
STATION: BLUEFIELD WV
MONTH: MAY
YEAR: 2020
LATITUDE: 37 17 N
LONGITUDE: 81 12 W
[TEMPERATURE DATA] [PRECIPITATION DATA] SYMBOLS USED IN COLUMN 16
AVERAGE MONTHLY: 56.1 TOTAL FOR MONTH: 6.79 1 = FOG OR MIST
DPTR FM NORMAL: -6.5 DPTR FM NORMAL: 2.48 2 = FOG REDUCING VISIBILITY
HIGHEST: 82 ON 24 GRTST 24HR 1.89 ON 20-20 TO 1/4 MILE OR LESS
LOWEST: 28 ON 9 3 = THUNDER
SNOW, ICE PELLETS, HAIL 4 = ICE PELLETS
TOTAL MONTH: T 5 = HAIL
GRTST 24HR T ON 9- 9 6 = FREEZING RAIN OR DRIZZLE
GRTST DEPTH: 0 7 = DUSTSTORM OR SANDSTORM:
VSBY 1/2 MILE OR LESS
8 = SMOKE OR HAZE
[NO. OF DAYS WITH] [WEATHER - DAYS WITH] 9 = BLOWING SNOW
X = TORNADO
MAX 32 OR BELOW: 0 0.01 INCH OR MORE: 18
MAX 90 OR ABOVE: 0 0.10 INCH OR MORE: 10
MIN 32 OR BELOW: 4 0.50 INCH OR MORE: 3
MIN 0 OR BELOW: 0 1.00 INCH OR MORE: 2
[HDD (BASE 65) ]
TOTAL THIS MO. 298 CLEAR (SCALE 0-3) 6
DPTR FM NORMAL 162 PTCLDY (SCALE 4-7) 16
TOTAL FM JUL 1 4800 CLOUDY (SCALE 8-10) 9
DPTR FM NORMAL 234
[CDD (BASE 65) ]
TOTAL THIS MO. 31
DPTR FM NORMAL -32 [PRESSURE DATA]
TOTAL FM JAN 1 39 HIGHEST SLP M ON M
DPTR FM NORMAL -52 LOWEST SLP 29.70 ON 5
[REMARKS]
DUE TO A POWER OUTAGE ON MAY 28TH (TD BERTHA),
PRECIPITATION TOTALS WILL BE CALCULATED WITHOUT DATA FROM THIS DAY.
#FINAL-05-20#