000
CXUS51 KRNK 190621
CF6BLF
PRELIMINARY LOCAL CLIMATOLOGICAL DATA (WS FORM: F-6)
STATION: BLUEFIELD WV
MONTH: APRIL
YEAR: 2024
LATITUDE: 37 17 N
LONGITUDE: 81 12 W
TEMPERATURE IN F: :PCPN: SNOW: WIND :SUNSHINE: SKY :PK WND
================================================================================
1 2 3 4 5 6A 6B 7 8 9 10 11 12 13 14 15 16 17 18
12Z AVG MX 2MIN
DY MAX MIN AVG DEP HDD CDD WTR SNW DPTH SPD SPD DIR MIN PSBL S-S WX SPD DR
================================================================================
1 73 58 66 18 0 1 0.00 0.0 0 10.7 18 260 M M 6 29 270
2 71 60 66 18 0 1 T 0.0 0 10.5 25 250 M M 5 38 230
3 65 32 49 1 16 0 1.15 T 0 7.0 18 300 M M 8 1 38 290
4 40 30 35 -14 30 0 0.05 0.6 T 12.5 24 260 M M 9 1 42 280
5 38 30 34 -15 31 0 0.03 T 0 10.2 20 270 M M 10 1 31 280
6 43 28 36 -13 29 0 0.00 0.0 0 6.9 15 360 M M 8 25 310
7 62 30 46 -4 19 0 0.00 0.0 0 3.2 10 160 M M 1 17 290
8 60 46 53 3 12 0 0.08 0.0 0 5.3 21 230 M M 8 1 32 220
9 57 51 54 4 11 0 0.17 0.0 0 5.9 18 260 M M 9 1 29 260
10 65 51 58 7 7 0 0.02 0.0 0 4.9 21 140 M M 8 1 40 110
11 63 51 57 6 8 0 1.50 0.0 0 8.9 22 250 M M 10 13 41 150
12 51 39 45 -7 20 0 0.41 0.0 0 16.3 29 290 M M 10 1 53 310
13 58 39 49 -3 16 0 0.12 0.0 0 12.8 25 300 M M 5 1 40 300
14 73 45 59 7 6 0 0.00 0.0 0 12.5 25 240 M M 0 37 230
15 78 57 68 15 0 3 0.32 0.0 0 8.5 21 310 M M 1 13 30 320
16 74 58 66 13 0 1 0.23 0.0 0 4.6 15 170 M M 2 13 30 190
17 70 56 63 10 2 0 0.03 0.0 0 11.4 26 250 M M 3 41 260
18 76 56 66 12 0 1 0.00 0.0 0 8.5 18 270 M M 2 30 290
================================================================================
SM 1117 817 207 7 4.11 0.6 160.6 M 105
================================================================================
AV 62.1 45.4 8.9 FASTST M M 6 MAX(MPH)
MISC ----> 29 290 53 310
================================================================================
NOTES:
# LAST OF SEVERAL OCCURRENCES
COLUMN 17 PEAK WIND IN M.P.H.
PRELIMINARY LOCAL CLIMATOLOGICAL DATA (WS FORM: F-6) , PAGE 2
STATION: BLUEFIELD WV
MONTH: APRIL
YEAR: 2024
LATITUDE: 37 17 N
LONGITUDE: 81 12 W
[TEMPERATURE DATA] [PRECIPITATION DATA] SYMBOLS USED IN COLUMN 16
AVERAGE MONTHLY: 53.7 TOTAL FOR MONTH: 4.11 1 = FOG OR MIST
DPTR FM NORMAL: 3.1 DPTR FM NORMAL: 2.02 2 = FOG REDUCING VISIBILITY
HIGHEST: 78 ON 15 GRTST 24HR 1.65 ON 11-12 TO 1/4 MILE OR LESS
LOWEST: 28 ON 6 3 = THUNDER
SNOW, ICE PELLETS, HAIL 4 = ICE PELLETS
TOTAL MONTH: 0.6 INCH 5 = HAIL
GRTST 24HR 0.6 ON 4- 4 6 = FREEZING RAIN OR DRIZZLE
GRTST DEPTH: T 7 = DUSTSTORM OR SANDSTORM:
VSBY 1/2 MILE OR LESS
8 = SMOKE OR HAZE
[NO. OF DAYS WITH] [WEATHER - DAYS WITH] 9 = BLOWING SNOW
X = TORNADO
MAX 32 OR BELOW: 0 0.01 INCH OR MORE: 12
MAX 90 OR ABOVE: 0 0.10 INCH OR MORE: 7
MIN 32 OR BELOW: 5 0.50 INCH OR MORE: 2
MIN 0 OR BELOW: 0 1.00 INCH OR MORE: 2
[HDD (BASE 65) ]
TOTAL THIS MO. 207 CLEAR (SCALE 0-3) 5
DPTR FM NORMAL -54 PTCLDY (SCALE 4-7) 8
TOTAL FM JUL 1 4302 CLOUDY (SCALE 8-10) 5
DPTR FM NORMAL -575
[CDD (BASE 65) ]
TOTAL THIS MO. 7
DPTR FM NORMAL 7 [PRESSURE DATA]
TOTAL FM JAN 1 7 HIGHEST SLP M ON M
DPTR FM NORMAL 6 LOWEST SLP 29.27 ON 3
[REMARKS]