000
CXUS51 KRNK 010626
CLSBLF
CLIMATE REPORT
NATIONAL WEATHER SERVICE BLACKSBURG, VA
126 AM EST TUE DEC 01 2020
...................................
...THE BLUEFIELD WV CLIMATE SUMMARY FOR THE SEASON, FROM
9/1/2020 TO 11/30/2020...
CLIMATE NORMAL PERIOD: 1981 TO 2010
CLIMATE RECORD PERIOD: 1909 TO 2020
WEATHER OBSERVED NORMAL DEPART LAST YEAR`S
VALUE DATE(S) VALUE FROM VALUE
NORMAL
..............................................................
TEMPERATURE (F)
RECORD
HIGH 99 09/11/2019
LOW 6 11/13/2019
HIGHEST 81 09/02 92
LOWEST 23 11/18 6
AVG. MAXIMUM 63.7 65.2 -1.5 65.4
AVG. MINIMUM 46.5 47.7 -1.2 45.6
MEAN 55.1 56.4 -1.3 55.5
DAYS MAX >= 90 0 0.3 -0.3 2
DAYS MAX <= 32 0 0.8 -0.8 0
DAYS MIN <= 32 12 9.5 2.5 19
DAYS MIN <= 0 0 0.0 0.0 0
PRECIPITATION (INCHES)
RECORD
MAXIMUM 17.65 2018
MINIMUM 2.14 2008
TOTALS 8.83 8.33 0.50 9.40
DAYS >= .01 30 29.9 0.1 23
DAYS >= .10 18 16.6 1.4 18
DAYS >= .50 3 5.4 -2.4 8
DAYS >= 1.00 2 1.4 0.6 3
GREATEST
24 HR. TOTAL 1.66 1.31
SNOWFALL (INCHES)
TOTALS 0.2 1.2
DAYS >= TRACE 4 6
DAYS >= 1.0 0 1
GREATEST
24 HR TOTAL MM 1.2
DEGREE DAYS
HEATING TOTAL 936 898 38 1054
COOLING TOTAL 57 119 -62 214
..............................................................
WIND (MPH)
AVERAGE WIND SPEED 5.6
RESULTANT WIND SPEED/DIRECTION 2/240
HIGHEST WIND SPEED/DIRECTION 36/240 DATE 11/15
HIGHEST GUST SPEED/DIRECTION 50/250 DATE 11/15
SKY COVER
AVERAGE SKY COVER 0.41
AVERAGE RH (PERCENT) 75
WEATHER CONDITIONS. NUMBER OF DAYS WITH
THUNDERSTORM 2 MIXED PRECIP 0
HEAVY RAIN 9 RAIN 20
LIGHT RAIN 39 FREEZING RAIN 0
LT FREEZING RAIN 0 HAIL 0
HEAVY SNOW 0 SNOW 0
LIGHT SNOW 4 SLEET 0
FOG 38 FOG W/VIS <= 1/4 MILE 13
HAZE 0
- INDICATES NEGATIVE NUMBERS.
R INDICATES RECORD WAS SET OR TIED.
MM INDICATES DATA IS MISSING.
T INDICATES TRACE AMOUNT.
$$