000
CXUS55 KPSR 070832
CF6BLH
PRELIMINARY LOCAL CLIMATOLOGICAL DATA (WS FORM: F-6)
STATION: BLYTHE CA
MONTH: NOVEMBER
YEAR: 2023
LATITUDE: 33 37 N
LONGITUDE: 114 43 W
TEMPERATURE IN F: :PCPN: SNOW: WIND :SUNSHINE: SKY :PK WND
================================================================================
1 2 3 4 5 6A 6B 7 8 9 10 11 12 13 14 15 16 17 18
12Z AVG MX 2MIN
DY MAX MIN AVG DEP HDD CDD WTR SNW DPTH SPD SPD DIR MIN PSBL S-S WX SPD DR
================================================================================
1 83 51 67 -2 0 2 0.00 M M 4.0 12 30 M M 0 19 10
2 85 46 66 -3 0 1 0.00 M M 2.9 9 350 M M 0 11 350
3 85 45 65 -3 0 0 0.00 M M 2.2 10 340 M M 0 11 350
4 87 46 67 -1 0 2 0.00 M M 3.9 9 330 M M 0 11 260
5 88 49 69 1 0 4 0.00 M M 2.0 9 350 M M 0 10 360
6 94 51 73 6 0 8 0.00 0.0 M 7.0 17 200 M M 0 22 170
7 83 54 69 2 0 4 0.00 0.0 M 6.0 18 200 M M 0 23 340
8 78 59 69 3 0 4 0.00 0.0 M 15.4 28 330 M M 0 42 310
9 78 59 69 3 0 4 0.00 0.0 0 13.6 22 330 M M 0 28 340
10 78 49 64 -1 1 0 0.00 0.0 0 7.2 17 350 M M 0 24 360
11 80 46 63 -2 2 0 0.00 0.0 0 4.7 14 340 M M 0 17 350
12 83 47 65 1 0 0 0.00 M M 4.3 12 350 M M 0 14 10
13 80 48 64 0 1 0 0.00 M M 3.7 10 340 M M 0 13 250
14 82 49 66 2 0 1 0.00 0.0 0 3.5 10 250 M M 0 12 250
15 77 52 65 2 0 0 T M M 5.0 20 250 M M 2 24 250
16 73 56 65 2 0 0 T 0.0 0 3.8 10 240 M M 3 8 13 250
17 77 49 63 1 2 0 0.00 0.0 0 4.1 9 330 M M 0 18 11 330
18 80 55 68 6 0 3 0.03 M M 5.8 18 270 M M 2 22 270
19 80 51 66 5 0 1 0.00 M M 10.7 26 330 M M 0 34 320
20 73 55 64 3 1 0 0.00 M M 18.4 33 350 M M 0 44 340
21 78 52 65 5 0 0 0.00 M M 11.0 22 350 M M 0 29 350
22 77 48 63 3 2 0 0.00 M M 5.3 10 360 M M 0 13 360
23 76 48 62 2 3 0 0.00 M M 6.2 17 170 M M 0 23 170
24 71 47 59 0 6 0 0.00 M M 4.9 14 190 M M 4 17 190
25 68 47 58 -1 7 0 0.00 M M 10.5 25 350 M M 0 31 350
26 66 43 55 -3 10 0 0.00 M M 9.2 17 350 M M 0 23 340
27 70 52 61 3 4 0 0.00 M M 9.2 18 340 M M 0 24 350
28 73 48 61 3 4 0 0.00 M M 6.0 12 350 M M 0 15 330
29 M M M M M M M M M M M M M M 0 M M
30 M M M M M M 0.00 M M M M M M M 0 M M
================================================================================
SM 2203 1402 43 34 0.03 0.0 190.5 M 11
================================================================================
AV 78.7 50.1 6.8 FASTST M M 0 MAX(MPH)
MISC ----> 33 350 44 340
================================================================================
NOTES:
# LAST OF SEVERAL OCCURRENCES
COLUMN 17 PEAK WIND IN M.P.H.
PRELIMINARY LOCAL CLIMATOLOGICAL DATA (WS FORM: F-6) , PAGE 2
STATION: BLYTHE CA
MONTH: NOVEMBER
YEAR: 2023
LATITUDE: 33 37 N
LONGITUDE: 114 43 W
[TEMPERATURE DATA] [PRECIPITATION DATA] SYMBOLS USED IN COLUMN 16
AVERAGE MONTHLY: 64.4 TOTAL FOR MONTH: 0.03 1 = FOG OR MIST
DPTR FM NORMAL: 1.5 DPTR FM NORMAL: -0.18 2 = FOG REDUCING VISIBILITY
HIGHEST: 94 ON 6 GRTST 24HR 0.03 ON 18-18 TO 1/4 MILE OR LESS
LOWEST: 43 ON 26 3 = THUNDER
SNOW, ICE PELLETS, HAIL 4 = ICE PELLETS
TOTAL MONTH: 0.0 INCH 5 = HAIL
GRTST 24HR 0.0 6 = FREEZING RAIN OR DRIZZLE
GRTST DEPTH: 0 7 = DUSTSTORM OR SANDSTORM:
VSBY 1/2 MILE OR LESS
8 = SMOKE OR HAZE
[NO. OF DAYS WITH] [WEATHER - DAYS WITH] 9 = BLOWING SNOW
X = TORNADO
MAX 32 OR BELOW: 0 0.01 INCH OR MORE: 1
MAX 90 OR ABOVE: 1 0.10 INCH OR MORE: 0
MIN 32 OR BELOW: 0 0.50 INCH OR MORE: 0
MIN 0 OR BELOW: 0 1.00 INCH OR MORE: 0
[HDD (BASE 65) ]
TOTAL THIS MO. 43 CLEAR (SCALE 0-3) 28
DPTR FM NORMAL -73 PTCLDY (SCALE 4-7) 2
TOTAL FM JUL 1 44 CLOUDY (SCALE 8-10) 0
DPTR FM NORMAL -79
[CDD (BASE 65) ]
TOTAL THIS MO. 34
DPTR FM NORMAL -20 [PRESSURE DATA]
TOTAL FM JAN 1 4334 HIGHEST SLP 30.39 ON 21
DPTR FM NORMAL -127 LOWEST SLP 29.68 ON 23
[REMARKS]
#FINAL-11-23#