000
CXUS53 KIND 010600
CF6BMG
PRELIMINARY LOCAL CLIMATOLOGICAL DATA (WS FORM: F-6)
STATION: BLOOMINGTON IN
MONTH: OCTOBER
YEAR: 2022
LATITUDE: 39 7 N
LONGITUDE: 86 37 W
TEMPERATURE IN F: :PCPN: SNOW: WIND :SUNSHINE: SKY :PK WND
================================================================================
1 2 3 4 5 6A 6B 7 8 9 10 11 12 13 14 15 16 17 18
12Z AVG MX 2MIN
DY MAX MIN AVG DEP HDD CDD WTR SNW DPTH SPD SPD DIR MIN PSBL S-S WX SPD DR
================================================================================
1 M M M M M M 0.00 M M M M M M M 0 M M
2 M M M M M M 0.00 M M M M M M M 0 M M
3 M M M M M M 0.00 M M M M M M M 0 M M
4 M M M M M M 0.00 M M M M M M M 0 M M
5 M M M M M M 0.00 M M M M M M M M M M
6 M M M M M M M M M M M M M M M M M
7 62 42 52 -7 13 0 0.00 M M 9.4 21 330 M M 2 28 20
8 58 32 45 -13 20 0 0.00 M M 3.1 12 20 M M 1 18 20
9 65 32 49 -9 16 0 0.00 M M 4.9 16 220 M M 0 31 250
10 76 37 57 -1 8 0 0.00 M M 5.5 16 220 M M 1 20 210
11 76 51 64 7 1 0 0.00 M M 7.5 18 190 M M 3 26 190
12 73 53 63 6 2 0 0.03 M M 8.9 23 200 M M 7 32 230
13 63 43 53 -3 12 0 0.06 M M 6.7 17 280 M M 4 1 31 260
14 68 34 51 -5 14 0 0.00 M M 8.3 28 210 M M 3 39 220
15 61 40 51 -5 14 0 0.00 M M 4.6 13 270 M M 1 20 290
16 71 39 55 0 10 0 0.00 M M 5.7 15 280 M M 2 24 300
17 51 37 44 -11 21 0 0.00 M M 8.8 22 280 M M 6 35 290
18 47 34 41 -14 24 0 T M M 8.5 15 290 M M 8 1 25 280
19 52 29 41 -13 24 0 0.00 M M 7.8 15 230 M M 1 23 280
20 61 28 45 -9 20 0 0.00 M M 8.6 20 220 M M 2 29 270
21 75 47 61 8 4 0 0.00 M M 9.5 21 200 M M 0 28 210
22 79 45 62 9 3 0 0.00 M M 9.5 20 190 M M 0 29 190
23 80 57 69 16 0 4 0.00 M M 8.9 20 160 M M 1 31 140
24 79 52 66 14 0 1 0.00 M M 8.6 20 150 M M 0 25 180
25 71 56 64 12 1 0 0.80 M M 8.9 21 180 M M 7 18 32 180
26 57 36 47 -5 18 0 0.01 M M 7.4 20 230 M M 6 1 30 220
27 60 31 46 -5 19 0 0.00 M M 5.3 15 110 M M 0 1 19 50
28 66 37 52 1 13 0 0.00 M M 3.7 9 20 M M 0 18 15 40
29 70 35 53 3 12 0 0.00 M M 2.0 12 130 M M 0 16 130
30 60 44 52 2 13 0 0.78 M M 4.8 10 140 M M 7 1 13 130
31 61 57 59 9 6 0 0.26 M M 6.8 17 230 M M 10 1 24 230
================================================================================
SM 1642 1028 288 5 1.94 M 173.7 M 72
================================================================================
AV 65.7 41.1 6.9 FASTST M M 2 MAX(MPH)
MISC ----> 28 210 39 220
================================================================================
NOTES:
# LAST OF SEVERAL OCCURRENCES
COLUMN 17 PEAK WIND IN M.P.H.
PRELIMINARY LOCAL CLIMATOLOGICAL DATA (WS FORM: F-6) , PAGE 2
STATION: BLOOMINGTON IN
MONTH: OCTOBER
YEAR: 2022
LATITUDE: 39 7 N
LONGITUDE: 86 37 W
[TEMPERATURE DATA] [PRECIPITATION DATA] SYMBOLS USED IN COLUMN 16
AVERAGE MONTHLY: 53.4 TOTAL FOR MONTH: 1.94 1 = FOG OR MIST
DPTR FM NORMAL: -1.9 DPTR FM NORMAL: -1.76 2 = FOG REDUCING VISIBILITY
HIGHEST: 80 ON 23 GRTST 24HR 0.85 ON 30-31 TO 1/4 MILE OR LESS
LOWEST: 28 ON 20 3 = THUNDER
SNOW, ICE PELLETS, HAIL 4 = ICE PELLETS
TOTAL MONTH: M 5 = HAIL
GRTST 24HR M ON M 6 = FREEZING RAIN OR DRIZZLE
GRTST DEPTH: M ON M 7 = DUSTSTORM OR SANDSTORM:
VSBY 1/2 MILE OR LESS
8 = SMOKE OR HAZE
[NO. OF DAYS WITH] [WEATHER - DAYS WITH] 9 = BLOWING SNOW
X = TORNADO
MAX 32 OR BELOW: 0 0.01 INCH OR MORE: 6
MAX 90 OR ABOVE: 0 0.10 INCH OR MORE: 3
MIN 32 OR BELOW: 5 0.50 INCH OR MORE: 2
MIN 0 OR BELOW: 0 1.00 INCH OR MORE: 0
[HDD (BASE 65) ]
TOTAL THIS MO. 288 CLEAR (SCALE 0-3) 20
DPTR FM NORMAL -32 PTCLDY (SCALE 4-7) 7
TOTAL FM JUL 1 353 CLOUDY (SCALE 8-10) 4
DPTR FM NORMAL -43
[CDD (BASE 65) ]
TOTAL THIS MO. 5
DPTR FM NORMAL -14 [PRESSURE DATA]
TOTAL FM JAN 1 1312 HIGHEST SLP M ON M
DPTR FM NORMAL 288 LOWEST SLP 29.59 ON 25
[REMARKS]
#FINAL-10-22#