000
CXUS53 KILX 170900
CF6BMI
PRELIMINARY LOCAL CLIMATOLOGICAL DATA (WS FORM: F-6)
STATION: BLOOMINGTON IL AIRPORT
MONTH: APRIL
YEAR: 2024
LATITUDE: 40 28 N
LONGITUDE: 88 56 W
TEMPERATURE IN F: :PCPN: SNOW: WIND :SUNSHINE: SKY :PK WND
================================================================================
1 2 3 4 5 6A 6B 7 8 9 10 11 12 13 14 15 16 17 18
12Z AVG MX 2MIN
DY MAX MIN AVG DEP HDD CDD WTR SNW DPTH SPD SPD DIR MIN PSBL S-S WX SPD DR
================================================================================
1 64 44 54 M 11 0 0.93 M M 13.7 24 30 M M 10 13 44 280
2 62 36 49 M 16 0 0.11 M M 17.0 31 250 M M 10 12 47 250
3 38 33 36 M 29 0 M M M 19.4 25 300 M M 10 1 36 290
4 43 34 39 M 26 0 0.07 M M 15.2 20 320 M M 10 1 30 320
5 45 30 38 M 27 0 0.00 M M 8.9 14 350 M M 8 M M
6 56 29 43 M 22 0 0.00 M M 9.2 16 90 M M 0 20 90
7 58 41 50 M 15 0 0.51 M M 17.8 30 130 M M 5 3 44 130
8 73 43 58 M 7 0 0.00 M M 11.5 22 210 M M 2 M M
9 65 44 55 M 10 0 0.00 M M 10.3 15 320 M M 0 18 270
10 66 43 55 M 10 0 0.09 M M 8.9 16 70 M M 5 M M
11 63 48 56 M 9 0 0.05 M M 12.5 20 290 M M 8 33 300
12 63 45 54 M 11 0 0.13 M M 20.7 32 300 M M 5 50 310
13 73 41 57 M 8 0 0.00 M M 11.2 21 190 M M 0 M M
14 84 57 71 M 0 6 0.00 M M 13.5 21 240 M M 0 32 240
15 80 52 66 M 0 1 0.00 M M 12.2 17 50 M M 0 M M
16 82 57 70 M 0 5 T M M 21.9 35 160 M M 4 47 150
================================================================================
SM 1015 677 201 12 1.89 M 223.9 M 77
================================================================================
AV 63.4 42.3 14.0 FASTST M M 5 MAX(MPH)
MISC ----> 35 160 50 310
================================================================================
NOTES:
# LAST OF SEVERAL OCCURRENCES
COLUMN 17 PEAK WIND IN M.P.H.
PRELIMINARY LOCAL CLIMATOLOGICAL DATA (WS FORM: F-6) , PAGE 2
STATION: BLOOMINGTON IL AIRPORT
MONTH: APRIL
YEAR: 2024
LATITUDE: 40 28 N
LONGITUDE: 88 56 W
[TEMPERATURE DATA] [PRECIPITATION DATA] SYMBOLS USED IN COLUMN 16
AVERAGE MONTHLY: 52.9 TOTAL FOR MONTH: 1.89 1 = FOG OR MIST
DPTR FM NORMAL: 0.0 DPTR FM NORMAL: 1.89 2 = FOG REDUCING VISIBILITY
HIGHEST: 84 ON 14 GRTST 24HR 0.93 ON 1- 1 TO 1/4 MILE OR LESS
LOWEST: 29 ON 6 3 = THUNDER
SNOW, ICE PELLETS, HAIL 4 = ICE PELLETS
TOTAL MONTH: M 5 = HAIL
GRTST 24HR M ON M 6 = FREEZING RAIN OR DRIZZLE
GRTST DEPTH: M ON M 7 = DUSTSTORM OR SANDSTORM:
VSBY 1/2 MILE OR LESS
8 = SMOKE OR HAZE
[NO. OF DAYS WITH] [WEATHER - DAYS WITH] 9 = BLOWING SNOW
X = TORNADO
MAX 32 OR BELOW: 0 0.01 INCH OR MORE: 7
MAX 90 OR ABOVE: 0 0.10 INCH OR MORE: 4
MIN 32 OR BELOW: 2 0.50 INCH OR MORE: 2
MIN 0 OR BELOW: 0 1.00 INCH OR MORE: 0
[HDD (BASE 65) ]
TOTAL THIS MO. 201 CLEAR (SCALE 0-3) 6
DPTR FM NORMAL M PTCLDY (SCALE 4-7) 5
TOTAL FM JUL 1 4593 CLOUDY (SCALE 8-10) 5
DPTR FM NORMAL M
[CDD (BASE 65) ]
TOTAL THIS MO. 12
DPTR FM NORMAL M [PRESSURE DATA]
TOTAL FM JAN 1 12 HIGHEST SLP M ON M
DPTR FM NORMAL M LOWEST SLP M ON M
[REMARKS]