000
CXUS53 KILX 010900
CF6BMI
PRELIMINARY LOCAL CLIMATOLOGICAL DATA (WS FORM: F-6)
STATION: BLOOMINGTON IL AIRPORT
MONTH: MARCH
YEAR: 2023
LATITUDE: 40 28 N
LONGITUDE: 88 56 W
TEMPERATURE IN F: :PCPN: SNOW: WIND :SUNSHINE: SKY :PK WND
================================================================================
1 2 3 4 5 6A 6B 7 8 9 10 11 12 13 14 15 16 17 18
12Z AVG MX 2MIN
DY MAX MIN AVG DEP HDD CDD WTR SNW DPTH SPD SPD DIR MIN PSBL S-S WX SPD DR
================================================================================
1 60 31 46 M 19 0 0.00 M M 8.9 23 140 M M 0 1 28 140
2 48 31 40 M 25 0 0.00 M M 12.6 22 60 M M 3 25 330
3 39 31 35 M 30 0 0.58 M M 19.0 37 40 M M 6 1 48 30
4 53 26 40 M 25 0 T M M 8.0 17 220 M M 3 1 22 220
5 57 31 44 M 21 0 T M M 10.9 21 140 M M 4 12 M M
6 66 39 53 M 12 0 T M M 15.9 25 340 M M 5 3 35 340
7 48 35 42 M 23 0 0.00 M M 16.8 22 60 M M 5 30 60
8 49 35 42 M 23 0 0.00 M M 17.2 24 110 M M 7 30 90
9 41 35 38 M 27 0 0.10 M M 13.5 21 70 M M 10 1 30 80
10 37 33 35 M 30 0 0.00 M M 15.6 22 320 M M 10 1 33 310
11 42 30 36 M 29 0 0.20 M M 10.8 20 100 M M 10 1 23 100
12 41 29 35 M 30 0 T M M 11.9 23 290 M M 10 18 28 310
13 34 28 31 M 34 0 T M M 15.4 22 300 M M 10 28 290
14 42 24 33 M 32 0 T M M 8.0 15 340 M M 3 18 340
15 51 23 37 M 28 0 0.00 M M 14.2 21 180 M M 0 M M
16 52 38 45 M 20 0 0.35 M M 18.0 28 290 M M 8 1 41 200
17 38 26 32 M 33 0 0.02 M M 21.0 30 290 M M 6 1 38 290
18 28 11 20 M 45 0 T M M 18.6 25 310 M M 9 18 36 280
19 37 13 25 M 40 0 0.00 M M 10.8 16 230 M M 0 22 230
20 52 23 38 M 27 0 0.00 M M 18.8 30 200 M M 0 39 190
21 51 33 42 M 23 0 0.02 M M 16.7 27 180 M M 7 1 33 170
22 55 38 47 M 18 0 1.28 M M 13.1 22 300 M M 10 123 25 300
23 53 36 45 M 20 0 0.22 M M 11.5 22 30 M M 9 13 27 20
24 45 34 40 M 25 0 0.16 M M 16.7 24 70 M M 7 1 32 80
25 49 33 41 M 24 0 0.28 M M 14.1 25 290 M M 6 1 35 280
26 63 35 49 M 16 0 T M M 14.9 22 200 M M 5 32 200
27 52 32 42 M 23 0 0.00 M M 11.4 16 20 M M 5 21 20
28 53 30 42 M 23 0 0.00 M M 6.3 12 260 M M 4 M M
29 51 31 41 M 24 0 0.00 M M 10.6 21 310 M M 1 M M
30 64 29 47 M 18 0 0.11 M M 16.8 25 170 M M 3 3 32 170
31 73 46 60 M 5 0 0.50 M M 22.7 38 190 M M 8 13 46 190
================================================================================
SM 1524 949 772 0 3.82 M 440.7 M 174
================================================================================
AV 49.2 30.6 14.2 FASTST M M 6 MAX(MPH)
MISC ----> 38 190 48 30
================================================================================
NOTES:
# LAST OF SEVERAL OCCURRENCES
COLUMN 17 PEAK WIND IN M.P.H.
PRELIMINARY LOCAL CLIMATOLOGICAL DATA (WS FORM: F-6) , PAGE 2
STATION: BLOOMINGTON IL AIRPORT
MONTH: MARCH
YEAR: 2023
LATITUDE: 40 28 N
LONGITUDE: 88 56 W
[TEMPERATURE DATA] [PRECIPITATION DATA] SYMBOLS USED IN COLUMN 16
AVERAGE MONTHLY: 39.9 TOTAL FOR MONTH: 3.82 1 = FOG OR MIST
DPTR FM NORMAL: 0.0 DPTR FM NORMAL: M 2 = FOG REDUCING VISIBILITY
HIGHEST: 73 ON 31 GRTST 24HR 1.28 ON 22-22 TO 1/4 MILE OR LESS
LOWEST: 11 ON 18 3 = THUNDER
SNOW, ICE PELLETS, HAIL 4 = ICE PELLETS
TOTAL MONTH: M 5 = HAIL
GRTST 24HR M ON M 6 = FREEZING RAIN OR DRIZZLE
GRTST DEPTH: M ON M 7 = DUSTSTORM OR SANDSTORM:
VSBY 1/2 MILE OR LESS
8 = SMOKE OR HAZE
[NO. OF DAYS WITH] [WEATHER - DAYS WITH] 9 = BLOWING SNOW
X = TORNADO
MAX 32 OR BELOW: 1 0.01 INCH OR MORE: 12
MAX 90 OR ABOVE: 0 0.10 INCH OR MORE: 10
MIN 32 OR BELOW: 18 0.50 INCH OR MORE: 3
MIN 0 OR BELOW: 0 1.00 INCH OR MORE: 1
[HDD (BASE 65) ]
TOTAL THIS MO. 772 CLEAR (SCALE 0-3) 9
DPTR FM NORMAL M PTCLDY (SCALE 4-7) 13
TOTAL FM JUL 1 4850 CLOUDY (SCALE 8-10) 9
DPTR FM NORMAL M
[CDD (BASE 65) ]
TOTAL THIS MO. 0
DPTR FM NORMAL M [PRESSURE DATA]
TOTAL FM JAN 1 0 HIGHEST SLP M ON M
DPTR FM NORMAL M LOWEST SLP M ON M
[REMARKS]
#FINAL-03-23#