000
CXUS54 KEWX 011110
CF6BMQ
PRELIMINARY LOCAL CLIMATOLOGICAL DATA (WS FORM: F-6)
STATION: BURNET
MONTH: JANUARY
YEAR: 2023
LATITUDE: 30 43 N
LONGITUDE: 98 14 W
TEMPERATURE IN F: :PCPN: SNOW: WIND :SUNSHINE: SKY :PK WND
================================================================================
1 2 3 4 5 6A 6B 7 8 9 10 11 12 13 14 15 16 17 18
12Z AVG MX 2MIN
DY MAX MIN AVG DEP HDD CDD WTR SNW DPTH SPD SPD DIR MIN PSBL S-S WX SPD DR
================================================================================
1 80 47 64 15 1 0 0.00 M M 4.2 13 170 M M 0 1 26 160
2 78 58 68 19 0 3 0.00 M M 9.3 20 340 M M 5 1 32 300
3 71 48 60 11 5 0 0.00 M M 5.9 14 290 M M 1 20 290
4 69 42 56 7 9 0 0.00 M M 7.5 18 270 M M 0 27 280
5 69 37 53 4 12 0 0.00 M M 2.4 9 20 M M 0 13 360
6 75 43 59 10 6 0 0.00 M M 6.6 23 180 M M 2 37 180
7 67 54 61 12 4 0 0.03 M M 5.6 15 10 M M 9 1 21 360
8 66 43 55 6 10 0 0.00 M M 5.8 14 30 M M 2 21 340
9 73 41 57 8 8 0 0.00 M M 3.4 12 180 M M 0 18 180
10 84 44 64 15 1 0 0.00 M M 3.7 15 240 M M 1 12 22 230
11 84 50 67 18 0 2 0.00 M M 7.3 23 210 M M 0 34 210
12 66 47 57 8 8 0 0.00 M M 12.5 24 330 M M 0 36 330
13 63 37 50 1 15 0 0.00 M M 3.8 12 340 M M 0 16 310
14 64 32 48 -1 17 0 0.00 M M 5.5 18 180 M M 0 27 190
15 69 50 60 11 5 0 0.00 M M 12.1 24 190 M M 0 39 200
16 75 51 63 14 2 0 0.00 M M 4.9 16 190 M M 2 26 180
17 79 45 62 13 3 0 0.00 M M 4.0 16 130 M M 1 18 23 120
18 72 48 60 11 5 0 0.09 M M 9.0 24 280 M M 4 1 36 280
19 66 43 55 5 10 0 0.00 M M 4.7 16 10 M M 0 25 360
20 57 46 52 2 13 0 0.00 M M 7.3 16 80 M M 8 25 90
21 70 48 59 9 6 0 T M M 6.2 16 320 M M 5 23 320
22 59 37 48 -2 17 0 0.00 M M 8.2 18 290 M M 0 27 270
23 56 32 44 -6 21 0 0.00 M M 7.6 16 90 M M 5 23 110
24 52 40 46 -4 19 0 0.71 M M 12.8 25 290 M M 9 1 43 290
25 52 38 45 -5 20 0 0.00 M M 10.6 21 300 M M 3 30 300
26 56 33 45 -5 20 0 0.00 M M 4.5 13 330 M M 0 17 350
27 59 31 45 -5 20 0 0.00 M M 5.6 17 230 M M 2 26 190
28 64 47 56 6 9 0 0.01 M M 6.2 17 200 M M 10 12 29 210
29 66 36 51 1 14 0 0.25 M M 8.4 18 20 M M 10 13 28 360
30 36 27 32 -18 33 0 0.03 M M 9.8 15 340 M M 10 16 22 30
31 30 26 28 -23 37 0 T M M 9.1 17 340 M M 10 16 24 330
================================================================================
SM 2027 1301 350 5 1.12 M 214.5 M 99
================================================================================
AV 65.4 42.0 6.9 FASTST M M 3 MAX(MPH)
MISC ----> 25 290 43 290
================================================================================
NOTES:
# LAST OF SEVERAL OCCURRENCES
COLUMN 17 PEAK WIND IN M.P.H.
PRELIMINARY LOCAL CLIMATOLOGICAL DATA (WS FORM: F-6) , PAGE 2
STATION: BURNET
MONTH: JANUARY
YEAR: 2023
LATITUDE: 30 43 N
LONGITUDE: 98 14 W
[TEMPERATURE DATA] [PRECIPITATION DATA] SYMBOLS USED IN COLUMN 16
AVERAGE MONTHLY: 53.7 TOTAL FOR MONTH: 1.12 1 = FOG OR MIST
DPTR FM NORMAL: 4.3 DPTR FM NORMAL: -0.53 2 = FOG REDUCING VISIBILITY
HIGHEST: 84 ON 11,10 GRTST 24HR 0.71 ON 24-24 TO 1/4 MILE OR LESS
LOWEST: 26 ON 31 3 = THUNDER
SNOW, ICE PELLETS, HAIL 4 = ICE PELLETS
TOTAL MONTH: M 5 = HAIL
GRTST 24HR M ON M 6 = FREEZING RAIN OR DRIZZLE
GRTST DEPTH: M ON M 7 = DUSTSTORM OR SANDSTORM:
VSBY 1/2 MILE OR LESS
8 = SMOKE OR HAZE
[NO. OF DAYS WITH] [WEATHER - DAYS WITH] 9 = BLOWING SNOW
X = TORNADO
MAX 32 OR BELOW: 1 0.01 INCH OR MORE: 6
MAX 90 OR ABOVE: 0 0.10 INCH OR MORE: 2
MIN 32 OR BELOW: 5 0.50 INCH OR MORE: 1
MIN 0 OR BELOW: 0 1.00 INCH OR MORE: 0
[HDD (BASE 65) ]
TOTAL THIS MO. 350 CLEAR (SCALE 0-3) 19
DPTR FM NORMAL -138 PTCLDY (SCALE 4-7) 6
TOTAL FM JUL 1 1125 CLOUDY (SCALE 8-10) 6
DPTR FM NORMAL -114
[CDD (BASE 65) ]
TOTAL THIS MO. 5
DPTR FM NORMAL 1 [PRESSURE DATA]
TOTAL FM JAN 1 5 HIGHEST SLP 30.50 ON 13
DPTR FM NORMAL 1 LOWEST SLP 29.65 ON 2
[REMARKS]
#FINAL-01-23#