000
CXUS54 KEWX 011010
CF6BMQ
PRELIMINARY LOCAL CLIMATOLOGICAL DATA (WS FORM: F-6)
STATION: BURNET
MONTH: AUGUST
YEAR: 2022
LATITUDE: 30 43 N
LONGITUDE: 98 14 W
TEMPERATURE IN F: :PCPN: SNOW: WIND :SUNSHINE: SKY :PK WND
================================================================================
1 2 3 4 5 6A 6B 7 8 9 10 11 12 13 14 15 16 17 18
12Z AVG MX 2MIN
DY MAX MIN AVG DEP HDD CDD WTR SNW DPTH SPD SPD DIR MIN PSBL S-S WX SPD DR
================================================================================
1 97 76 87 2 0 22 0.00 M M 7.8 16 140 M M 1 29 120
2 101 76 89 4 0 24 0.00 M M 10.1 20 190 M M 0 8 32 180
3 101 76 89 4 0 24 0.00 M M 10.2 21 180 M M 1 32 160
4 101 76 89 4 0 24 0.00 M M 9.8 15 180 M M 1 25 190
5 101 77 89 4 0 24 0.00 M M 7.1 16 130 M M 1 28 140
6 95 78 87 2 0 22 0.03 M M 7.7 17 130 M M 2 3 28 140
7 99 75 87 2 0 22 0.00 M M 7.3 16 150 M M 3 30 140
8 99 75 87 2 0 22 T M M 7.1 15 170 M M 1 26 180
9 99 75 87 2 0 22 0.00 M M 5.4 13 120 M M 1 21 100
10 100 77 89 4 0 24 T M M 6.4 25 20 M M 1 3 38 20
11 99 76 88 3 0 23 0.00 0.0 M 4.9 15 20 M M 3 21 60
12 99 74 87 2 0 22 0.00 0.0 M 5.2 17 70 M M 2 25 60
13 99 76 88 3 0 23 T M M 6.5 20 70 M M 2 27 60
14 94 75 85 0 0 20 0.00 M M 6.6 16 120 M M 3 27 140
15 96 74 85 0 0 20 0.00 M M 6.2 15 190 M M 4 24 170
16 97 75 86 1 0 21 M M M 5.4 10 180 M M 3 M M
17 102 76 89 4 0 24 0.00 0.0 M 4.7 13 260 M M 1 18 250
18 96 74 85 0 0 20 0.06 M M 5.4 18 360 M M 2 3 36 360
19 92 73 83 -1 0 18 0.20 M M 4.5 18 120 M M 5 13 28 120
20 97 74 86 2 0 21 0.00 M M 8.0 16 130 M M 4 27 120
21 91 75 83 -1 0 18 0.10 M M 6.9 16 190 M M 4 1 24 190
22 91 73 82 -2 0 17 0.41 M M 5.1 24 330 M M 6 13 33 340
23 90 72 81 -3 0 16 T M M 3.7 9 40 M M 7 15 360
24 93 72 83 -1 0 18 0.00 M M 6.4 15 40 M M 3 22 70
25 95 72 84 0 0 19 0.00 M M 5.1 15 60 M M 1 21 90
26 96 73 85 2 0 20 0.00 M M 5.4 15 70 M M 1 20 70
27 96 74 85 2 0 20 T M M 5.3 16 120 M M 3 27 140
28 95 74 85 2 0 20 0.00 M M 7.1 16 140 M M 2 25 140
29 96 76 86 3 0 21 0.00 M M 7.0 17 140 M M 4 29 120
30 89 72 81 -1 0 16 3.29 M M 4.6 21 80 M M 8 1238 35 70
31 88 71 80 -2 0 15 0.25 M M 4.8 21 130 M M 7 13 33 130
================================================================================
SM 2984 2312 0 642 4.34 0.0 197.7 M 87
================================================================================
AV 96.3 74.6 6.4 FASTST M M 3 MAX(MPH)
MISC ----> 25 20 38 20
================================================================================
NOTES:
# LAST OF SEVERAL OCCURRENCES
COLUMN 17 PEAK WIND IN M.P.H.
PRELIMINARY LOCAL CLIMATOLOGICAL DATA (WS FORM: F-6) , PAGE 2
STATION: BURNET
MONTH: AUGUST
YEAR: 2022
LATITUDE: 30 43 N
LONGITUDE: 98 14 W
[TEMPERATURE DATA] [PRECIPITATION DATA] SYMBOLS USED IN COLUMN 16
AVERAGE MONTHLY: 85.4 TOTAL FOR MONTH: 4.34 1 = FOG OR MIST
DPTR FM NORMAL: 1.0 DPTR FM NORMAL: 2.58 2 = FOG REDUCING VISIBILITY
HIGHEST: 102 ON 17 GRTST 24HR 3.29 ON 30-30 TO 1/4 MILE OR LESS
LOWEST: 71 ON 31 3 = THUNDER
SNOW, ICE PELLETS, HAIL 4 = ICE PELLETS
TOTAL MONTH: 0.0 INCH 5 = HAIL
GRTST 24HR 0.0 6 = FREEZING RAIN OR DRIZZLE
GRTST DEPTH: M ON M 7 = DUSTSTORM OR SANDSTORM:
VSBY 1/2 MILE OR LESS
8 = SMOKE OR HAZE
[NO. OF DAYS WITH] [WEATHER - DAYS WITH] 9 = BLOWING SNOW
X = TORNADO
MAX 32 OR BELOW: 0 0.01 INCH OR MORE: 7
MAX 90 OR ABOVE: 29 0.10 INCH OR MORE: 5
MIN 32 OR BELOW: 0 0.50 INCH OR MORE: 1
MIN 0 OR BELOW: 0 1.00 INCH OR MORE: 1
[HDD (BASE 65) ]
TOTAL THIS MO. 0 CLEAR (SCALE 0-3) 22
DPTR FM NORMAL 0 PTCLDY (SCALE 4-7) 9
TOTAL FM JUL 1 0 CLOUDY (SCALE 8-10) 0
DPTR FM NORMAL 0
[CDD (BASE 65) ]
TOTAL THIS MO. 642
DPTR FM NORMAL 39 [PRESSURE DATA]
TOTAL FM JAN 1 2748 HIGHEST SLP 30.11 ON 7
DPTR FM NORMAL 579 LOWEST SLP 29.75 ON 28
[REMARKS]
#FINAL-08-22#