000
CXUS54 KEWX 011010
CF6BMQ
PRELIMINARY LOCAL CLIMATOLOGICAL DATA (WS FORM: F-6)
STATION: BURNET
MONTH: JULY
YEAR: 2021
LATITUDE: 30 43 N
LONGITUDE: 98 14 W
TEMPERATURE IN F: :PCPN: SNOW: WIND :SUNSHINE: SKY :PK WND
================================================================================
1 2 3 4 5 6A 6B 7 8 9 10 11 12 13 14 15 16 17 18
12Z AVG MX 2MIN
DY MAX MIN AVG DEP HDD CDD WTR SNW DPTH SPD SPD DIR MIN PSBL S-S WX SPD DR
================================================================================
1 93 72 83 0 0 18 0.00 M M 3.2 8 140 M M 3 15 160
2 91 74 83 0 0 18 0.25 M M 4.0 17 30 M M 2 24 30
3 86 74 80 -3 0 15 0.00 M M 5.6 14 290 M M 5 19 300
4 86 74 80 -3 0 15 0.01 M M 4.7 15 230 M M 7 13 23 230
5 84 73 79 -4 0 14 0.22 M M 4.0 13 70 M M 7 138 19 90
6 86 72 79 -4 0 14 0.90 M M 6.4 17 80 M M 6 1 25 90
7 86 70 78 -5 0 13 0.00 M M 5.0 15 110 M M 4 1 25 150
8 90 70 80 -3 0 15 T M M 6.9 17 90 M M 5 1 26 80
9 81 73 77 -7 0 12 0.55 M M 7.3 17 120 M M 9 18 29 120
10 89 74 82 -2 0 17 0.50 M M 5.9 18 220 M M 6 1 27 230
11 91 74 83 -1 0 18 0.00 M M 5.8 20 180 M M 3 1 29 190
12 79 72 76 -8 0 11 0.03 M M 3.5 13 20 M M 4 13 18 10
13 91 71 81 -3 0 16 0.00 M M 5.6 22 180 M M 3 39 180
14 91 70 81 -3 0 16 0.02 M M 6.9 16 130 M M 4 1 26 120
15 90 73 82 -2 0 17 0.00 M M 7.6 16 180 M M 4 26 210
16 91 74 83 -1 0 18 0.00 M M 9.1 15 180 M M 4 26 140
17 92 73 83 -1 0 18 0.00 M M 7.6 16 190 M M 3 27 180
18 92 72 82 -2 0 17 0.00 M M 5.6 13 180 M M 2 18 180
19 91 73 82 -2 0 17 0.30 M M 4.3 22 320 M M 3 138 29 330
20 88 70 79 -5 0 14 T M M 5.2 16 40 M M 5 12 26 50
21 89 70 80 -5 0 15 1.41 M M 5.7 28 110 M M 5 13 49 140
22 91 69 80 -5 0 15 0.00 M M 5.3 18 180 M M 1 1 30 170
23 92 73 83 -2 0 18 0.00 M M 9.0 20 190 M M 4 31 180
24 96 76 86 1 0 21 0.00 M M 9.5 18 190 M M 4 8 28 170
25 98 73 86 1 0 21 0.00 M M 6.1 14 180 M M 1 22 160
26 98 72 85 0 0 20 0.00 M M 3.8 10 190 M M 1 14 240
27 96 73 85 0 0 20 0.00 M M 4.3 10 140 M M 0 17 160
28 94 76 85 0 0 20 T M M 3.6 16 110 M M 1 24 120
29 95 74 85 0 0 20 0.00 M M 3.8 13 90 M M 1 3 19 130
30 95 73 84 -1 0 19 0.00 M M 3.9 12 120 M M 1 16 110
31 97 76 87 2 0 22 0.00 M M 5.0 20 100 M M 1 3 32 80
================================================================================
SM 2809 2253 0 524 4.19 M 174.2 M 109
================================================================================
AV 90.6 72.7 5.6 FASTST M M 4 MAX(MPH)
MISC ----> 28 110 49 140
================================================================================
NOTES:
# LAST OF SEVERAL OCCURRENCES
COLUMN 17 PEAK WIND IN M.P.H.
PRELIMINARY LOCAL CLIMATOLOGICAL DATA (WS FORM: F-6) , PAGE 2
STATION: BURNET
MONTH: JULY
YEAR: 2021
LATITUDE: 30 43 N
LONGITUDE: 98 14 W
[TEMPERATURE DATA] [PRECIPITATION DATA] SYMBOLS USED IN COLUMN 16
AVERAGE MONTHLY: 81.6 TOTAL FOR MONTH: 4.19 1 = FOG OR MIST
DPTR FM NORMAL: -2.5 DPTR FM NORMAL: 2.40 2 = FOG REDUCING VISIBILITY
HIGHEST: 98 ON 26,25 GRTST 24HR 1.41 ON 20-21 TO 1/4 MILE OR LESS
LOWEST: 69 ON 22 3 = THUNDER
SNOW, ICE PELLETS, HAIL 4 = ICE PELLETS
TOTAL MONTH: 0.0 INCH 5 = HAIL
GRTST 24HR M ON M 6 = FREEZING RAIN OR DRIZZLE
GRTST DEPTH: 0 7 = DUSTSTORM OR SANDSTORM:
VSBY 1/2 MILE OR LESS
8 = SMOKE OR HAZE
[NO. OF DAYS WITH] [WEATHER - DAYS WITH] 9 = BLOWING SNOW
X = TORNADO
MAX 32 OR BELOW: 0 0.01 INCH OR MORE: 10
MAX 90 OR ABOVE: 21 0.10 INCH OR MORE: 7
MIN 32 OR BELOW: 0 0.50 INCH OR MORE: 4
MIN 0 OR BELOW: 0 1.00 INCH OR MORE: 1
[HDD (BASE 65) ]
TOTAL THIS MO. 0 CLEAR (SCALE 0-3) 13
DPTR FM NORMAL 0 PTCLDY (SCALE 4-7) 17
TOTAL FM JUL 1 0 CLOUDY (SCALE 8-10) 1
DPTR FM NORMAL 0
[CDD (BASE 65) ]
TOTAL THIS MO. 524
DPTR FM NORMAL -68 [PRESSURE DATA]
TOTAL FM JAN 1 1362 HIGHEST SLP 30.20 ON 14
DPTR FM NORMAL -204 LOWEST SLP 29.85 ON 6
[REMARKS]
#FINAL-07-21#