863
CXUS54 KEWX 011010
CF6BMQ
PRELIMINARY LOCAL CLIMATOLOGICAL DATA (WS FORM: F-6)
STATION: BURNET
MONTH: JULY
YEAR: 2020
LATITUDE: 30 43 N
LONGITUDE: 98 14 W
TEMPERATURE IN F: :PCPN: SNOW: WIND :SUNSHINE: SKY :PK WND
================================================================================
1 2 3 4 5 6A 6B 7 8 9 10 11 12 13 14 15 16 17 18
12Z AVG MX 2MIN
DY MAX MIN AVG DEP HDD CDD WTR SNW DPTH SPD SPD DIR MIN PSBL S-S WX SPD DR
================================================================================
1 93 77 85 3 0 20 T M M 8.6 15 170 M M 6 28 170
2 98 78 88 6 0 23 T M M 7.9 16 200 M M 3 8 25 170
3 99 71 85 3 0 20 0.00 M M 6.5 13 140 M M 0 22 170
4 100 73 87 5 0 22 0.00 M M 4.8 15 140 M M 1 23 160
5 100 75 88 6 0 23 T M M 4.0 14 230 M M 1 3 21 230
6 92 78 85 2 0 20 T M M 4.8 14 190 M M 1 23 310
7 93 78 86 3 0 21 T M M 7.6 22 50 M M 4 3 34 50
8 96 76 86 3 0 21 0.00 M M 8.2 16 180 M M 3 27 170
9 97 76 87 4 0 22 0.00 M M 9.3 20 180 M M 3 29 190
10 100 75 88 5 0 23 0.00 M M 8.0 17 190 M M 2 27 170
11 103 75 89 6 0 24 0.00 M M 7.9 14 130 M M 0 21 170
12 103 78 91 8 0 26 0.00 M M 6.6 15 190 M M 0 23 190
13 106 78 92 9 0 27 0.00 M M 8.1 16 180 M M 0 23 130
14 104 75 90 7 0 25 0.00 M M 10.0 21 180 M M 0 34 190
15 99 74 87 4 0 22 0.00 M M 9.0 16 180 M M 1 8 26 160
16 100 73 87 4 0 22 0.00 M M 7.1 13 130 M M 0 21 180
17 98 74 86 3 0 21 0.00 M M 7.3 16 130 M M 0 25 140
18 93 72 83 -1 0 18 0.00 M M 7.4 15 190 M M 2 25 170
19 96 74 85 1 0 20 0.00 M M 6.5 16 150 M M 1 26 140
20 96 74 85 1 0 20 0.00 M M 6.4 15 90 M M 1 25 110
21 94 74 84 0 0 19 0.00 M M 5.5 13 100 M M 3 21 110
22 96 75 86 2 0 21 0.00 M M 6.0 14 130 M M 3 27 140
23 97 75 86 2 0 21 0.00 M M 5.4 15 100 M M 2 25 90
24 96 76 86 2 0 21 0.00 M M 8.6 20 70 M M 2 33 60
25 91 73 82 -2 0 17 0.09 M M 9.0 17 100 M M 5 1 28 110
26 93 72 83 -1 0 18 T M M 7.3 20 100 M M 4 1 28 110
27 96 74 85 1 0 20 0.00 M M 5.7 14 160 M M 5 27 180
28 96 73 85 1 0 20 0.47 M M 5.2 23 80 M M 1 13 35 90
29 95 72 84 0 0 19 0.00 M M 8.1 20 160 M M 1 38 150
30 95 73 84 0 0 19 0.00 M M 10.1 18 200 M M 1 30 200
31 97 77 87 3 0 22 T M M 6.4 14 140 M M 4 3 22 110
================================================================================
SM 3012 2318 0 657 0.56 M 223.3 M 60
================================================================================
AV 97.2 74.8 7.2 FASTST M M 2 MAX(MPH)
MISC ----> # 23 80 # 38 150
================================================================================
NOTES:
# LAST OF SEVERAL OCCURRENCES
COLUMN 17 PEAK WIND IN M.P.H.
PRELIMINARY LOCAL CLIMATOLOGICAL DATA (WS FORM: F-6) , PAGE 2
STATION: BURNET
MONTH: JULY
YEAR: 2020
LATITUDE: 30 43 N
LONGITUDE: 98 14 W
[TEMPERATURE DATA] [PRECIPITATION DATA] SYMBOLS USED IN COLUMN 16
AVERAGE MONTHLY: 86.0 TOTAL FOR MONTH: 0.56 1 = FOG OR MIST
DPTR FM NORMAL: 2.7 DPTR FM NORMAL: -1.48 2 = FOG REDUCING VISIBILITY
HIGHEST: 106 ON 13 GRTST 24HR 0.47 ON 28-28 TO 1/4 MILE OR LESS
LOWEST: 71 ON 3 3 = THUNDER
SNOW, ICE PELLETS, HAIL 4 = ICE PELLETS
TOTAL MONTH: M 5 = HAIL
GRTST 24HR M ON M 6 = FREEZING RAIN OR DRIZZLE
GRTST DEPTH: M ON M 7 = DUSTSTORM OR SANDSTORM:
VSBY 1/2 MILE OR LESS
8 = SMOKE OR HAZE
[NO. OF DAYS WITH] [WEATHER - DAYS WITH] 9 = BLOWING SNOW
X = TORNADO
MAX 32 OR BELOW: 0 0.01 INCH OR MORE: 2
MAX 90 OR ABOVE: 31 0.10 INCH OR MORE: 1
MIN 32 OR BELOW: 0 0.50 INCH OR MORE: 0
MIN 0 OR BELOW: 0 1.00 INCH OR MORE: 0
[HDD (BASE 65) ]
TOTAL THIS MO. 0 CLEAR (SCALE 0-3) 24
DPTR FM NORMAL 0 PTCLDY (SCALE 4-7) 7
TOTAL FM JUL 1 0 CLOUDY (SCALE 8-10) 0
DPTR FM NORMAL 0
[CDD (BASE 65) ]
TOTAL THIS MO. 657
DPTR FM NORMAL 90 [PRESSURE DATA]
TOTAL FM JAN 1 1646 HIGHEST SLP 30.06 ON 27
DPTR FM NORMAL 183 LOWEST SLP 29.76 ON 5
[REMARKS]
#FINAL-07-20#