000
CXUS54 KEWX 011010
CF6BMQ
PRELIMINARY LOCAL CLIMATOLOGICAL DATA (WS FORM: F-6)
STATION: BURNET
MONTH: JUNE
YEAR: 2020
LATITUDE: 30 43 N
LONGITUDE: 98 14 W
TEMPERATURE IN F: :PCPN: SNOW: WIND :SUNSHINE: SKY :PK WND
================================================================================
1 2 3 4 5 6A 6B 7 8 9 10 11 12 13 14 15 16 17 18
12Z AVG MX 2MIN
DY MAX MIN AVG DEP HDD CDD WTR SNW DPTH SPD SPD DIR MIN PSBL S-S WX SPD DR
================================================================================
1 83 69 76 -2 0 11 0.02 M M 4.6 15 140 M M 6 1 21 150
2 86 68 77 -1 0 12 0.00 M M 4.0 13 190 M M 6 21 160
3 90 70 80 2 0 15 0.00 M M 5.2 12 140 M M 4 18 140
4 93 71 82 3 0 17 0.00 M M 5.8 13 170 M M 2 19 180
5 92 72 82 3 0 17 0.00 M M 5.3 13 230 M M 1 18 180
6 94 71 83 4 0 18 0.00 M M 2.9 13 100 M M 1 20 120
7 93 73 83 4 0 18 0.00 M M 5.1 14 40 M M 1 20 40
8 97 72 85 6 0 20 0.00 M M 3.6 12 180 M M 1 20 190
9 98 76 87 7 0 22 0.00 M M 10.1 17 30 M M 2 27 30
10 91 65 78 -2 0 13 0.00 M M 6.4 17 20 M M 0 29 20
11 93 62 78 -2 0 13 0.00 M M 4.5 15 60 M M 0 22 50
12 91 64 78 -2 0 13 0.00 M M 4.6 14 70 M M 0 20 90
13 91 67 79 -1 0 14 0.00 M M 5.3 15 120 M M 0 22 120
14 91 64 78 -2 0 13 0.00 M M 3.9 14 60 M M 0 22 80
15 93 70 82 2 0 17 T M M 5.6 18 150 M M 3 8 32 160
16 92 73 83 2 0 18 0.00 M M 7.7 16 140 M M 3 28 140
17 92 69 81 0 0 16 0.00 M M 8.8 16 180 M M 1 28 180
18 93 72 83 2 0 18 0.00 M M 9.4 18 180 M M 4 29 220
19 93 74 84 3 0 19 0.00 M M 9.6 17 130 M M 6 32 130
20 93 68 81 0 0 16 0.07 M M 7.9 15 140 M M 5 1 24 170
21 93 74 84 3 0 19 0.00 M M 10.2 18 180 M M 3 32 180
22 92 75 84 3 0 19 0.00 M M 11.1 22 190 M M 4 32 190
23 88 68 78 -3 0 13 0.48 M M 8.9 23 330 M M 4 13 36 330
24 88 69 79 -3 0 14 T M M 6.9 15 20 M M 5 23 10
25 91 69 80 -2 0 15 0.00 M M 4.8 15 150 M M 3 1 26 140
26 85 71 78 -4 0 13 0.14 M M 8.5 22 190 M M 6 18 35 180
27 90 73 82 0 0 17 0.00 M M 9.4 18 140 M M 8 18 30 140
28 87 72 80 -2 0 15 0.28 M M 10.6 23 180 M M 6 13 35 180
29 89 77 83 1 0 18 0.00 M M 12.7 22 180 M M 7 37 210
30 92 78 85 3 0 20 0.00 M M 11.4 20 200 M M 5 31 130
================================================================================
SM 2734 2116 0 483 0.99 M 214.8 M 97
================================================================================
AV 91.1 70.5 7.2 FASTST M M 3 MAX(MPH)
MISC ----> # 23 330 # 37 210
================================================================================
NOTES:
# LAST OF SEVERAL OCCURRENCES
COLUMN 17 PEAK WIND IN M.P.H.
PRELIMINARY LOCAL CLIMATOLOGICAL DATA (WS FORM: F-6) , PAGE 2
STATION: BURNET
MONTH: JUNE
YEAR: 2020
LATITUDE: 30 43 N
LONGITUDE: 98 14 W
[TEMPERATURE DATA] [PRECIPITATION DATA] SYMBOLS USED IN COLUMN 16
AVERAGE MONTHLY: 80.8 TOTAL FOR MONTH: 0.99 1 = FOG OR MIST
DPTR FM NORMAL: 0.4 DPTR FM NORMAL: -3.26 2 = FOG REDUCING VISIBILITY
HIGHEST: 98 ON 9 GRTST 24HR 0.48 ON 23-23 TO 1/4 MILE OR LESS
LOWEST: 62 ON 11 3 = THUNDER
SNOW, ICE PELLETS, HAIL 4 = ICE PELLETS
TOTAL MONTH: M 5 = HAIL
GRTST 24HR M ON M 6 = FREEZING RAIN OR DRIZZLE
GRTST DEPTH: M ON M 7 = DUSTSTORM OR SANDSTORM:
VSBY 1/2 MILE OR LESS
8 = SMOKE OR HAZE
[NO. OF DAYS WITH] [WEATHER - DAYS WITH] 9 = BLOWING SNOW
X = TORNADO
MAX 32 OR BELOW: 0 0.01 INCH OR MORE: 5
MAX 90 OR ABOVE: 23 0.10 INCH OR MORE: 3
MIN 32 OR BELOW: 0 0.50 INCH OR MORE: 0
MIN 0 OR BELOW: 0 1.00 INCH OR MORE: 0
[HDD (BASE 65) ]
TOTAL THIS MO. 0 CLEAR (SCALE 0-3) 16
DPTR FM NORMAL 0 PTCLDY (SCALE 4-7) 13
TOTAL FM JUL 1 1661 CLOUDY (SCALE 8-10) 1
DPTR FM NORMAL -359
[CDD (BASE 65) ]
TOTAL THIS MO. 483
DPTR FM NORMAL 23 [PRESSURE DATA]
TOTAL FM JAN 1 989 HIGHEST SLP 30.28 ON 12
DPTR FM NORMAL 93 LOWEST SLP 29.59 ON 8
[REMARKS]
#FINAL-06-20#