000
CXUS54 KEWX 011010
CF6BMQ
PRELIMINARY LOCAL CLIMATOLOGICAL DATA (WS FORM: F-6)
STATION: BURNET
MONTH: MARCH
YEAR: 2020
LATITUDE: 30 43 N
LONGITUDE: 98 14 W
TEMPERATURE IN F: :PCPN: SNOW: WIND :SUNSHINE: SKY :PK WND
================================================================================
1 2 3 4 5 6A 6B 7 8 9 10 11 12 13 14 15 16 17 18
12Z AVG MX 2MIN
DY MAX MIN AVG DEP HDD CDD WTR SNW DPTH SPD SPD DIR MIN PSBL S-S WX SPD DR
================================================================================
1 73 56 65 10 0 0 0.00 M M 10.5 20 190 M M 3 30 180
2 75 59 67 12 0 2 T M M 6.3 17 170 M M 5 1 27 170
3 70 58 64 8 1 0 0.00 M M 5.6 14 50 M M 3 1 22 40
4 63 49 56 0 9 0 0.89 M M 13.9 30 30 M M 10 13 47 20
5 72 46 59 3 6 0 0.00 M M 7.3 16 320 M M 1 25 340
6 67 47 57 1 8 0 0.00 M M 7.3 21 60 M M 0 30 60
7 63 49 56 0 9 0 0.00 M M 6.1 15 150 M M 3 24 170
8 69 49 59 2 6 0 0.00 M M 10.4 21 170 M M 8 1 37 170
9 66 60 63 6 2 0 0.04 M M 7.2 21 170 M M 8 12 37 190
10 75 58 67 10 0 2 0.00 M M 4.9 13 180 M M 7 1 20 160
11 82 64 73 15 0 8 0.00 M M 8.0 16 200 M M 5 24 210
12 83 64 74 16 0 9 0.00 M M 8.5 18 190 M M 2 26 190
13 78 65 72 14 0 7 0.00 M M 7.8 16 140 M M 7 29 140
14 81 61 71 13 0 6 T M M 9.5 20 180 M M 8 1 32 160
15 61 54 58 -1 7 0 0.03 M M 8.5 16 40 M M 10 1 22 30
16 72 56 64 5 1 0 0.09 M M 4.8 21 120 M M 9 12 33 130
17 78 65 72 13 0 7 0.01 M M 8.1 18 140 M M 8 1 33 140
18 79 65 72 13 0 7 0.00 M M 9.1 18 170 M M 7 32 180
19 79 65 72 12 0 7 0.11 M M 6.3 16 180 M M 5 13 25 180
20 70 47 59 -1 6 0 1.27 M M 11.4 22 360 M M 9 1 34 10
21 53 43 48 -12 17 0 1.77 M M 8.0 18 30 M M 10 13 26 30
22 61 50 56 -4 9 0 0.02 M M 2.1 7 170 M M 10 1 10 170
23 75 59 67 6 0 2 0.00 M M 4.4 15 180 M M 9 12 24 170
24 86 55 71 10 0 6 0.00 M M 6.9 15 320 M M 3 1 26 300
25 89 51 70 9 0 5 0.00 M M 5.7 15 180 M M 0 24 140
26 85 63 74 13 0 9 0.00 M M 8.0 16 180 M M 3 18 26 170
27 82 65 74 12 0 9 0.00 M M 8.3 21 200 M M 5 32 190
28 75 48 62 0 3 0 T M M 8.1 26 310 M M 2 18 37 310
29 74 47 61 -1 4 0 0.00 M M 6.0 15 190 M M 4 21 180
30 67 60 64 2 1 0 0.09 M M 3.5 9 300 M M 9 12 14 110
31 72 54 63 1 2 0 0.00 M M 8.0 21 360 M M 2 1 33 10
================================================================================
SM 2275 1732 91 86 4.32 M 230.5 M 175
================================================================================
AV 73.4 55.9 7.4 FASTST M M 6 MAX(MPH)
MISC ----> # 30 30 # 47 20
================================================================================
NOTES:
# LAST OF SEVERAL OCCURRENCES
COLUMN 17 PEAK WIND IN M.P.H.
PRELIMINARY LOCAL CLIMATOLOGICAL DATA (WS FORM: F-6) , PAGE 2
STATION: BURNET
MONTH: MARCH
YEAR: 2020
LATITUDE: 30 43 N
LONGITUDE: 98 14 W
[TEMPERATURE DATA] [PRECIPITATION DATA] SYMBOLS USED IN COLUMN 16
AVERAGE MONTHLY: 64.6 TOTAL FOR MONTH: 4.32 1 = FOG OR MIST
DPTR FM NORMAL: 5.8 DPTR FM NORMAL: 1.34 2 = FOG REDUCING VISIBILITY
HIGHEST: 89 ON 25 GRTST 24HR 1.77 ON 21-21 TO 1/4 MILE OR LESS
LOWEST: 43 ON 21 3 = THUNDER
SNOW, ICE PELLETS, HAIL 4 = ICE PELLETS
TOTAL MONTH: M 5 = HAIL
GRTST 24HR M ON M 6 = FREEZING RAIN OR DRIZZLE
GRTST DEPTH: M ON M 7 = DUSTSTORM OR SANDSTORM:
VSBY 1/2 MILE OR LESS
8 = SMOKE OR HAZE
[NO. OF DAYS WITH] [WEATHER - DAYS WITH] 9 = BLOWING SNOW
X = TORNADO
MAX 32 OR BELOW: 0 0.01 INCH OR MORE: 10
MAX 90 OR ABOVE: 0 0.10 INCH OR MORE: 4
MIN 32 OR BELOW: 0 0.50 INCH OR MORE: 3
MIN 0 OR BELOW: 0 1.00 INCH OR MORE: 2
[HDD (BASE 65) ]
TOTAL THIS MO. 91 CLEAR (SCALE 0-3) 9
DPTR FM NORMAL -131 PTCLDY (SCALE 4-7) 14
TOTAL FM JUL 1 1564 CLOUDY (SCALE 8-10) 8
DPTR FM NORMAL -382
[CDD (BASE 65) ]
TOTAL THIS MO. 86
DPTR FM NORMAL 56 [PRESSURE DATA]
TOTAL FM JAN 1 97 HIGHEST SLP 30.55 ON 6
DPTR FM NORMAL 57 LOWEST SLP 29.65 ON 4
[REMARKS]
#FINAL-03-20#