000
CXUS55 KOHX 041317
CF6BNA
PRELIMINARY LOCAL CLIMATOLOGICAL DATA (WS FORM: F-6)
STATION: NASHVILLE
MONTH: OCTOBER
YEAR: 2021
LATITUDE: 36 7 N
LONGITUDE: 86 41 W
TEMPERATURE IN F: :PCPN: SNOW: WIND :SUNSHINE: SKY :PK WND
================================================================================
1 2 3 4 5 6A 6B 7 8 9 10 11 12 13 14 15 16 17 18
12Z AVG MX 2MIN
DY MAX MIN AVG DEP HDD CDD WTR SNW DPTH SPD SPD DIR MIN PSBL S-S WX SPD DR
================================================================================
1 88 70 79 11 0 14 0.00 0.0 0 4.0 12 190 M M 7 18 16 190
2 84 64 74 7 0 9 0.35 0.0 0 6.4 17 200 M M 8 138 22 170
3 79 68 74 7 0 9 1.05 0.0 0 6.0 13 310 M M 8 138 18 170
4 82 64 73 7 0 8 0.00 0.0 0 1.5 7 310 M M 4 1 10 150
5 75 63 69 3 0 4 0.59 0.0 0 4.7 15 80 M M 7 1238 24 90
6 79 65 72 6 0 7 0.66 0.0 0 7.4 20 180 M M 9 13 25 120
7 82 63 73 8 0 8 0.00 0.0 0 3.0 9 290 M M 5 8 14 190
8 83 60 72 7 0 7 0.00 0.0 0 2.5 12 290 M M 2 1 16 310
9 86 63 75 11 0 10 0.00 0.0 0 4.0 10 220 M M 5 1 19 200
10 87 64 76 12 0 11 0.00 0.0 0 6.6 15 160 M M 4 18 22 180
11 84 65 75 11 0 10 T 0.0 0 12.6 26 180 M M 5 8 38 180
12 83 62 73 10 0 8 0.02 0.0 0 4.0 12 240 M M 4 16 290
13 85 63 74 11 0 9 0.00 0.0 0 5.3 15 190 M M 5 22 180
14 85 66 76 14 0 11 0.00 0.0 0 4.8 13 170 M M 6 18 17 210
15 81 68 75 13 0 10 0.22 0.0 0 6.0 14 290 M M 8 1 21 300
16 68 48 58 -4 7 0 0.02 0.0 0 10.8 24 310 M M 3 1 36 320
17 70 43 57 -4 8 0 0.00 0.0 0 3.4 15 20 M M 0 24 10
18 74 43 59 -2 6 0 0.00 0.0 0 2.8 9 90 M M 0 1 14 90
19 75 44 60 0 5 0 0.00 0.0 0 2.9 12 170 M M 3 1 18 180
20 79 48 64 4 1 0 0.00 0.0 0 4.7 13 200 M M 4 8 19 260
21 78 54 66 6 0 1 0.06 0.0 0 7.6 17 270 M M 5 1 28 280
22 64 47 56 -3 9 0 0.00 0.0 0 3.4 10 290 M M 6 18 16 310
23 71 46 59 0 6 0 0.00 0.0 0 3.7 12 180 M M 4 1 18 180
24 81 57 69 11 0 4 0.00 0.0 0 11.4 23 190 M M 5 30 190
25 74 54 64 6 1 0 1.12 0.0 0 11.0 26 190 M M 9 1 36 300
26 62 46 54 -4 11 0 0.00 0.0 0 6.1 18 360 M M 6 24 350
27 68 44 56 -1 9 0 0.00 0.0 0 5.5 13 90 M M 5 1 19 60
28 65 54 60 3 5 0 0.21 0.0 0 9.1 18 170 M M 9 13 25 160
29 60 53 57 1 8 0 0.29 0.0 0 5.1 9 290 M M 9 18 12 300
30 57 53 55 -1 10 0 0.11 0.0 0 8.8 14 310 M M 10 18 22 290
31 68 51 60 4 5 0 0.00 0.0 0 6.2 16 10 M M 6 21 10
================================================================================
SM 2357 1753 91 140 4.70 0.0 181.3 M 171
================================================================================
AV 76.0 56.5 5.8 FASTST M M 6 MAX(MPH)
MISC ----> # 26 180 38 180
================================================================================
NOTES:
# LAST OF SEVERAL OCCURRENCES
COLUMN 17 PEAK WIND IN M.P.H.
PRELIMINARY LOCAL CLIMATOLOGICAL DATA (WS FORM: F-6) , PAGE 2
STATION: NASHVILLE
MONTH: OCTOBER
YEAR: 2021
LATITUDE: 36 7 N
LONGITUDE: 86 41 W
[TEMPERATURE DATA] [PRECIPITATION DATA] SYMBOLS USED IN COLUMN 16
AVERAGE MONTHLY: 66.3 TOTAL FOR MONTH: 4.70 1 = FOG OR MIST
DPTR FM NORMAL: 4.6 DPTR FM NORMAL: 1.34 2 = FOG REDUCING VISIBILITY
HIGHEST: 88 ON 1 GRTST 24HR 1.40 ON 2- 3 TO 1/4 MILE OR LESS
LOWEST: 43 ON 18,17 3 = THUNDER
SNOW, ICE PELLETS, HAIL 4 = ICE PELLETS
TOTAL MONTH: 0.0 INCH 5 = HAIL
GRTST 24HR 0.0 6 = FREEZING RAIN OR DRIZZLE
GRTST DEPTH: 0 7 = DUSTSTORM OR SANDSTORM:
VSBY 1/2 MILE OR LESS
8 = SMOKE OR HAZE
[NO. OF DAYS WITH] [WEATHER - DAYS WITH] 9 = BLOWING SNOW
X = TORNADO
MAX 32 OR BELOW: 0 0.01 INCH OR MORE: 12
MAX 90 OR ABOVE: 0 0.10 INCH OR MORE: 9
MIN 32 OR BELOW: 0 0.50 INCH OR MORE: 4
MIN 0 OR BELOW: 0 1.00 INCH OR MORE: 2
[HDD (BASE 65) ]
TOTAL THIS MO. 91 CLEAR (SCALE 0-3) 4
DPTR FM NORMAL -74 PTCLDY (SCALE 4-7) 20
TOTAL FM JUL 1 99 CLOUDY (SCALE 8-10) 7
DPTR FM NORMAL -79
[CDD (BASE 65) ]
TOTAL THIS MO. 140
DPTR FM NORMAL 78 [PRESSURE DATA]
TOTAL FM JAN 1 1942 HIGHEST SLP 30.28 ON 17
DPTR FM NORMAL 76 LOWEST SLP 29.40 ON 29
[REMARKS]
#FINAL-10-21#