000
CXUS55 KOHX 041411
CF6BNA
PRELIMINARY LOCAL CLIMATOLOGICAL DATA (WS FORM: F-6)
STATION: NASHVILLE
MONTH: MARCH
YEAR: 2020
LATITUDE: 36 7 N
LONGITUDE: 86 41 W
TEMPERATURE IN F: :PCPN: SNOW: WIND :SUNSHINE: SKY :PK WND
================================================================================
1 2 3 4 5 6A 6B 7 8 9 10 11 12 13 14 15 16 17 18
12Z AVG MX 2MIN
DY MAX MIN AVG DEP HDD CDD WTR SNW DPTH SPD SPD DIR MIN PSBL S-S WX SPD DR
================================================================================
1 70 31 51 5 14 0 0.02 0.0 0 9.5 25 200 M M 6 35 200
2 62 50 56 10 9 0 0.43 0.0 0 10.6 21 180 M M 10 13 27 210
3 68 47 58 12 7 0 0.58 0.0 0 8.4 29 200 M M 7 13 40 200
4 65 43 54 8 11 0 0.00 0.0 0 4.7 14 20 M M 7 17 270
5 68 45 57 10 8 0 0.00 0.0 0 5.7 15 320 M M 5 23 300
6 56 34 45 -2 20 0 0.00 0.0 0 15.0 25 310 M M 3 40 320
7 56 30 43 -4 22 0 0.00 0.0 0 4.9 13 200 M M 1 15 60
8 69 32 51 3 14 0 0.00 0.0 0 9.2 21 180 M M 3 30 200
9 67 50 59 11 6 0 T 0.0 0 13.1 24 190 M M 10 34 180
10 71 50 61 13 4 0 0.20 0.0 0 10.7 25 200 M M 8 1 36 200
11 59 45 52 4 13 0 0.03 0.0 0 4.0 13 180 M M 8 18 15 190
12 74 50 62 13 3 0 T 0.0 0 9.1 24 200 M M 8 33 190
13 67 51 59 10 6 0 0.07 0.0 0 10.5 17 360 M M 10 1 29 360
14 54 44 49 0 16 0 0.25 0.0 0 7.5 16 360 M M 10 1 23 330
15 46 41 44 -6 21 0 0.01 0.0 0 10.0 16 30 M M 9 1 21 330
16 54 42 48 -2 17 0 0.01 0.0 0 2.3 9 50 M M 10 1 11 200
17 57 50 54 4 11 0 1.00 0.0 0 6.2 12 50 M M 10 138 18 340
18 70 49 60 9 5 0 0.62 0.0 0 5.4 14 220 M M 9 1 22 200
19 79 63 71 20 0 6 0.01 0.0 0 11.5 23 190 M M 9 13 34 190
20 73 48 61 10 4 0 0.79 0.0 0 11.3 24 200 M M 7 138 35 190
21 52 40 46 -6 19 0 T 0.0 0 8.0 13 20 M M 8 18 18 50
22 61 39 50 -2 15 0 0.14 0.0 0 5.2 12 130 M M 8 1 17 120
23 61 48 55 3 10 0 0.39 0.0 0 4.8 14 340 M M 9 12 18 340
24 63 46 55 3 10 0 0.97 0.0 0 5.9 14 310 M M 9 13 21 300
25 61 47 54 1 11 0 0.00 0.0 0 5.0 12 320 M M 8 15 310
26 83 43 63 10 2 0 0.00 0.0 0 9.6 26 190 M M 5 1 34 190
27 84 64 74 21 0 9 0.00 0.0 0 8.9 20 190 M M 8 26 200
28 83 69 76 22 0 11 0.16 0.0 0 12.3 22 180 M M 9 13 30 180
29 75 54 65 11 0 0 0.20 0.0 0 9.5 21 270 M M 5 13 36 270
30 66 46 56 2 9 0 0.00 0.0 0 3.8 9 20 M M 8 12 10
31 57 46 52 -2 13 0 0.64 0.0 0 12.0 22 360 M M 9 1 31 360
================================================================================
SM 2031 1437 300 26 6.52 0.0 254.6 M 236
================================================================================
AV 65.5 46.4 8.2 FASTST M M 8 MAX(MPH)
MISC ----> # 29 200 # 40 200
================================================================================
NOTES:
# LAST OF SEVERAL OCCURRENCES
COLUMN 17 PEAK WIND IN M.P.H.
PRELIMINARY LOCAL CLIMATOLOGICAL DATA (WS FORM: F-6) , PAGE 2
STATION: NASHVILLE
MONTH: MARCH
YEAR: 2020
LATITUDE: 36 7 N
LONGITUDE: 86 41 W
[TEMPERATURE DATA] [PRECIPITATION DATA] SYMBOLS USED IN COLUMN 16
AVERAGE MONTHLY: 55.9 TOTAL FOR MONTH: 6.52 1 = FOG OR MIST
DPTR FM NORMAL: 5.9 DPTR FM NORMAL: 2.41 2 = FOG REDUCING VISIBILITY
HIGHEST: 84 ON 27 GRTST 24HR 1.00 ON 17-17 TO 1/4 MILE OR LESS
LOWEST: 30 ON 7 3 = THUNDER
SNOW, ICE PELLETS, HAIL 4 = ICE PELLETS
TOTAL MONTH: 0.0 INCH 5 = HAIL
GRTST 24HR 0.0 6 = FREEZING RAIN OR DRIZZLE
GRTST DEPTH: 0 7 = DUSTSTORM OR SANDSTORM:
VSBY 1/2 MILE OR LESS
8 = SMOKE OR HAZE
[NO. OF DAYS WITH] [WEATHER - DAYS WITH] 9 = BLOWING SNOW
X = TORNADO
MAX 32 OR BELOW: 0 0.01 INCH OR MORE: 19
MAX 90 OR ABOVE: 0 0.10 INCH OR MORE: 13
MIN 32 OR BELOW: 3 0.50 INCH OR MORE: 6
MIN 0 OR BELOW: 0 1.00 INCH OR MORE: 1
[HDD (BASE 65) ]
TOTAL THIS MO. 300 CLEAR (SCALE 0-3) 1
DPTR FM NORMAL -173 PTCLDY (SCALE 4-7) 14
TOTAL FM JUL 1 2691 CLOUDY (SCALE 8-10) 16
DPTR FM NORMAL -720
[CDD (BASE 65) ]
TOTAL THIS MO. 26
DPTR FM NORMAL 18 [PRESSURE DATA]
TOTAL FM JAN 1 26 HIGHEST SLP 30.59 ON 7
DPTR FM NORMAL 18 LOWEST SLP 29.62 ON 3
[REMARKS]
#FINAL-03-20#