000
CXUS55 KBOI 011002
CF6BOI
PRELIMINARY LOCAL CLIMATOLOGICAL DATA (WS FORM: F-6)
STATION: BOISE ID
MONTH: SEPTEMBER
YEAR: 2022
LATITUDE: 43 34 N
LONGITUDE: 116 13 W
TEMPERATURE IN F: :PCPN: SNOW: WIND :SUNSHINE: SKY :PK WND
================================================================================
1 2 3 4 5 6A 6B 7 8 9 10 11 12 13 14 15 16 17 18
12Z AVG MX 2MIN
DY MAX MIN AVG DEP HDD CDD WTR SNW DPTH SPD SPD DIR MIN PSBL S-S WX SPD DR
================================================================================
1 97 64 81 10 0 16 0.00 0.0 0 5.9 17 300 M M 0 8 23 320
2 101 63 82 11 0 17 0.00 0.0 0 6.3 13 120 M M 0 19 150
3 102 66 84 13 0 19 0.00 0.0 0 7.5 16 120 M M 0 20 130
4 98 60 79 9 0 14 0.00 0.0 0 5.2 12 360 M M 0 8 15 360
5 95 62 79 9 0 14 0.00 0.0 0 6.0 13 320 M M 0 23 330
6 101 64 83 13 0 18 0.00 0.0 0 5.4 12 290 M M 0 17 250
7 104 68 86 17 0 21 0.00 0.0 0 7.2 29 330 M M 0 8 37 330
8 85 56 71 2 0 6 0.00 0.0 0 10.6 23 300 M M 1 8 32 310
9 78 46 62 -7 3 0 0.00 0.0 0 4.4 14 130 M M 2 8 16 130
10 84 55 70 2 0 5 0.00 0.0 0 7.4 17 150 M M 0 8 23 140
11 88 54 71 3 0 6 0.00 0.0 0 6.6 16 140 M M 0 8 21 140
12 85 60 73 5 0 8 T 0.0 0 6.7 18 300 M M 0 8 23 10
13 78 61 70 3 0 5 0.13 0.0 0 7.2 16 150 M M 3 8 21 130
14 82 57 70 3 0 5 0.00 0.0 0 4.9 15 130 M M 0 20 130
15 81 61 71 4 0 6 0.04 0.0 0 7.5 23 300 M M 4 3 36 110
16 78 54 66 0 0 1 0.00 0.0 0 4.7 14 330 M M 0 8 19 140
17 83 53 68 2 0 3 T 0.0 0 12.2 31 190 M M 1 8 42 190
18 78 56 67 1 0 2 0.00 0.0 0 7.5 17 310 M M 0 22 310
19 83 52 68 3 0 3 0.00 0.0 0 6.7 15 150 M M 0 23 140
20 86 56 71 6 0 6 0.00 0.0 0 7.8 18 320 M M 0 23 290
21 74 53 64 0 1 0 0.07 0.0 0 6.5 17 40 M M 2 3 24 290
22 70 55 63 -1 2 0 T 0.0 0 4.5 13 140 M M 5 19 220
23 77 49 63 -1 2 0 0.00 0.0 0 7.0 14 130 M M 0 18 310
24 82 50 66 3 0 1 0.00 0.0 0 4.7 12 300 M M 0 15 290
25 86 52 69 6 0 4 0.00 0.0 0 5.7 14 140 M M 0 18 130
26 88 54 71 9 0 6 0.00 0.0 0 5.1 12 100 M M 0 14 110
27 95 54 75 13 0 10 0.00 0.0 0 6.1 14 100 M M 0 21 160
28 91 58 75 13 0 10 0.00 0.0 0 6.5 17 280 M M 0 26 280
29 73 56 65 4 0 0 0.00 0.0 0 6.7 17 300 M M 1 26 320
30 72 48 60 -1 5 0 T 0.0 0 7.3 22 300 M M 1 31 290
================================================================================
SM 2575 1697 13 206 0.24 0.0 197.8 M 20
================================================================================
AV 85.8 56.6 6.6 FASTST M M 1 MAX(MPH)
MISC ----> 31 190 42 190
================================================================================
NOTES:
# LAST OF SEVERAL OCCURRENCES
COLUMN 17 PEAK WIND IN M.P.H.
PRELIMINARY LOCAL CLIMATOLOGICAL DATA (WS FORM: F-6) , PAGE 2
STATION: BOISE ID
MONTH: SEPTEMBER
YEAR: 2022
LATITUDE: 43 34 N
LONGITUDE: 116 13 W
[TEMPERATURE DATA] [PRECIPITATION DATA] SYMBOLS USED IN COLUMN 16
AVERAGE MONTHLY: 71.2 TOTAL FOR MONTH: 0.24 1 = FOG OR MIST
DPTR FM NORMAL: 4.9 DPTR FM NORMAL: -0.19 2 = FOG REDUCING VISIBILITY
HIGHEST: 104 ON 7 GRTST 24HR 0.13 ON 13-13 TO 1/4 MILE OR LESS
LOWEST: 46 ON 9 3 = THUNDER
SNOW, ICE PELLETS, HAIL 4 = ICE PELLETS
TOTAL MONTH: 0.0 INCH 5 = HAIL
GRTST 24HR 0.0 6 = FREEZING RAIN OR DRIZZLE
GRTST DEPTH: 0 7 = DUSTSTORM OR SANDSTORM:
VSBY 1/2 MILE OR LESS
8 = SMOKE OR HAZE
[NO. OF DAYS WITH] [WEATHER - DAYS WITH] 9 = BLOWING SNOW
X = TORNADO
MAX 32 OR BELOW: 0 0.01 INCH OR MORE: 3
MAX 90 OR ABOVE: 9 0.10 INCH OR MORE: 1
MIN 32 OR BELOW: 0 0.50 INCH OR MORE: 0
MIN 0 OR BELOW: 0 1.00 INCH OR MORE: 0
[HDD (BASE 65) ]
TOTAL THIS MO. 13 CLEAR (SCALE 0-3) 27
DPTR FM NORMAL -67 PTCLDY (SCALE 4-7) 3
TOTAL FM JUL 1 13 CLOUDY (SCALE 8-10) 0
DPTR FM NORMAL -81
[CDD (BASE 65) ]
TOTAL THIS MO. 206
DPTR FM NORMAL 87 [PRESSURE DATA]
TOTAL FM JAN 1 1390 HIGHEST SLP 30.24 ON 25
DPTR FM NORMAL 356 LOWEST SLP 29.59 ON 18
[REMARKS]
#FINAL-09-22#