000
CXUS55 KRIW 021644
CLMBPI
CLIMATE REPORT
NATIONAL WEATHER SERVICE RIVERTON WY
1044 AM MDT WED AUG 02 2023
...................................
...THE BIG PINEY WY CLIMATE SUMMARY FOR THE MONTH OF JULY 2023...
CLIMATE NORMAL PERIOD: 1991 TO 2020
CLIMATE RECORD PERIOD: 1976 TO 2023
WEATHER OBSERVED NORMAL DEPART LAST YEAR`S
VALUE DATE(S) VALUE FROM VALUE
NORMAL
..............................................................
TEMPERATURE (F)
RECORD
HIGH 96 07/14/2002
07/13/1976
LOW 23 07/20/1987
HIGHEST 93 07/17
LOWEST 38 07/02
07/06
07/12
AVG. MAXIMUM 83.3 81.9 1.4
AVG. MINIMUM 44.1 42.0 2.1
MEAN 63.7 61.9 1.8
DAYS MAX >= 90 2
DAYS MAX <= 32 0
DAYS MIN <= 32 0
DAYS MIN <= 0 0
PRECIPITATION (INCHES)
RECORD
MAXIMUM 2.66 1982
MINIMUM T 2019
TOTALS 0.62 0.89 -0.27 0.14
DAILY AVG. 0.02 0.03 -0.01
DAYS >= .01 6
DAYS >= .10 3
DAYS >= .50 0
DAYS >= 1.00 0
GREATEST
24 HR. TOTAL 0.19 07/20 TO 07/20
STORM TOTAL 0.19
DEGREE DAYS
HEATING TOTAL 67 112 -45
SINCE 7/1 67 108 -41
COOLING TOTAL 35 17 18
SINCE 1/1 35 18 17
..............................................................
WIND (MPH)
AVERAGE WIND SPEED 7.0
RESULTANT WIND SPEED/DIRECTION 2/330
HIGHEST WIND SPEED/DIRECTION 44/300 DATE 07/03
HIGHEST GUST SPEED/DIRECTION 61/310 DATE 07/03
SKY COVER
POSSIBLE SUNSHINE (PERCENT) MM
AVERAGE SKY COVER 0.12
NUMBER OF DAYS FAIR 29
NUMBER OF DAYS PC 2
NUMBER OF DAYS CLOUDY 0
AVERAGE RH (PERCENT) 53
WEATHER CONDITIONS. NUMBER OF DAYS WITH
THUNDERSTORM 13 MIXED PRECIP 0
HEAVY RAIN 2 RAIN 2
LIGHT RAIN 12 FREEZING RAIN 0
LT FREEZING RAIN 0 HAIL 0
HEAVY SNOW 0 SNOW 0
LIGHT SNOW 0 SLEET 0
FOG 1 FOG W/VIS <= 1/4 MILE 0
HAZE 1
- INDICATES NEGATIVE NUMBERS.
R INDICATES RECORD WAS SET OR TIED.
MM INDICATES DATA IS MISSING.
T INDICATES TRACE AMOUNT.
$$