000
CXUS54 KLCH 011513
CF6BPT
PRELIMINARY LOCAL CLIMATOLOGICAL DATA (WS FORM: F-6)
STATION: BEAUMONT PORT ARTHUR
MONTH: OCTOBER
YEAR: 2023
LATITUDE: 29 57 N
LONGITUDE: 94 1 W
TEMPERATURE IN F: :PCPN: SNOW: WIND :SUNSHINE: SKY :PK WND
================================================================================
1 2 3 4 5 6A 6B 7 8 9 10 11 12 13 14 15 16 17 18
12Z AVG MX 2MIN
DY MAX MIN AVG DEP HDD CDD WTR SNW DPTH SPD SPD DIR MIN PSBL S-S WX SPD DR
================================================================================
1 94 73 84 8 0 19 0.00 0.0 0 8.6 18 80 M M 0 27 100
2 92 72 82 6 0 17 0.00 0.0 0 9.6 21 80 M M 0 28 80
3 87 76 82 6 0 17 0.11 0.0 M 12.2 22 100 M M 6 1 29 100
4 89 79 84 8 0 19 T 0.0 M 14.0 21 120 M M 6 8 27 130
5 82 71 77 2 0 12 0.45 0.0 M 8.2 20 20 M M 5 13 27 350
6 88 69 79 4 0 14 0.00 0.0 0 11.3 17 50 M M 5 24 30
7 78 60 69 -6 0 4 0.00 0.0 M 11.8 18 350 M M 0 27 20
8 76 52 64 -10 1 0 0.00 0.0 0 5.9 14 70 M M 0 18 360
9 82 51 67 -7 0 2 0.00 0.0 M 4.5 15 170 M M 0 18 20 170
10 80 61 71 -3 0 6 T 0.0 M 4.4 12 130 M M 1 18 14 100
11 72 62 67 -6 0 2 0.05 0.0 M 9.7 23 80 M M 6 30 100
12 76 62 69 -4 0 4 0.00 0.0 M 6.1 10 110 M M 7 15 110
13 89 64 77 4 0 12 0.00 0.0 M 6.1 13 170 M M 4 12 19 130
14 77 60 69 -3 0 4 0.00 0.0 M 12.4 21 10 M M 3 1 29 320
15 75 52 64 -8 1 0 0.00 0.0 M 12.7 24 350 M M 1 33 350
16 71 47 59 -13 6 0 0.00 0.0 M 10.3 18 350 M M 1 30 10
17 75 43 59 -12 6 0 0.00 0.0 M 3.6 13 170 M M 0 1 18 180
18 80 50 65 -6 0 0 0.00 0.0 M 6.4 16 170 M M 2 12 24 170
19 88 60 74 3 0 9 0.00 0.0 M 4.4 13 270 M M 2 18 18 230
20 92 59 76 6 0 11 0.00 0.0 M 4.9 13 310 M M 1 12 16 270
21 92 57 75 5 0 10 0.00 0.0 M 5.4 17 180 M M 2 128 25 130
22 88 65 77 7 0 12 0.00 0.0 M 5.5 14 170 M M 5 12 23 120
23 88 70 79 10 0 14 0.00 0.0 M 11.4 22 120 M M 3 26 120
24 87 73 80 11 0 15 0.00 0.0 M 13.8 22 140 M M 4 30 160
25 87 75 81 13 0 16 T 0.0 0 14.8 23 130 M M 9 32 140
26 86 75 81 13 0 16 0.01 0.0 M 13.4 23 140 M M 9 1 31 160
27 89 73 81 13 0 16 0.00 0.0 M 8.1 15 130 M M 3 21 100
28 87 73 80 13 0 15 0.00 0.0 M 8.8 17 140 M M 4 22 140
29 89 63 76 9 0 11 0.00 0.0 M 8.1 18 340 M M 4 27 340
30 63 M M M M M M 0.0 M M M M M M 4 M M
31 61 50 56 -10 9 0 0.00 0.0 M 17.3 21 360 M M 1 28 360
================================================================================
SM 2560 1897 23 277 0.62 0.0 273.7 M 98
================================================================================
AV 82.6 63.2 9.1 FASTST M M 3 MAX(MPH)
MISC ----> 24 350 33 350
================================================================================
NOTES:
# LAST OF SEVERAL OCCURRENCES
COLUMN 17 PEAK WIND IN M.P.H.
PRELIMINARY LOCAL CLIMATOLOGICAL DATA (WS FORM: F-6) , PAGE 2
STATION: BEAUMONT PORT ARTHUR
MONTH: OCTOBER
YEAR: 2023
LATITUDE: 29 57 N
LONGITUDE: 94 1 W
[TEMPERATURE DATA] [PRECIPITATION DATA] SYMBOLS USED IN COLUMN 16
AVERAGE MONTHLY: 72.9 TOTAL FOR MONTH: 0.62 1 = FOG OR MIST
DPTR FM NORMAL: 1.3 DPTR FM NORMAL: -4.85 2 = FOG REDUCING VISIBILITY
HIGHEST: 94 ON 1 GRTST 24HR 0.45 ON 5- 5 TO 1/4 MILE OR LESS
LOWEST: 43 ON 17 3 = THUNDER
SNOW, ICE PELLETS, HAIL 4 = ICE PELLETS
TOTAL MONTH: 0.0 INCH 5 = HAIL
GRTST 24HR 0.0 6 = FREEZING RAIN OR DRIZZLE
GRTST DEPTH: 0 7 = DUSTSTORM OR SANDSTORM:
VSBY 1/2 MILE OR LESS
8 = SMOKE OR HAZE
[NO. OF DAYS WITH] [WEATHER - DAYS WITH] 9 = BLOWING SNOW
X = TORNADO
MAX 32 OR BELOW: 0 0.01 INCH OR MORE: 4
MAX 90 OR ABOVE: 4 0.10 INCH OR MORE: 2
MIN 32 OR BELOW: 0 0.50 INCH OR MORE: 0
MIN 0 OR BELOW: 0 1.00 INCH OR MORE: 0
[HDD (BASE 65) ]
TOTAL THIS MO. 23 CLEAR (SCALE 0-3) 15
DPTR FM NORMAL -3 PTCLDY (SCALE 4-7) 14
TOTAL FM JUL 1 23 CLOUDY (SCALE 8-10) 2
DPTR FM NORMAL 0
[CDD (BASE 65) ]
TOTAL THIS MO. 277
DPTR FM NORMAL 46 [PRESSURE DATA]
TOTAL FM JAN 1 3737 HIGHEST SLP 30.36 ON 31
DPTR FM NORMAL 753 LOWEST SLP 30.11 ON 30
[REMARKS]
#FINAL-10-23#