000
CXUS53 KDVN 010949
CLSBRL
CLIMATE REPORT
NATIONAL WEATHER SERVICE QUAD CITIES IA IL
349 AM CST WED DEC 01 2021
...................................
...THE BURLINGTON IA CLIMATE SUMMARY FOR THE SEASON, FROM
9/1/2021 TO 11/30/2021...
CLIMATE NORMAL PERIOD 1991 TO 2020
CLIMATE RECORD PERIOD 1897 TO 2021
WEATHER OBSERVED NORMAL DEPART LAST YEAR`S
VALUE DATE(S) VALUE FROM VALUE
NORMAL
..............................................................
TEMPERATURE (F)
RECORD
HIGH 103 09/01/1913
09/05/1899
LOW -2 11/08/1991
11/26/1977
11/29/1976
HIGHEST 90 09/19 83 7
LOWEST 14 11/26 26 -12
AVG. MAXIMUM 66.7 63.9 2.8
AVG. MINIMUM 46.5 44.0 2.5
MEAN 56.6 54.0 2.6
DAYS MAX >= 90 1
DAYS MAX <= 32 0
DAYS MIN <= 32 18
DAYS MIN <= 0 0
PRECIPITATION (INCHES)
TOTALS 7.33R 8.91 -1.58
DAILY AVG. 0.08 0.10 -0.02
DAYS >= .01 16
DAYS >= .10 10
DAYS >= .50 3
DAYS >= 1.00 3
GREATEST
24 HR. TOTAL MM
DEGREE DAYS
HEATING TOTAL 957 1149 -192
SINCE 7/1 957 1155 -198
COOLING TOTAL 219 147 72
SINCE 1/1 1211 1083 128
..............................................................
WIND (MPH)
AVERAGE WIND SPEED 8.2
HIGHEST WIND SPEED/DIRECTION 30/360 DATE 10/25
HIGHEST GUST SPEED/DIRECTION 46/320 DATE 11/14
SKY COVER
POSSIBLE SUNSHINE (PERCENT) MM
AVERAGE SKY COVER 0.31
NUMBER OF DAYS FAIR 57
NUMBER OF DAYS PC 21
NUMBER OF DAYS CLOUDY 13
AVERAGE RH (PERCENT) 70
WEATHER CONDITIONS. NUMBER OF DAYS WITH
THUNDERSTORM 6 HAIL 0
SLEET 0 FOG 28
FOG W/VIS <= 1/4 MILE 2 HAZE 21
- INDICATES NEGATIVE NUMBERS.
R INDICATES RECORD WAS SET OR TIED.
MM INDICATES DATA IS MISSING.
T INDICATES TRACE AMOUNT.
$$