000
CXUS54 KBRO 010900
CF6BRO
PRELIMINARY LOCAL CLIMATOLOGICAL DATA (WS FORM: F-6)
STATION: BROWNSVILLE
MONTH: FEBRUARY
YEAR: 2024
LATITUDE: 25 53 N
LONGITUDE: 97 26 W
TEMPERATURE IN F: :PCPN: SNOW: WIND :SUNSHINE: SKY :PK WND
================================================================================
1 2 3 4 5 6A 6B 7 8 9 10 11 12 13 14 15 16 17 18
12Z AVG MX 2MIN
DY MAX MIN AVG DEP HDD CDD WTR SNW DPTH SPD SPD DIR MIN PSBL S-S WX SPD DR
================================================================================
1 79 60 70 6 0 5 0.00 0.0 0 9.9 22 150 M M 2 28 140
2 82 63 73 8 0 8 T 0.0 0 15.1 31 160 M M 6 42 170
3 80 54 67 2 0 2 T 0.0 0 9.3 18 20 M M 5 138 29 20
4 85 53 69 4 0 4 0.00 0.0 0 9.7 26 310 M M 0 1 43 290
5 74 52 63 -2 2 0 0.00 0.0 0 12.0 28 340 M M 0 43 340
6 76 47 62 -3 3 0 0.00 0.0 0 5.6 14 100 M M 0 1 18 100
7 80 55 68 3 0 3 0.00 0.0 0 17.4 32 150 M M 1 48 160
8 84 65 75 9 0 10 0.00 0.0 0 11.1 23 180 M M 4 30 190
9 84 65 75 9 0 10 0.04 0.0 0 10.9 25 160 M M 5 1 32 170
10 81 70 76 10 0 11 0.02 0.0 0 12.3 25 160 M M 7 1 32 160
11 82 66 74 8 0 9 0.00 0.0 0 9.9 20 360 M M 4 18 30 330
12 72 52 62 -4 3 0 0.00 0.0 0 9.9 24 330 M M 1 36 330
13 73 52 63 -3 2 0 0.00 0.0 0 6.6 16 120 M M 1 22 130
14 76 62 69 3 0 4 T 0.0 0 8.4 18 140 M M 8 25 140
15 79 68 74 7 0 9 T 0.0 0 6.7 15 130 M M 9 21 130
16 72 67 70 3 0 5 1.16 0.0 0 3.7 15 160 M M 9 1 19 150
17 67 45 56 -11 9 0 0.52 0.0 0 14.0 23 350 M M 10 1 39 360
18 60 40 50 -17 15 0 0.00 0.0 0 8.3 16 330 M M 2 22 320
19 71 43 57 -10 8 0 0.00 0.0 0 5.0 16 160 M M 3 1 20 150
20 81 53 67 0 0 2 0.00 0.0 0 9.7 21 150 M M 2 12 28 160
21 82 62 72 4 0 7 0.00 0.0 0 16.5 31 150 M M 3 43 160
22 86 61 74 6 0 9 0.00 0.0 0 14.1 32 190 M M 2 1 50 180
23 80 56 68 0 0 3 0.00 0.0 0 8.1 17 50 M M 4 12 25 30
24 80 52 66 -2 0 1 0.00 0.0 0 6.6 17 130 M M 0 1 23 120
25 84 61 73 5 0 8 0.00 0.0 0 13.6 25 180 M M 0 33 160
26 85 67 76 8 0 11 0.00 0.0 0 18.7 29 160 M M 1 8 43 170
27 86 70 78 10 0 13 0.00 0.0 0 22.6 43 170 M M 4 1 63 170
28 86 64 75 6 0 10 T 0.0 0 12.9 22 20 M M 8 18 35 360
29 66 58 62 -7 3 0 0.00 0.0 0 11.9 18 340 M M 10 27 360
================================================================================
SM 2273 1683 45 144 1.74 0.0 320.5 M 111
================================================================================
AV 78.4 58.0 11.1 FASTST M M 4 MAX(MPH)
MISC ----> 43 170 63 170
================================================================================
NOTES:
# LAST OF SEVERAL OCCURRENCES
COLUMN 17 PEAK WIND IN M.P.H.
PRELIMINARY LOCAL CLIMATOLOGICAL DATA (WS FORM: F-6) , PAGE 2
STATION: BROWNSVILLE
MONTH: FEBRUARY
YEAR: 2024
LATITUDE: 25 53 N
LONGITUDE: 97 26 W
[TEMPERATURE DATA] [PRECIPITATION DATA] SYMBOLS USED IN COLUMN 16
AVERAGE MONTHLY: 68.2 TOTAL FOR MONTH: 1.74 1 = FOG OR MIST
DPTR FM NORMAL: 1.7 DPTR FM NORMAL: 0.71 2 = FOG REDUCING VISIBILITY
HIGHEST: 86 ON 28,27 GRTST 24HR 1.47 ON 16-17 TO 1/4 MILE OR LESS
LOWEST: 40 ON 18 3 = THUNDER
SNOW, ICE PELLETS, HAIL 4 = ICE PELLETS
TOTAL MONTH: 0.0 INCH 5 = HAIL
GRTST 24HR 0.0 6 = FREEZING RAIN OR DRIZZLE
GRTST DEPTH: 0 7 = DUSTSTORM OR SANDSTORM:
VSBY 1/2 MILE OR LESS
8 = SMOKE OR HAZE
[NO. OF DAYS WITH] [WEATHER - DAYS WITH] 9 = BLOWING SNOW
X = TORNADO
MAX 32 OR BELOW: 0 0.01 INCH OR MORE: 4
MAX 90 OR ABOVE: 0 0.10 INCH OR MORE: 2
MIN 32 OR BELOW: 0 0.50 INCH OR MORE: 2
MIN 0 OR BELOW: 0 1.00 INCH OR MORE: 1
[HDD (BASE 65) ]
TOTAL THIS MO. 45 CLEAR (SCALE 0-3) 14
DPTR FM NORMAL -31 PTCLDY (SCALE 4-7) 10
TOTAL FM JUL 1 302 CLOUDY (SCALE 8-10) 5
DPTR FM NORMAL -90
[CDD (BASE 65) ]
TOTAL THIS MO. 144
DPTR FM NORMAL 25 [PRESSURE DATA]
TOTAL FM JAN 1 201 HIGHEST SLP 30.34 ON 18
DPTR FM NORMAL 6 LOWEST SLP 29.57 ON 3
[REMARKS]
#FINAL-02-24#