000
CXAK56 PAFG 021750
CF6BRW
PRELIMINARY LOCAL CLIMATOLOGICAL DATA (WS FORM: F-6)
STATION: UTQIAGVIK (BARROW) AK
MONTH: JANUARY
YEAR: 2022
LATITUDE: 71 17 N
LONGITUDE: 156 47 W
TEMPERATURE IN F: :PCPN: SNOW: WIND :SUNSHINE: SKY :PK WND
================================================================================
1 2 3 4 5 6A 6B 7 8 9 10 11 12 13 14 15 16 17 18
12Z AVG MX 2MIN
DY MAX MIN AVG DEP HDD CDD WTR SNW DPTH SPD SPD DIR MIN PSBL S-S WX SPD DR
================================================================================
1 -15 -22 -18 -8 83 0 0.00 M M 7.1 13 340 M M 1 8 15 330
2 -19 -31 -25 -15 90 0 0.00 M M 3.7 9 120 M M 1 18 11 120
3 -17 -33 -25 -15 90 0 0.00 M M 9.6 20 160 M M 2 18 22 160
4 14 -17 -1 9 66 0 0.00 M M 16.0 25 270 M M 8 89 30 270
5 17 -1 8 18 57 0 T M M 13.1 22 270 M M 7 189 28 270
6 0 -8 -4 6 69 0 0.00 M M 8.9 14 340 M M 3 17 350
7 -5 -16 -10 0 75 0 0.00 M M 9.2 14 360 M M 1 8 17 10
8 -16 -19 -17 -7 82 0 0.00 M M 5.9 10 360 M M 1 8 12 350
9 -13 -22 -17 -6 82 0 0.00 M M 3.5 8 40 M M 1 8 11 30
10 -3 -19 -11 0 76 0 0.01 M M 3.2 9 200 M M 10 128 10 300
11 -1 -12 -6 5 71 0 0.03 M M 8.3 12 320 M M 9 8 13 320
12 -6 -14 -10 1 75 0 T M M 6.4 10 20 M M 6 18 13 20
13 -12 -21 -16 -5 81 0 M M M 7.9 13 40 M M 0 8 15 30
14 -7 -18 -12 -1 77 0 M M M 11.3 17 60 M M 3 8 21 60
15 -12 -18 -15 -4 80 0 0.00 M M 7.2 12 70 M M 5 18 12 70
16 -10 -19 -14 -3 79 0 M M M 5.5 12 40 M M 8 8 14 50
17 -9 -21 -15 -4 80 0 M M M 6.4 16 360 M M 10 8 19 360
18 -9 -15 -12 -1 77 0 M M M 11.9 17 310 M M 9 8 20 320
19 -8 -25 -16 -5 81 0 M M M 8.8 20 320 M M 4 8 24 330
20 -13 -28 -20 -9 85 0 M M M 5.3 9 310 M M 7 18 11 320
21 -14 -28 -21 -9 86 0 M M M 15.0 28 50 M M 7 89 33 50
22 -2 -14 -8 4 73 0 M M M 21.9 30 80 M M 10 8 34 80
23 6 -6 0 12 65 0 M M M 7.4 21 100 M M 9 8 26 90
24 19 6 13 25 52 0 M M M 17.7 29 80 M M 10 189 34 100
25 17 -9 4 16 61 0 M M M 21.7 28 250 M M 10 189 33 250
26 -5 -14 -9 3 74 0 M M M 16.8 23 270 M M 1 8 27 270
27 -14 -21 -17 -5 82 0 0.00 M M 10.7 16 260 M M 0 8 19 260
28 -3 -19 -11 1 76 0 0.01 M M 14.2 18 260 M M 6 8 22 270
29 -3 -12 -7 5 72 0 0.01 M M 11.8 17 270 M M 8 8 20 270
30 -1 -12 -6 6 71 0 M M M 11.5 18 270 M M 7 8 22 270
31 -1 -17 -9 3 74 0 M M M 9.6 18 280 M M 7 18 23 280
================================================================================
SM -145 -525 2342 0 0.06 M 317.5 M 171
================================================================================
AV -4.7-16.9 10.2 FASTST M M 6 MAX(MPH)
MISC ----> 30 80 # 34 80
================================================================================
NOTES:
# LAST OF SEVERAL OCCURRENCES
COLUMN 17 PEAK WIND IN M.P.H.
PRELIMINARY LOCAL CLIMATOLOGICAL DATA (WS FORM: F-6) , PAGE 2
STATION: UTQIAGVIK (BARROW) AK
MONTH: JANUARY
YEAR: 2022
LATITUDE: 71 17 N
LONGITUDE: 156 47 W
[TEMPERATURE DATA] [PRECIPITATION DATA] SYMBOLS USED IN COLUMN 16
AVERAGE MONTHLY:-10.8 TOTAL FOR MONTH: 0.06 1 = FOG OR MIST
DPTR FM NORMAL: 0.1 DPTR FM NORMAL: -0.08 2 = FOG REDUCING VISIBILITY
HIGHEST: 19 ON 24 GRTST 24HR 0.87 ON 30-31 TO 1/4 MILE OR LESS
LOWEST: -33 ON 3 3 = THUNDER
SNOW, ICE PELLETS, HAIL 4 = ICE PELLETS
TOTAL MONTH: M 5 = HAIL
GRTST 24HR M ON M 6 = FREEZING RAIN OR DRIZZLE
GRTST DEPTH: M ON M 7 = DUSTSTORM OR SANDSTORM:
VSBY 1/2 MILE OR LESS
8 = SMOKE OR HAZE
[NO. OF DAYS WITH] [WEATHER - DAYS WITH] 9 = BLOWING SNOW
X = TORNADO
MAX 32 OR BELOW: 31 0.01 INCH OR MORE: 4
MAX 90 OR ABOVE: 0 0.10 INCH OR MORE: 0
MIN 32 OR BELOW: 31 0.50 INCH OR MORE: 0
MIN 0 OR BELOW: 30 1.00 INCH OR MORE: 0
[HDD (BASE 65) ]
TOTAL THIS MO. 2342 CLEAR (SCALE 0-3) 11
DPTR FM NORMAL -12 PTCLDY (SCALE 4-7) 11
TOTAL FM JUL 1 10029 CLOUDY (SCALE 8-10) 9
DPTR FM NORMAL -12
[CDD (BASE 65) ]
TOTAL THIS MO. 0
DPTR FM NORMAL 0 [PRESSURE DATA]
TOTAL FM JAN 1 0 HIGHEST SLP 31.09 ON 3
DPTR FM NORMAL 0 LOWEST SLP 29.12 ON 24
[REMARKS]
#FINAL-01-22#