000
CXUS55 KMSO 010900
CF6BTM
PRELIMINARY LOCAL CLIMATOLOGICAL DATA (WS FORM: F-6)
STATION: BUTTE MT
MONTH: SEPTEMBER
YEAR: 2022
LATITUDE: 45 57 N
LONGITUDE: 112 30 W
TEMPERATURE IN F: :PCPN: SNOW: WIND :SUNSHINE: SKY :PK WND
================================================================================
1 2 3 4 5 6A 6B 7 8 9 10 11 12 13 14 15 16 17 18
12Z AVG MX 2MIN
DY MAX MIN AVG DEP HDD CDD WTR SNW DPTH SPD SPD DIR MIN PSBL S-S WX SPD DR
================================================================================
1 86 49 68 10 0 3 0.00 M M 7.3 22 340 M M 0 29 310
2 87 44 66 9 0 1 0.00 M M 4.3 13 140 M M 0 19 130
3 96 44 70 13 0 5 0.00 M M 7.9 28 170 M M 0 35 170
4 87 44 66 9 0 1 0.00 M M 6.0 21 300 M M 2 8 33 210
5 86 41 64 8 1 0 0.00 M M 5.7 20 260 M M 2 8 30 270
6 90 39 65 9 0 0 0.00 M M 3.7 13 200 M M 0 8 18 320
7 91 50 71 15 0 6 0.00 M M 7.3 28 320 M M 2 8 46 330
8 73 38 56 1 9 0 T M M 9.2 24 30 M M 2 8 36 20
9 58 29 44 -11 21 0 T M M 5.0 18 70 M M 3 24 70
10 74 29 52 -3 13 0 0.00 M M 3.0 14 170 M M 0 16 160
11 84 31 58 4 7 0 0.00 M M 4.7 15 280 M M 0 8 22 270
12 81 40 61 7 4 0 0.00 M M 4.4 17 170 M M 0 8 23 170
13 70 45 58 4 7 0 0.01 M M 4.4 13 330 M M 5 18 18 280
14 71 47 59 5 6 0 T M M 2.9 16 160 M M 5 18 21 150
15 70 42 56 3 9 0 0.02 M M 4.2 22 160 M M 6 38 26 160
16 64 38 51 -2 14 0 0.40 M M 2.8 30 280 M M 7 13 43 280
17 67 34 51 -1 14 0 T M M 4.8 26 20 M M 2 3 35 20
18 70 33 52 0 13 0 0.03 M M 7.8 23 310 M M 3 3 33 110
19 74 40 57 5 8 0 T M M 5.7 21 310 M M 3 1 31 310
20 54 41 48 -3 17 0 0.00 M M 4.5 15 140 M M 8 19 150
21 65 44 55 4 10 0 0.56 M M 11.7 28 160 M M 6 1 38 150
22 55 40 48 -3 17 0 0.26 M M 6.6 18 240 M M 8 1 31 220
23 67 40 54 4 11 0 0.00 M M 7.0 17 290 M M 1 25 280
24 70 36 53 3 12 0 0.00 M M 4.6 16 310 M M 0 23 320
25 75 35 55 5 10 0 0.00 M M 3.6 13 20 M M 0 18 20
26 80 36 58 9 7 0 0.00 M M 3.5 16 150 M M 0 22 150
27 79 36 58 9 7 0 0.00 M M 3.1 13 120 M M 0 17 220
28 83 36 60 12 5 0 0.00 M M 5.6 28 170 M M 0 42 190
29 69 46 58 10 7 0 0.13 M M 7.1 26 330 M M 5 13 40 250
30 57 45 51 4 14 0 0.05 M M 4.5 16 30 M M 10 22 30
================================================================================
SM 2233 1192 243 16 1.46 M 162.9 M 80
================================================================================
AV 74.4 39.7 5.4 FASTST M M 3 MAX(MPH)
MISC ----> 30 280 46 330
================================================================================
NOTES:
# LAST OF SEVERAL OCCURRENCES
COLUMN 17 PEAK WIND IN M.P.H.
PRELIMINARY LOCAL CLIMATOLOGICAL DATA (WS FORM: F-6) , PAGE 2
STATION: BUTTE MT
MONTH: SEPTEMBER
YEAR: 2022
LATITUDE: 45 57 N
LONGITUDE: 112 30 W
[TEMPERATURE DATA] [PRECIPITATION DATA] SYMBOLS USED IN COLUMN 16
AVERAGE MONTHLY: 57.1 TOTAL FOR MONTH: 1.46 1 = FOG OR MIST
DPTR FM NORMAL: 4.3 DPTR FM NORMAL: 0.39 2 = FOG REDUCING VISIBILITY
HIGHEST: 96 ON 3 GRTST 24HR 0.79 ON 21-22 TO 1/4 MILE OR LESS
LOWEST: 29 ON 10, 9 3 = THUNDER
SNOW, ICE PELLETS, HAIL 4 = ICE PELLETS
TOTAL MONTH: M 5 = HAIL
GRTST 24HR M ON M 6 = FREEZING RAIN OR DRIZZLE
GRTST DEPTH: M ON M 7 = DUSTSTORM OR SANDSTORM:
VSBY 1/2 MILE OR LESS
8 = SMOKE OR HAZE
[NO. OF DAYS WITH] [WEATHER - DAYS WITH] 9 = BLOWING SNOW
X = TORNADO
MAX 32 OR BELOW: 0 0.01 INCH OR MORE: 8
MAX 90 OR ABOVE: 3 0.10 INCH OR MORE: 4
MIN 32 OR BELOW: 3 0.50 INCH OR MORE: 1
MIN 0 OR BELOW: 0 1.00 INCH OR MORE: 0
[HDD (BASE 65) ]
TOTAL THIS MO. 243 CLEAR (SCALE 0-3) 21
DPTR FM NORMAL -125 PTCLDY (SCALE 4-7) 7
TOTAL FM JUL 1 304 CLOUDY (SCALE 8-10) 2
DPTR FM NORMAL -279
[CDD (BASE 65) ]
TOTAL THIS MO. 16
DPTR FM NORMAL 14 [PRESSURE DATA]
TOTAL FM JAN 1 177 HIGHEST SLP M ON M
DPTR FM NORMAL 94 LOWEST SLP 29.73 ON 18
[REMARKS]
#FINAL-09-22#