000
CXUS54 KLIX 010910
CF6BTR
PRELIMINARY LOCAL CLIMATOLOGICAL DATA (WS FORM: F-6)
STATION: BATON ROUGE
MONTH: NOVEMBER
YEAR: 2022
LATITUDE: 30 31 N
LONGITUDE: 91 9 W
TEMPERATURE IN F: :PCPN: SNOW: WIND :SUNSHINE: SKY :PK WND
================================================================================
1 2 3 4 5 6A 6B 7 8 9 10 11 12 13 14 15 16 17 18
12Z AVG MX 2MIN
DY MAX MIN AVG DEP HDD CDD WTR SNW DPTH SPD SPD DIR MIN PSBL S-S WX SPD DR
================================================================================
1 77 54 66 2 0 1 0.00 0.0 M 3.7 10 20 M M 1 15 20
2 83 57 70 7 0 5 0.00 0.0 M 2.7 10 70 M M 3 18 60
3 86 57 72 9 0 7 0.00 0.0 M 5.1 12 100 M M 1 17 130
4 86 62 74 12 0 9 0.06 0.0 M 9.8 20 160 M M 9 1 29 160
5 76 54 65 3 0 0 1.44 0.0 M 6.4 22 310 M M 7 13 30 280
6 89 68 79 17 0 14 0.04 0.0 M 5.8 16 40 M M 7 1 20 60
7 88 66 77 15 0 12 0.00 0.0 M 4.1 14 90 M M 5 12 17 80
8 89 66 78 17 0 13 0.00 0.0 M 3.7 14 100 M M 1 1 18 80
9 83 57 70 9 0 5 0.00 0.0 M 7.1 14 70 M M 0 19 50
10 80 50 65 4 0 0 0.00 0.0 M 3.7 10 360 M M 0 14 10
11 80 51 66 6 0 1 T 0.0 M 3.9 15 260 M M 1 1 20 270
12 64 38 51 -9 14 0 0.08 0.0 M 8.3 17 360 M M 8 1 26 350
13 58 34 46 -14 19 0 0.00 0.0 M 7.3 15 20 M M 0 24 30
14 61 36 49 -11 16 0 1.36 M M 8.9 18 70 M M 7 1 27 70
15 58 43 51 -8 14 0 0.06 M M 8.6 16 30 M M 10 1 29 360
16 52 40 46 -13 19 0 0.00 0.0 M 5.0 15 20 M M 1 22 30
17 55 34 45 -14 20 0 0.00 0.0 M 3.5 14 310 M M 0 23 320
18 60 30 45 -13 20 0 0.00 0.0 M 5.0 13 80 M M 2 22 70
19 49 44 47 -11 18 0 0.24 M M 5.8 12 40 M M 7 1 15 40
20 58 36 47 -11 18 0 0.00 0.0 M 6.0 15 40 M M 1 21 50
21 59 35 47 -11 18 0 T M M 5.2 13 30 M M 3 20 70
22 61 44 53 -5 12 0 0.00 0.0 M 4.5 9 20 M M 6 13 20
23 77 45 61 4 4 0 0.00 0.0 M 4.6 9 60 M M 0 13 50
24 77 53 65 8 0 0 4.06 0.0 M 8.4 18 100 M M 6 1 24 110
25 71 62 67 10 0 2 0.27 0.0 M 6.2 12 340 M M 10 1 19 340
26 69 56 63 6 2 0 2.16 0.0 M 9.9 23 210 M M 8 1 31 210
27 76 45 61 4 4 0 0.00 0.0 M 9.6 20 250 M M 0 1 28 250
28 75 54 65 9 0 0 0.00 0.0 M 3.2 8 120 M M 4 12 11 50
29 84 57 71 15 0 6 0.18 0.0 M 11.7 24 180 M M 7 13 35 180
30 77 43 60 4 5 0 0.16 M M 12.4 28 200 M M 3 13 40 40
================================================================================
SM 2158 1471 203 75 10.11 0.0 190.1 M 118
================================================================================
AV 71.9 49.0 6.3 FASTST M M 4 MAX(MPH)
MISC ----> 28 200 40 40
================================================================================
NOTES:
# LAST OF SEVERAL OCCURRENCES
COLUMN 17 PEAK WIND IN M.P.H.
PRELIMINARY LOCAL CLIMATOLOGICAL DATA (WS FORM: F-6) , PAGE 2
STATION: BATON ROUGE
MONTH: NOVEMBER
YEAR: 2022
LATITUDE: 30 31 N
LONGITUDE: 91 9 W
[TEMPERATURE DATA] [PRECIPITATION DATA] SYMBOLS USED IN COLUMN 16
AVERAGE MONTHLY: 60.5 TOTAL FOR MONTH: 10.11 1 = FOG OR MIST
DPTR FM NORMAL: 1.1 DPTR FM NORMAL: 6.21 2 = FOG REDUCING VISIBILITY
HIGHEST: 89 ON 8, 6 GRTST 24HR 4.32 ON 24-25 TO 1/4 MILE OR LESS
LOWEST: 30 ON 18 3 = THUNDER
SNOW, ICE PELLETS, HAIL 4 = ICE PELLETS
TOTAL MONTH: 0.0 INCH 5 = HAIL
GRTST 24HR 0.0 6 = FREEZING RAIN OR DRIZZLE
GRTST DEPTH: M ON M 7 = DUSTSTORM OR SANDSTORM:
VSBY 1/2 MILE OR LESS
8 = SMOKE OR HAZE
[NO. OF DAYS WITH] [WEATHER - DAYS WITH] 9 = BLOWING SNOW
X = TORNADO
MAX 32 OR BELOW: 0 0.01 INCH OR MORE: 12
MAX 90 OR ABOVE: 0 0.10 INCH OR MORE: 8
MIN 32 OR BELOW: 1 0.50 INCH OR MORE: 4
MIN 0 OR BELOW: 0 1.00 INCH OR MORE: 4
[HDD (BASE 65) ]
TOTAL THIS MO. 203 CLEAR (SCALE 0-3) 14
DPTR FM NORMAL -7 PTCLDY (SCALE 4-7) 12
TOTAL FM JUL 1 251 CLOUDY (SCALE 8-10) 4
DPTR FM NORMAL -4
[CDD (BASE 65) ]
TOTAL THIS MO. 75
DPTR FM NORMAL 33 [PRESSURE DATA]
TOTAL FM JAN 1 3003 HIGHEST SLP 30.45 ON 17
DPTR FM NORMAL 207 LOWEST SLP 29.73 ON 26
[REMARKS]
#FINAL-11-22#