000
CXUS54 KTSA 010850
CF6BVO
PRELIMINARY LOCAL CLIMATOLOGICAL DATA (WS FORM: F-6)
STATION: BARTLESVILLE OKLAHOMA
MONTH: AUGUST
YEAR: 2022
LATITUDE: 36 45 N
LONGITUDE: 96 0 W
TEMPERATURE IN F: :PCPN: SNOW: WIND :SUNSHINE: SKY :PK WND
================================================================================
1 2 3 4 5 6A 6B 7 8 9 10 11 12 13 14 15 16 17 18
12Z AVG MX 2MIN
DY MAX MIN AVG DEP HDD CDD WTR SNW DPTH SPD SPD DIR MIN PSBL S-S WX SPD DR
================================================================================
1 97 74 86 5 0 21 0.00 0.0 M 8.2 24 210 M M 3 32 230
2 101 73 87 6 0 22 0.00 0.0 M 7.4 16 170 M M 0 26 140
3 102 76 89 8 0 24 0.00 0.0 M 7.9 17 200 M M 0 27 200
4 93 75 84 3 0 19 0.01 0.0 M 7.0 21 160 M M 4 3 28 170
5 99 72 86 5 0 21 0.00 0.0 M 6.5 15 150 M M 2 20 170
6 99 78 89 8 0 24 0.00 0.0 M 8.4 18 200 M M 2 26 160
7 98 73 86 5 0 21 0.00 0.0 M 5.8 16 160 M M 0 23 170
8 97 72 85 4 0 20 0.00 0.0 M 4.1 22 130 M M 3 3 32 130
9 91 72 82 2 0 17 0.00 0.0 M 3.8 15 170 M M 2 20 170
10 97 67 82 2 0 17 0.00 0.0 M 3.4 12 20 M M 1 18 350
11 93 62 78 -2 0 13 0.00 0.0 M 3.2 13 100 M M 0 19 130
12 94 58 76 -4 0 11 0.00 0.0 M 3.2 14 140 M M 0 20 110
13 98 66 82 2 0 17 0.00 0.0 M 5.0 15 220 M M 0 20 150
14 101 67 84 4 0 19 0.00 0.0 M 4.3 13 140 M M 0 18 210
15 103 65 84 4 0 19 0.00 0.0 M 2.4 13 160 M M 1 18 170
16 104 72 88 8 0 23 0.33 0.0 M 5.3 12 20 M M 2 13 36 10
17 78 65 72 -8 0 7 0.02 0.0 M 6.5 15 20 M M 9 1 19 10
18 89 60 75 -4 0 10 0.00 0.0 M 2.5 10 150 M M 0 1 16 130
19 93 60 77 -2 0 12 0.00 0.0 M 4.3 15 160 M M 0 1 20 150
20 95 69 82 3 0 17 0.02 0.0 M 4.1 12 210 M M 3 3 17 200
21 85 64 75 -4 0 10 0.00 0.0 M 3.7 15 20 M M 2 3 19 10
22 92 60 76 -3 0 11 0.00 0.0 M 4.6 16 60 M M 3 24 60
23 93 60 77 -1 0 12 0.00 0.0 M 2.3 13 30 M M 3 8 18 30
24 94 62 78 0 0 13 0.00 0.0 M 2.6 12 140 M M 2 1 16 70
25 95 59 77 -1 0 12 0.00 0.0 M 2.3 13 110 M M 0 25 130
26 98 61 80 2 0 15 0.00 0.0 M 4.6 16 160 M M 0 1 22 160
27 96 66 81 4 0 16 0.00 0.0 M 7.5 18 160 M M 1 26 140
28 99 73 86 9 0 21 0.17 0.0 M 8.5 20 210 M M 3 13 28 210
29 81 67 74 -3 0 9 0.52 0.0 M 2.7 14 210 M M 3 13 22 240
30 96 65 81 4 0 16 0.00 0.0 M 3.4 15 40 M M 1 1 22 10
31 94 59 77 1 0 12 0.00 0.0 M 1.5 10 160 M M 0 16 170
================================================================================
SM 2945 2072 0 501 1.07 0.0 147.0 M 50
================================================================================
AV 95.0 66.8 4.7 FASTST M M 2 MAX(MPH)
MISC ----> 24 210 36 10
================================================================================
NOTES:
# LAST OF SEVERAL OCCURRENCES
COLUMN 17 PEAK WIND IN M.P.H.
PRELIMINARY LOCAL CLIMATOLOGICAL DATA (WS FORM: F-6) , PAGE 2
STATION: BARTLESVILLE OKLAHOMA
MONTH: AUGUST
YEAR: 2022
LATITUDE: 36 45 N
LONGITUDE: 96 0 W
[TEMPERATURE DATA] [PRECIPITATION DATA] SYMBOLS USED IN COLUMN 16
AVERAGE MONTHLY: 80.9 TOTAL FOR MONTH: 1.07 1 = FOG OR MIST
DPTR FM NORMAL: 1.6 DPTR FM NORMAL: -2.32 2 = FOG REDUCING VISIBILITY
HIGHEST: 104 ON 16 GRTST 24HR 0.52 ON 29-29 TO 1/4 MILE OR LESS
LOWEST: 58 ON 12 3 = THUNDER
SNOW, ICE PELLETS, HAIL 4 = ICE PELLETS
TOTAL MONTH: 0.0 INCH 5 = HAIL
GRTST 24HR 0.0 6 = FREEZING RAIN OR DRIZZLE
GRTST DEPTH: M ON M 7 = DUSTSTORM OR SANDSTORM:
VSBY 1/2 MILE OR LESS
8 = SMOKE OR HAZE
[NO. OF DAYS WITH] [WEATHER - DAYS WITH] 9 = BLOWING SNOW
X = TORNADO
MAX 32 OR BELOW: 0 0.01 INCH OR MORE: 6
MAX 90 OR ABOVE: 27 0.10 INCH OR MORE: 3
MIN 32 OR BELOW: 0 0.50 INCH OR MORE: 1
MIN 0 OR BELOW: 0 1.00 INCH OR MORE: 0
[HDD (BASE 65) ]
TOTAL THIS MO. 0 CLEAR (SCALE 0-3) 28
DPTR FM NORMAL 0 PTCLDY (SCALE 4-7) 2
TOTAL FM JUL 1 0 CLOUDY (SCALE 8-10) 1
DPTR FM NORMAL 0
[CDD (BASE 65) ]
TOTAL THIS MO. 501
DPTR FM NORMAL 58 [PRESSURE DATA]
TOTAL FM JAN 1 1745 HIGHEST SLP 30.13 ON 12
DPTR FM NORMAL 312 LOWEST SLP 29.66 ON 28
[REMARKS]
#FINAL-08-22#