000
CXUS56 KTFX 281110
CF6BZN
PRELIMINARY LOCAL CLIMATOLOGICAL DATA (WS FORM: F-6)
STATION: BOZEMAN/GALLATIN FIELD MT
MONTH: MARCH
YEAR: 2024
LATITUDE: 45 46 N
LONGITUDE: 111 9 W
TEMPERATURE IN F: :PCPN: SNOW: WIND :SUNSHINE: SKY :PK WND
================================================================================
1 2 3 4 5 6A 6B 7 8 9 10 11 12 13 14 15 16 17 18
12Z AVG MX 2MIN
DY MAX MIN AVG DEP HDD CDD WTR SNW DPTH SPD SPD DIR MIN PSBL S-S WX SPD DR
================================================================================
1 45 28 37 9 28 0 0.35 4.0 3 4.9 28 320 M M 6 1 36 300
2 39 22 31 3 34 0 0.03 1.5 4 6.6 32 290 M M 5 129 42 280
3 32 4 18 -11 47 0 0.07 1.5 7 5.1 20 290 M M 4 12 25 290
4 34 5 20 -9 45 0 0.00 0.0 4 6.4 17 230 M M 5 23 230
5 31 11 21 -9 44 0 T T 4 6.5 14 180 M M 8 18 18 230
6 35 14 25 -5 40 0 0.00 0.0 3 3.9 10 200 M M 5 12 13 180
7 31 9 20 -11 45 0 0.00 0.0 1 4.9 10 150 M M 3 11 140
8 41 5 23 -8 42 0 0.00 0.0 1 4.1 12 150 M M 0 12 150
9 44 10 27 -5 38 0 0.00 0.0 1 3.6 17 200 M M 0 22 200
10 51 20 36 4 29 0 0.00 0.0 T 5.8 18 240 M M 0 26 240
11 52 30 41 9 24 0 0.00 0.0 0 6.8 18 230 M M 4 24 230
12 52 33 43 10 22 0 0.03 T 0 5.7 28 320 M M 8 1 36 310
13 40 28 34 1 31 0 T T 0 5.0 15 350 M M 10 12 20 330
14 46 22 34 0 31 0 0.00 0.0 0 3.2 16 100 M M 3 20 100
15 51 20 36 2 29 0 0.00 0.0 0 4.7 10 140 M M 0 13 340
16 61 26 44 10 21 0 0.00 0.0 0 3.8 12 330 M M 4 18 320
17 59 26 43 8 22 0 0.00 0.0 0 5.1 13 140 M M 0 15 160
18 66 24 45 10 20 0 0.00 0.0 0 4.8 13 170 M M 0 15 330
19 65 25 45 10 20 0 0.00 0.0 0 4.8 17 150 M M 1 21 160
20 68 27 48 12 17 0 0.00 0.0 0 6.0 21 280 M M 3 30 290
21 53 30 42 6 23 0 0.14 0.5 0 6.6 22 320 M M 8 12 29 310
22 54 29 42 6 23 0 0.00 0.0 0 5.1 17 150 M M 8 22 160
23 46 25 36 -1 29 0 0.17 0.5 0 5.5 21 270 M M 7 12 26 280
24 30 21 26 -11 39 0 0.04 0.2 1 6.6 13 150 M M 10 1 15 250
25 40 22 31 -6 34 0 0.01 0.3 1 3.7 10 150 M M 8 1 14 150
26 44 27 36 -2 29 0 0.03 T 0 5.0 22 310 M M 8 18 30 310
27 53 30 42 4 23 0 0.01 T 0 10.3 25 230 M M 7 37 240
================================================================================
SM 1263 573 829 0 0.88 8.5 144.5 M 125
================================================================================
AV 46.8 21.2 5.4 FASTST M M 5 MAX(MPH)
MISC ----> 32 290 42 280
================================================================================
NOTES:
# LAST OF SEVERAL OCCURRENCES
COLUMN 17 PEAK WIND IN M.P.H.
PRELIMINARY LOCAL CLIMATOLOGICAL DATA (WS FORM: F-6) , PAGE 2
STATION: BOZEMAN/GALLATIN FIELD MT
MONTH: MARCH
YEAR: 2024
LATITUDE: 45 46 N
LONGITUDE: 111 9 W
[TEMPERATURE DATA] [PRECIPITATION DATA] SYMBOLS USED IN COLUMN 16
AVERAGE MONTHLY: 34.0 TOTAL FOR MONTH: 0.88 1 = FOG OR MIST
DPTR FM NORMAL: 0.7 DPTR FM NORMAL: 0.13 2 = FOG REDUCING VISIBILITY
HIGHEST: 68 ON 20 GRTST 24HR 0.35 ON 1- 1 TO 1/4 MILE OR LESS
LOWEST: 4 ON 3 3 = THUNDER
SNOW, ICE PELLETS, HAIL 4 = ICE PELLETS
TOTAL MONTH: 8.5 INCHES 5 = HAIL
GRTST 24HR 4.0 ON 1- 1 6 = FREEZING RAIN OR DRIZZLE
GRTST DEPTH: 7 ON 3 7 = DUSTSTORM OR SANDSTORM:
VSBY 1/2 MILE OR LESS
8 = SMOKE OR HAZE
[NO. OF DAYS WITH] [WEATHER - DAYS WITH] 9 = BLOWING SNOW
X = TORNADO
MAX 32 OR BELOW: 4 0.01 INCH OR MORE: 10
MAX 90 OR ABOVE: 0 0.10 INCH OR MORE: 3
MIN 32 OR BELOW: 26 0.50 INCH OR MORE: 0
MIN 0 OR BELOW: 0 1.00 INCH OR MORE: 0
[HDD (BASE 65) ]
TOTAL THIS MO. 829 CLEAR (SCALE 0-3) 10
DPTR FM NORMAL -27 PTCLDY (SCALE 4-7) 13
TOTAL FM JUL 1 6354 CLOUDY (SCALE 8-10) 4
DPTR FM NORMAL -479
[CDD (BASE 65) ]
TOTAL THIS MO. 0
DPTR FM NORMAL 0 [PRESSURE DATA]
TOTAL FM JAN 1 0 HIGHEST SLP M ON M
DPTR FM NORMAL 0 LOWEST SLP 29.34 ON 2
[REMARKS]